66.249.76.74 - - [03/Jun/2025:00:46:27 +0300] "GET /?_ga=2.199077398.1952530731.1720857825-949517515.1699680276&_bdsid=ilvlcu.n~LHICW.1729793929418.1735857950&_bd_prev_page=https://bloomingcostamices.com/spark.jsp?199029382 HTTP/1.1" 200 327745 "-" "Mozilla/5.0 (Linux; Android 6.0.1; Nexus 5X Build/MMB29P) AppleWebKit/537.36 (KHTML, like Gecko) Chrome/136.0.7103.113 Mobile Safari/537.36 (compatible; Googlebot/2.1; +http://www.google.com/bot.html)"
204.12.252.98 - - [03/Jun/2025:00:47:10 +0300] "GET /wp-includes/admin.php HTTP/1.1" 200 - "https://bloomingcostamices.com/wp-includes/admin.php" "Mozilla/5.0 (Windows NT 10.0; Win64; x64) AppleWebKit/537.36 (KHTML, like Gecko) Chrome/58.0.3029.110 Safari/537.3"
66.249.79.233 - - [03/Jun/2025:00:48:17 +0300] "GET /?_ga=2.199077398.1952530731.1720857825-949517515.1699680276&_bdsid=ilvlcu.n~LHICW.1729793929418.1735857950&_bd_prev_page=https://bloomingcostamices.com/spark.jsp?072025868 HTTP/1.1" 200 305991 "-" "Mozilla/5.0 (Linux; Android 6.0.1; Nexus 5X Build/MMB29P) AppleWebKit/537.36 (KHTML, like Gecko) Chrome/136.0.7103.113 Mobile Safari/537.36 (compatible; Googlebot/2.1; +http://www.google.com/bot.html)"
69.197.135.226 - - [03/Jun/2025:00:52:09 +0300] "GET /wp-includes/admin.php HTTP/1.1" 200 - "https://bloomingcostamices.com/wp-includes/admin.php" "Mozilla/5.0 (Windows NT 10.0; Win64; x64) AppleWebKit/537.36 (KHTML, like Gecko) Chrome/58.0.3029.110 Safari/537.3"
204.12.252.98 - - [03/Jun/2025:00:56:08 +0300] "GET /wp-includes/admin.php HTTP/1.1" 200 - "https://bloomingcostamices.com/wp-includes/admin.php" "Mozilla/5.0 (Windows NT 10.0; Win64; x64) AppleWebKit/537.36 (KHTML, like Gecko) Chrome/58.0.3029.110 Safari/537.3"
69.197.135.226 - - [03/Jun/2025:01:01:01 +0300] "GET /wp-includes/admin.php HTTP/1.1" 200 - "https://bloomingcostamices.com/wp-includes/admin.php" "Mozilla/5.0 (Windows NT 10.0; Win64; x64) AppleWebKit/537.36 (KHTML, like Gecko) Chrome/58.0.3029.110 Safari/537.3"
204.12.252.98 - - [03/Jun/2025:01:07:21 +0300] "GET /wp-includes/admin.php HTTP/1.1" 200 - "https://bloomingcostamices.com/wp-includes/admin.php" "Mozilla/5.0 (Windows NT 10.0; Win64; x64) AppleWebKit/537.36 (KHTML, like Gecko) Chrome/58.0.3029.110 Safari/537.3"
208.110.64.178 - - [03/Jun/2025:01:19:19 +0300] "GET /wp-includes/admin.php HTTP/1.1" 200 - "https://bloomingcostamices.com/wp-includes/admin.php" "Mozilla/5.0 (Windows NT 10.0; Win64; x64) AppleWebKit/537.36 (KHTML, like Gecko) Chrome/58.0.3029.110 Safari/537.3"
204.12.252.98 - - [03/Jun/2025:01:21:20 +0300] "GET /wp-includes/admin.php HTTP/1.1" 200 - "https://bloomingcostamices.com/wp-includes/admin.php" "Mozilla/5.0 (Windows NT 10.0; Win64; x64) AppleWebKit/537.36 (KHTML, like Gecko) Chrome/58.0.3029.110 Safari/537.3"
69.197.135.226 - - [03/Jun/2025:01:26:00 +0300] "GET /wp-includes/admin.php HTTP/1.1" 200 - "https://bloomingcostamices.com/wp-includes/admin.php" "Mozilla/5.0 (Windows NT 10.0; Win64; x64) AppleWebKit/537.36 (KHTML, like Gecko) Chrome/58.0.3029.110 Safari/537.3"
66.249.79.232 - - [03/Jun/2025:01:30:53 +0300] "GET /?_ga=2.199077398.1952530731.1720857825-949517515.1699680276&_bdsid=ilvlcu.n~LHICW.1729793929418.1735857950&_bd_prev_page=https://bloomingcostamices.com/spark.jsp?199046614 HTTP/1.1" 200 332304 "-" "Mozilla/5.0 (Linux; Android 6.0.1; Nexus 5X Build/MMB29P) AppleWebKit/537.36 (KHTML, like Gecko) Chrome/136.0.7103.113 Mobile Safari/537.36 (compatible; Googlebot/2.1; +http://www.google.com/bot.html)"
66.249.79.232 - - [03/Jun/2025:01:36:59 +0300] "GET /?_ga=2.199077398.1952530731.1720857825-949517515.1699680276&_bdsid=ilvlcu.n~LHICW.1729793929418.1735857950&_bd_prev_page=https://bloomingcostamices.com/spark.jsp?199034562 HTTP/1.1" 200 340940 "-" "Mozilla/5.0 (Linux; Android 6.0.1; Nexus 5X Build/MMB29P) AppleWebKit/537.36 (KHTML, like Gecko) Chrome/136.0.7103.113 Mobile Safari/537.36 (compatible; Googlebot/2.1; +http://www.google.com/bot.html)"
204.12.252.98 - - [03/Jun/2025:01:38:30 +0300] "GET /wp-includes/admin.php HTTP/1.1" 200 - "https://bloomingcostamices.com/wp-includes/admin.php" "Mozilla/5.0 (Windows NT 10.0; Win64; x64) AppleWebKit/537.36 (KHTML, like Gecko) Chrome/58.0.3029.110 Safari/537.3"
66.249.76.72 - - [03/Jun/2025:01:41:09 +0300] "GET /?_ga=2.199077398.1952530731.1720857825-949517515.1699680276&_bdsid=ilvlcu.n~LHICW.1729793929418.1735857950&_bd_prev_page=https://bloomingcostamices.com/spark.jsp?115039055 HTTP/1.1" 200 336260 "-" "Mozilla/5.0 (Linux; Android 6.0.1; Nexus 5X Build/MMB29P) AppleWebKit/537.36 (KHTML, like Gecko) Chrome/136.0.7103.113 Mobile Safari/537.36 (compatible; Googlebot/2.1; +http://www.google.com/bot.html)"
208.110.64.178 - - [03/Jun/2025:01:44:50 +0300] "GET /wp-includes/admin.php HTTP/1.1" 200 - "https://bloomingcostamices.com/wp-includes/admin.php" "Mozilla/5.0 (Windows NT 10.0; Win64; x64) AppleWebKit/537.36 (KHTML, like Gecko) Chrome/58.0.3029.110 Safari/537.3"
66.249.79.234 - - [03/Jun/2025:01:50:46 +0300] "GET /?_ga=2.199077398.1952530731.1720857825-949517515.1699680276&_bdsid=ilvlcu.n~LHICW.1729793929418.1735857950&_bd_prev_page=https://bloomingcostamices.com/spark.jsp?049035594 HTTP/1.1" 200 331565 "-" "Mozilla/5.0 (Linux; Android 6.0.1; Nexus 5X Build/MMB29P) AppleWebKit/537.36 (KHTML, like Gecko) Chrome/136.0.7103.113 Mobile Safari/537.36 (compatible; Googlebot/2.1; +http://www.google.com/bot.html)"
66.249.79.234 - - [03/Jun/2025:01:53:40 +0300] "GET /?_ga=2.199077398.1952530731.1720857825-949517515.1699680276&_bdsid=ilvlcu.n~LHICW.1729793929418.1735857950&_bd_prev_page=https://bloomingcostamices.com/spark.jsp?199015325 HTTP/1.1" 200 332673 "-" "Mozilla/5.0 (Linux; Android 6.0.1; Nexus 5X Build/MMB29P) AppleWebKit/537.36 (KHTML, like Gecko) Chrome/136.0.7103.113 Mobile Safari/537.36 (compatible; Googlebot/2.1; +http://www.google.com/bot.html)"
66.249.76.74 - - [03/Jun/2025:01:54:09 +0300] "GET /?_ga=2.199077398.1952530731.1720857825-949517515.1699680276&_bdsid=ilvlcu.n~LHICW.1729793929418.1735857950&_bd_prev_page=https://bloomingcostamices.com/spark.jsp?199020566 HTTP/1.1" 200 313532 "-" "Mozilla/5.0 (Linux; Android 6.0.1; Nexus 5X Build/MMB29P) AppleWebKit/537.36 (KHTML, like Gecko) Chrome/136.0.7103.113 Mobile Safari/537.36 (compatible; Googlebot/2.1; +http://www.google.com/bot.html)"
66.249.79.234 - - [03/Jun/2025:02:02:57 +0300] "GET /?_ga=2.199077398.1952530731.1720857825-949517515.1699680276&_bdsid=ilvlcu.n~LHICW.1729793929418.1735857950&_bd_prev_page=https://bloomingcostamices.com/spark.jsp?131023944 HTTP/1.1" 200 334038 "-" "Mozilla/5.0 (compatible; Googlebot/2.1; +http://www.google.com/bot.html)"
208.110.64.178 - - [03/Jun/2025:02:12:17 +0300] "GET /wp-includes/admin.php HTTP/1.1" 200 - "https://bloomingcostamices.com/wp-includes/admin.php" "Mozilla/5.0 (Windows NT 10.0; Win64; x64) AppleWebKit/537.36 (KHTML, like Gecko) Chrome/58.0.3029.110 Safari/537.3"
66.249.76.72 - - [03/Jun/2025:02:17:37 +0300] "GET /?_ga=2.199077398.1952530731.1720857825-949517515.1699680276&_bdsid=ilvlcu.n~LHICW.1729793929418.1735857950&_bd_prev_page=https://bloomingcostamices.com/spark.jsp?199031701 HTTP/1.1" 200 332077 "-" "Mozilla/5.0 (Linux; Android 6.0.1; Nexus 5X Build/MMB29P) AppleWebKit/537.36 (KHTML, like Gecko) Chrome/136.0.7103.113 Mobile Safari/537.36 (compatible; Googlebot/2.1; +http://www.google.com/bot.html)"
196.251.85.239 - - [03/Jun/2025:02:18:47 +0300] "GET / HTTP/1.1" 200 - "-" "Mozilla/5.0 (Windows NT 6.1; WOW64; rv:32.0) Gecko/20100101 Firefox/32.0"
66.249.79.233 - - [03/Jun/2025:02:20:05 +0300] "GET /?_ga=2.199077398.1952530731.1720857825-949517515.1699680276&_bdsid=ilvlcu.n~LHICW.1729793929418.1735857950&_bd_prev_page=https://bloomingcostamices.com/spark.jsp?264043275 HTTP/1.1" 200 318535 "-" "Mozilla/5.0 (Linux; Android 6.0.1; Nexus 5X Build/MMB29P) AppleWebKit/537.36 (KHTML, like Gecko) Chrome/136.0.7103.113 Mobile Safari/537.36 (compatible; Googlebot/2.1; +http://www.google.com/bot.html)"
66.249.79.233 - - [03/Jun/2025:02:20:23 +0300] "GET /?_ga=2.199077398.1952530731.1720857825-949517515.1699680276&_bdsid=ilvlcu.n~LHICW.1729793929418.1735857950&_bd_prev_page=https://bloomingcostamices.com/spark.jsp?229003289 HTTP/1.1" 200 329339 "-" "Mozilla/5.0 (Linux; Android 6.0.1; Nexus 5X Build/MMB29P) AppleWebKit/537.36 (KHTML, like Gecko) Chrome/136.0.7103.113 Mobile Safari/537.36 (compatible; Googlebot/2.1; +http://www.google.com/bot.html)"
66.249.76.72 - - [03/Jun/2025:02:20:54 +0300] "GET /087021690 HTTP/1.1" 200 325309 "-" "Mozilla/5.0 (compatible; Googlebot/2.1; +http://www.google.com/bot.html)"
69.197.135.226 - - [03/Jun/2025:02:21:33 +0300] "GET /wp-includes/admin.php HTTP/1.1" 200 - "https://bloomingcostamices.com/wp-includes/admin.php" "Mozilla/5.0 (Windows NT 10.0; Win64; x64) AppleWebKit/537.36 (KHTML, like Gecko) Chrome/58.0.3029.110 Safari/537.3"
66.249.79.232 - - [03/Jun/2025:02:22:54 +0300] "GET /?_ga=2.199077398.1952530731.1720857825-949517515.1699680276&_bdsid=ilvlcu.n~LHICW.1729793929418.1735857950&_bd_prev_page=https://bloomingcostamices.com/spark.jsp?007026689 HTTP/1.1" 200 330618 "-" "Mozilla/5.0 (Linux; Android 6.0.1; Nexus 5X Build/MMB29P) AppleWebKit/537.36 (KHTML, like Gecko) Chrome/136.0.7103.113 Mobile Safari/537.36 (compatible; Googlebot/2.1; +http://www.google.com/bot.html)"
66.249.79.234 - - [03/Jun/2025:02:24:23 +0300] "GET /?_ga=2.199077398.1952530731.1720857825-949517515.1699680276&_bdsid=ilvlcu.n~LHICW.1729793929418.1735857950&_bd_prev_page=https://bloomingcostamices.com/spark.jsp?199044752 HTTP/1.1" 200 327312 "-" "Mozilla/5.0 (Linux; Android 6.0.1; Nexus 5X Build/MMB29P) AppleWebKit/537.36 (KHTML, like Gecko) Chrome/136.0.7103.113 Mobile Safari/537.36 (compatible; Googlebot/2.1; +http://www.google.com/bot.html)"
66.249.79.234 - - [03/Jun/2025:02:25:54 +0300] "GET /?_ga=2.199077398.1952530731.1720857825-949517515.1699680276&_bdsid=ilvlcu.n~LHICW.1729793929418.1735857950&_bd_prev_page=https://bloomingcostamices.com/spark.jsp?165020069 HTTP/1.1" 200 333405 "-" "Mozilla/5.0 (Linux; Android 6.0.1; Nexus 5X Build/MMB29P) AppleWebKit/537.36 (KHTML, like Gecko) Chrome/136.0.7103.113 Mobile Safari/537.36 (compatible; Googlebot/2.1; +http://www.google.com/bot.html)"
69.197.135.226 - - [03/Jun/2025:02:26:52 +0300] "GET /wp-includes/admin.php HTTP/1.1" 200 - "https://bloomingcostamices.com/wp-includes/admin.php" "Mozilla/5.0 (Windows NT 10.0; Win64; x64) AppleWebKit/537.36 (KHTML, like Gecko) Chrome/58.0.3029.110 Safari/537.3"
66.249.79.233 - - [03/Jun/2025:02:28:27 +0300] "GET /?_ga=2.199077398.1952530731.1720857825-949517515.1699680276&_bdsid=ilvlcu.n~LHICW.1729793929418.1735857950&_bd_prev_page=https://bloomingcostamices.com/spark.jsp?051023651 HTTP/1.1" 200 332311 "-" "Mozilla/5.0 (Linux; Android 6.0.1; Nexus 5X Build/MMB29P) AppleWebKit/537.36 (KHTML, like Gecko) Chrome/136.0.7103.113 Mobile Safari/537.36 (compatible; Googlebot/2.1; +http://www.google.com/bot.html)"
208.110.64.178 - - [03/Jun/2025:02:31:22 +0300] "GET /wp-includes/admin.php HTTP/1.1" 200 - "https://bloomingcostamices.com/wp-includes/admin.php" "Mozilla/5.0 (Windows NT 10.0; Win64; x64) AppleWebKit/537.36 (KHTML, like Gecko) Chrome/58.0.3029.110 Safari/537.3"
66.249.79.232 - - [03/Jun/2025:02:32:23 +0300] "GET /?_ga=2.199077398.1952530731.1720857825-949517515.1699680276&_bdsid=ilvlcu.n~LHICW.1729793929418.1735857950&_bd_prev_page=https://bloomingcostamices.com/spark.jsp?199034562 HTTP/1.1" 200 340277 "-" "Mozilla/5.0 (Linux; Android 6.0.1; Nexus 5X Build/MMB29P) AppleWebKit/537.36 (KHTML, like Gecko) Chrome/136.0.7103.113 Mobile Safari/537.36 (compatible; Googlebot/2.1; +http://www.google.com/bot.html)"
66.249.79.233 - - [03/Jun/2025:02:41:03 +0300] "GET /?_ga=2.199077398.1952530731.1720857825-949517515.1699680276&_bdsid=ilvlcu.n~LHICW.1729793929418.1735857950&_bd_prev_page=https://bloomingcostamices.com/spark.jsp?160037802 HTTP/1.1" 200 328511 "-" "Mozilla/5.0 (compatible; Googlebot/2.1; +http://www.google.com/bot.html)"
66.249.79.232 - - [03/Jun/2025:02:44:44 +0300] "GET /?_ga=2.199077398.1952530731.1720857825-949517515.1699680276&_bdsid=ilvlcu.n~LHICW.1729793929418.1735857950&_bd_prev_page=https://bloomingcostamices.com/spark.jsp?199025466 HTTP/1.1" 200 311264 "-" "Mozilla/5.0 (Linux; Android 6.0.1; Nexus 5X Build/MMB29P) AppleWebKit/537.36 (KHTML, like Gecko) Chrome/136.0.7103.113 Mobile Safari/537.36 (compatible; Googlebot/2.1; +http://www.google.com/bot.html)"
66.249.76.74 - - [03/Jun/2025:02:46:00 +0300] "GET /?_ga=2.199077398.1952530731.1720857825-949517515.1699680276&_bdsid=ilvlcu.n~LHICW.1729793929418.1735857950&_bd_prev_page=https://bloomingcostamices.com/spark.jsp?199028775 HTTP/1.1" 200 334598 "-" "Mozilla/5.0 (Linux; Android 6.0.1; Nexus 5X Build/MMB29P) AppleWebKit/537.36 (KHTML, like Gecko) Chrome/136.0.7103.113 Mobile Safari/537.36 (compatible; Googlebot/2.1; +http://www.google.com/bot.html)"
66.249.76.73 - - [03/Jun/2025:02:48:28 +0300] "GET /?_ga=2.199077398.1952530731.1720857825-949517515.1699680276&_bdsid=ilvlcu.n~LHICW.1729793929418.1735857950&_bd_prev_page=https://bloomingcostamices.com/spark.jsp?199009261 HTTP/1.1" 200 321815 "-" "Mozilla/5.0 (Linux; Android 6.0.1; Nexus 5X Build/MMB29P) AppleWebKit/537.36 (KHTML, like Gecko) Chrome/136.0.7103.113 Mobile Safari/537.36 (compatible; Googlebot/2.1; +http://www.google.com/bot.html)"
185.177.72.104 - - [03/Jun/2025:02:51:39 +0300] "GET /autodiscover/autodiscover.xml HTTP/1.1" 400 52 "-" "Mozilla/5.0 (Windows NT 10.0; Win64; x64) AppleWebKit/537.36 (KHTML, like Gecko) Chrome/91.0.4472.124 Safari/537.36"
208.110.64.178 - - [03/Jun/2025:02:58:51 +0300] "GET /wp-includes/admin.php HTTP/1.1" 200 - "https://bloomingcostamices.com/wp-includes/admin.php" "Mozilla/5.0 (Windows NT 10.0; Win64; x64) AppleWebKit/537.36 (KHTML, like Gecko) Chrome/58.0.3029.110 Safari/537.3"
66.249.79.232 - - [03/Jun/2025:02:59:20 +0300] "GET /?_ga=2.199077398.1952530731.1720857825-949517515.1699680276&_bdsid=ilvlcu.n~LHICW.1729793929418.1735857950&_bd_prev_page=https://bloomingcostamices.com/spark.jsp?160037802 HTTP/1.1" 200 327086 "-" "Mozilla/5.0 (compatible; Googlebot/2.1; +http://www.google.com/bot.html)"
93.123.109.105 - - [03/Jun/2025:03:03:46 +0300] "GET /.git/config HTTP/1.1" 200 - "-" "Mozilla/5.0 (Ubuntu; Linux i686) AppleWebKit/537.36 (KHTML, like Gecko) Chrome/118.0.0.0 Safari/537.36"
66.249.79.232 - - [03/Jun/2025:03:04:50 +0300] "GET /?_ga=2.199077398.1952530731.1720857825-949517515.1699680276&_bdsid=ilvlcu.n~LHICW.1729793929418.1735857950&_bd_prev_page=https://bloomingcostamices.com/spark.jsp?134012638 HTTP/1.1" 200 337729 "-" "Mozilla/5.0 (Linux; Android 6.0.1; Nexus 5X Build/MMB29P) AppleWebKit/537.36 (KHTML, like Gecko) Chrome/136.0.7103.113 Mobile Safari/537.36 (compatible; Googlebot/2.1; +http://www.google.com/bot.html)"
66.249.79.234 - - [03/Jun/2025:03:05:06 +0300] "GET /?_ga=2.199077398.1952530731.1720857825-949517515.1699680276&_bdsid=ilvlcu.n~LHICW.1729793929418.1735857950&_bd_prev_page=https://bloomingcostamices.com/spark.jsp?199014217 HTTP/1.1" 200 329598 "-" "Mozilla/5.0 (Linux; Android 6.0.1; Nexus 5X Build/MMB29P) AppleWebKit/537.36 (KHTML, like Gecko) Chrome/136.0.7103.113 Mobile Safari/537.36 (compatible; Googlebot/2.1; +http://www.google.com/bot.html)"
91.231.89.22 - - [03/Jun/2025:03:08:37 +0300] "GET / HTTP/1.1" 200 37779 "-" "Mozilla/5.0 (X11; Ubuntu; Linux x86_64; rv:134.0) Gecko/20100101 Firefox/134.0"
93.123.109.105 - - [03/Jun/2025:03:10:54 +0300] "GET /.git/config HTTP/1.1" 200 12430 "-" "Mozilla/5.0 (Macintosh; Intel Mac OS X 11) AppleWebKit/616.16 (KHTML, like Gecko) Version/17.0.90 Safari/616.16"
66.249.76.72 - - [03/Jun/2025:03:18:24 +0300] "GET /?_ga=2.199077398.1952530731.1720857825-949517515.1699680276&_bdsid=ilvlcu.n~LHICW.1729793929418.1735857950&_bd_prev_page=https://bloomingcostamices.com/spark.jsp?199014411 HTTP/1.1" 200 331435 "-" "Mozilla/5.0 (Linux; Android 6.0.1; Nexus 5X Build/MMB29P) AppleWebKit/537.36 (KHTML, like Gecko) Chrome/136.0.7103.113 Mobile Safari/537.36 (compatible; Googlebot/2.1; +http://www.google.com/bot.html)"
91.231.89.18 - - [03/Jun/2025:03:24:15 +0300] "GET / HTTP/1.1" 401 36 "-" "Mozilla/5.0 (X11; Ubuntu; Linux x86_64; rv:134.0) Gecko/20100101 Firefox/134.0"
66.249.79.234 - - [03/Jun/2025:03:27:13 +0300] "GET /?_ga=2.199077398.1952530731.1720857825-949517515.1699680276&_bdsid=ilvlcu.n~LHICW.1729793929418.1735857950&_bd_prev_page=https://bloomingcostamices.com/spark.jsp?296027893 HTTP/1.1" 200 336985 "-" "Mozilla/5.0 (compatible; Googlebot/2.1; +http://www.google.com/bot.html)"
208.110.64.178 - - [03/Jun/2025:03:27:46 +0300] "GET /wp-includes/admin.php HTTP/1.1" 200 - "https://bloomingcostamices.com/wp-includes/admin.php" "Mozilla/5.0 (Windows NT 10.0; Win64; x64) AppleWebKit/537.36 (KHTML, like Gecko) Chrome/58.0.3029.110 Safari/537.3"
91.231.89.23 - - [03/Jun/2025:03:31:25 +0300] "GET /autodiscover/autodiscover.xml HTTP/1.1" 400 52 "-" "Mozilla/5.0 (X11; Ubuntu; Linux x86_64; rv:134.0) Gecko/20100101 Firefox/134.0"
91.231.89.18 - - [03/Jun/2025:03:34:22 +0300] "GET /autodiscover/ HTTP/1.1" 400 52 "-" "Mozilla/5.0 (X11; Ubuntu; Linux x86_64; rv:134.0) Gecko/20100101 Firefox/134.0"
204.12.252.98 - - [03/Jun/2025:03:35:32 +0300] "GET /wp-includes/admin.php HTTP/1.1" 200 - "https://bloomingcostamices.com/wp-includes/admin.php" "Mozilla/5.0 (Windows NT 10.0; Win64; x64) AppleWebKit/537.36 (KHTML, like Gecko) Chrome/58.0.3029.110 Safari/537.3"
91.231.89.96 - - [03/Jun/2025:03:36:56 +0300] "GET / HTTP/1.1" 200 37767 "-" "Mozilla/5.0 (X11; Ubuntu; Linux x86_64; rv:134.0) Gecko/20100101 Firefox/134.0"
185.177.72.179 - - [03/Jun/2025:03:37:33 +0300] "GET /autodiscover/autodiscover.xml HTTP/1.1" 400 52 "-" "Mozilla/5.0 (Windows NT 10.0; Win64; x64) AppleWebKit/537.36 (KHTML, like Gecko) Chrome/91.0.4472.124 Safari/537.36"
91.231.89.19 - - [03/Jun/2025:03:37:44 +0300] "GET / HTTP/1.1" 401 36 "-" "Mozilla/5.0 (X11; Ubuntu; Linux x86_64; rv:134.0) Gecko/20100101 Firefox/134.0"
91.231.89.23 - - [03/Jun/2025:03:37:44 +0300] "GET / HTTP/1.1" 401 36 "-" "Mozilla/5.0 (X11; Ubuntu; Linux x86_64; rv:134.0) Gecko/20100101 Firefox/134.0"
204.12.252.98 - - [03/Jun/2025:03:42:39 +0300] "GET /wp-includes/admin.php HTTP/1.1" 200 - "https://bloomingcostamices.com/wp-includes/admin.php" "Mozilla/5.0 (Windows NT 10.0; Win64; x64) AppleWebKit/537.36 (KHTML, like Gecko) Chrome/58.0.3029.110 Safari/537.3"
204.12.252.98 - - [03/Jun/2025:03:49:13 +0300] "GET /wp-includes/admin.php HTTP/1.1" 200 - "https://bloomingcostamices.com/wp-includes/admin.php" "Mozilla/5.0 (Windows NT 10.0; Win64; x64) AppleWebKit/537.36 (KHTML, like Gecko) Chrome/58.0.3029.110 Safari/537.3"
208.110.64.178 - - [03/Jun/2025:03:51:20 +0300] "GET /wp-includes/admin.php HTTP/1.1" 200 - "https://bloomingcostamices.com/wp-includes/admin.php" "Mozilla/5.0 (Windows NT 10.0; Win64; x64) AppleWebKit/537.36 (KHTML, like Gecko) Chrome/58.0.3029.110 Safari/537.3"
212.34.154.131 - - [03/Jun/2025:03:52:13 +0300] "GET / HTTP/1.1" 200 - "-" "Mozilla/5.0 (Macintosh; Intel Mac OS X 10_15_7) AppleWebKit/537.36 (KHTML, like Gecko) Chrome/133.0.0.0 Safari/537.36"
185.177.72.179 - - [03/Jun/2025:03:55:49 +0300] "GET /.git/config HTTP/1.1" 200 12435 "-" "Mozilla/5.0 (Windows NT 10.0; Win64; x64) AppleWebKit/537.36 (KHTML, like Gecko) Chrome/91.0.4472.124 Safari/537.36"
185.177.72.179 - - [03/Jun/2025:03:59:29 +0300] "GET /.git/config HTTP/1.1" 401 53 "-" "Mozilla/5.0 (Windows NT 10.0; Win64; x64) AppleWebKit/537.36 (KHTML, like Gecko) Chrome/91.0.4472.124 Safari/537.36"
185.177.72.179 - - [03/Jun/2025:04:02:16 +0300] "GET /.git/config HTTP/1.1" 401 53 "-" "Mozilla/5.0 (Windows NT 10.0; Win64; x64) AppleWebKit/537.36 (KHTML, like Gecko) Chrome/91.0.4472.124 Safari/537.36"
208.110.64.178 - - [03/Jun/2025:04:04:07 +0300] "GET /wp-includes/admin.php HTTP/1.1" 200 - "https://bloomingcostamices.com/wp-includes/admin.php" "Mozilla/5.0 (Windows NT 10.0; Win64; x64) AppleWebKit/537.36 (KHTML, like Gecko) Chrome/58.0.3029.110 Safari/537.3"
69.197.135.226 - - [03/Jun/2025:04:08:56 +0300] "GET /wp-includes/admin.php HTTP/1.1" 200 - "https://bloomingcostamices.com/wp-includes/admin.php" "Mozilla/5.0 (Windows NT 10.0; Win64; x64) AppleWebKit/537.36 (KHTML, like Gecko) Chrome/58.0.3029.110 Safari/537.3"
172.203.190.132 - - [03/Jun/2025:04:18:57 +0300] "GET /robots.txt HTTP/1.1" 200 - "-" "Mozilla/5.0 (Macintosh; Intel Mac OS X 10_15_7) AppleWebKit/537.36 (KHTML, like Gecko) Chrome/131.0.0.0 Safari/537.36; compatible; OAI-SearchBot/1.0; +https://openai.com/searchbot"
66.249.79.233 - - [03/Jun/2025:04:21:31 +0300] "GET /?_ga=2.199077398.1952530731.1720857825-949517515.1699680276&_bdsid=ilvlcu.n~LHICW.1729793929418.1735857950&_bd_prev_page=https://bloomingcostamices.com/spark.jsp?293014453 HTTP/1.1" 200 331940 "-" "Mozilla/5.0 (Linux; Android 6.0.1; Nexus 5X Build/MMB29P) AppleWebKit/537.36 (KHTML, like Gecko) Chrome/136.0.7103.113 Mobile Safari/537.36 (compatible; Googlebot/2.1; +http://www.google.com/bot.html)"
66.249.79.232 - - [03/Jun/2025:04:21:47 +0300] "GET /?_ga=2.199077398.1952530731.1720857825-949517515.1699680276&_bdsid=ilvlcu.n~LHICW.1729793929418.1735857950&_bd_prev_page=https://bloomingcostamices.com/spark.jsp?237047795 HTTP/1.1" 200 328082 "-" "Mozilla/5.0 (Linux; Android 6.0.1; Nexus 5X Build/MMB29P) AppleWebKit/537.36 (KHTML, like Gecko) Chrome/136.0.7103.113 Mobile Safari/537.36 (compatible; Googlebot/2.1; +http://www.google.com/bot.html)"
66.249.76.66 - - [03/Jun/2025:04:22:28 +0300] "GET /?_ga=2.199077398.1952530731.1720857825-949517515.1699680276&_bdsid=ilvlcu.n~LHICW.1729793929418.1735857950&_bd_prev_page=https://bloomingcostamices.com/spark.jsp?148027099 HTTP/1.1" 200 307848 "-" "Mozilla/5.0 (compatible; Googlebot/2.1; +http://www.google.com/bot.html)"
66.249.79.234 - - [03/Jun/2025:04:25:05 +0300] "GET /?_ga=2.199077398.1952530731.1720857825-949517515.1699680276&_bdsid=ilvlcu.n~LHICW.1729793929418.1735857950&_bd_prev_page=https://bloomingcostamices.com/spark.jsp?199015325 HTTP/1.1" 200 331101 "-" "Mozilla/5.0 (Linux; Android 6.0.1; Nexus 5X Build/MMB29P) AppleWebKit/537.36 (KHTML, like Gecko) Chrome/136.0.7103.113 Mobile Safari/537.36 (compatible; Googlebot/2.1; +http://www.google.com/bot.html)"
199.195.250.170 - - [03/Jun/2025:04:32:00 +0300] "GET /////wp-login.php HTTP/1.1" 200 - "-" "Mozilla/5.0 (X11; Linux x86_64) AppleWebKit/537.36 (KHTML, like Gecko) Chrome/36.0.1985.143 Safari/537.36"
199.195.250.170 - - [03/Jun/2025:04:32:01 +0300] "GET /////wp-login.php HTTP/1.1" 200 - "-" "Mozilla/5.0 (Macintosh; Intel Mac OS X 10_8_5) AppleWebKit/537.36 (KHTML, like Gecko) Chrome/36.0.1985.125 Safari/537.36"
199.195.250.170 - - [03/Jun/2025:04:32:04 +0300] "GET /////wp-login.php HTTP/1.1" 200 - "-" "Mozilla/5.0 (Windows NT 6.3; WOW64; Trident/7.0; rv:11.0) like Gecko"
199.195.250.170 - - [03/Jun/2025:04:32:04 +0300] "POST /////wp-login.php HTTP/1.1" 200 - "-" "Mozilla/5.0 (Windows NT 6.3; WOW64; Trident/7.0; rv:11.0) like Gecko"
199.195.250.170 - - [03/Jun/2025:04:32:04 +0300] "GET /////wp-admin/plugin-install.php?tab=upload HTTP/1.1" 403 - "-" "Mozilla/5.0 (Windows NT 6.3; WOW64; Trident/7.0; rv:11.0) like Gecko"
199.195.250.170 - - [03/Jun/2025:04:32:04 +0300] "GET /////wp-admin/ HTTP/1.1" 500 366 "-" "Mozilla/5.0 (Windows NT 6.3; WOW64; Trident/7.0; rv:11.0) like Gecko"
199.195.250.170 - - [03/Jun/2025:04:32:06 +0300] "GET /////wp-login.php HTTP/1.1" 200 - "-" "Mozilla/5.0 (Macintosh; Intel Mac OS X 10_9_0) AppleWebKit/537.36 (KHTML, like Gecko) Chrome/36.0.1985.125 Safari/537.36"
199.195.250.170 - - [03/Jun/2025:04:32:14 +0300] "GET /////wp-login.php HTTP/1.1" 200 - "-" "Mozilla/5.0 (Windows NT 6.3; WOW64) AppleWebKit/537.36 (KHTML, like Gecko) Chrome/36.0.1985.143 Safari/537.36"
199.195.250.170 - - [03/Jun/2025:04:32:15 +0300] "GET /////wp-login.php HTTP/1.1" 200 - "-" "Mozilla/5.0 (Macintosh; Intel Mac OS X 10_9_3) AppleWebKit/537.75.14 (KHTML, like Gecko) Version/7.0.3 Safari/537.75.14"
199.195.250.170 - - [03/Jun/2025:04:32:16 +0300] "GET /////wp-login.php HTTP/1.1" 200 - "-" "Mozilla/5.0 (Macintosh; Intel Mac OS X 10_10) AppleWebKit/538.46 (KHTML, like Gecko) Version/8.0 Safari/538.46"
199.195.250.170 - - [03/Jun/2025:04:32:16 +0300] "POST /////wp-login.php HTTP/1.1" 200 - "-" "Mozilla/5.0 (Macintosh; Intel Mac OS X 10_10) AppleWebKit/538.46 (KHTML, like Gecko) Version/8.0 Safari/538.46"
199.195.250.170 - - [03/Jun/2025:04:32:16 +0300] "GET /////wp-admin/plugin-install.php?tab=upload HTTP/1.1" 403 - "-" "Mozilla/5.0 (Macintosh; Intel Mac OS X 10_10) AppleWebKit/538.46 (KHTML, like Gecko) Version/8.0 Safari/538.46"
199.195.250.170 - - [03/Jun/2025:04:32:17 +0300] "GET /////wp-admin/ HTTP/1.1" 500 366 "-" "Mozilla/5.0 (Macintosh; Intel Mac OS X 10_10) AppleWebKit/538.46 (KHTML, like Gecko) Version/8.0 Safari/538.46"
199.195.250.170 - - [03/Jun/2025:04:32:19 +0300] "GET /////wp-login.php HTTP/1.1" 200 - "-" "Mozilla/5.0 (X11; Linux x86_64) AppleWebKit/537.36 (KHTML, like Gecko) Chrome/36.0.1985.143 Safari/537.36"
199.195.250.170 - - [03/Jun/2025:04:32:25 +0300] "GET /wp-login.php HTTP/1.1" 200 - "-" "Mozilla/5.0 (Macintosh; Intel Mac OS X 10_9_2) AppleWebKit/537.75.14 (KHTML, like Gecko) Version/7.0.3 Safari/537.75.14"
199.195.250.170 - - [03/Jun/2025:04:32:26 +0300] "GET /wp-login.php HTTP/1.1" 200 - "-" "Mozilla/5.0 (Windows NT 5.1; rv:31.0) Gecko/20100101 Firefox/31.0"
199.195.250.170 - - [03/Jun/2025:04:32:27 +0300] "GET /wp-login.php HTTP/1.1" 200 - "-" "Mozilla/5.0 (Windows NT 6.1; WOW64) AppleWebKit/537.36 (KHTML, like Gecko) Chrome/35.0.1916.153 Safari/537.36"
199.195.250.170 - - [03/Jun/2025:04:32:27 +0300] "POST /wp-login.php HTTP/1.1" 200 - "-" "Mozilla/5.0 (Windows NT 6.1; WOW64) AppleWebKit/537.36 (KHTML, like Gecko) Chrome/35.0.1916.153 Safari/537.36"
199.195.250.170 - - [03/Jun/2025:04:32:27 +0300] "GET /wp-admin/plugin-install.php?tab=upload HTTP/1.1" 403 - "-" "Mozilla/5.0 (Windows NT 6.1; WOW64) AppleWebKit/537.36 (KHTML, like Gecko) Chrome/35.0.1916.153 Safari/537.36"
199.195.250.170 - - [03/Jun/2025:04:32:28 +0300] "GET /wp-admin/ HTTP/1.1" 500 366 "-" "Mozilla/5.0 (Windows NT 6.1; WOW64) AppleWebKit/537.36 (KHTML, like Gecko) Chrome/35.0.1916.153 Safari/537.36"
199.195.250.170 - - [03/Jun/2025:04:32:29 +0300] "GET /wp-login.php HTTP/1.1" 200 - "-" "Mozilla/5.0 (X11; Linux x86_64; rv:31.0) Gecko/20100101 Firefox/31.0"
199.195.250.170 - - [03/Jun/2025:04:32:33 +0300] "GET /wp-login.php HTTP/1.1" 200 - "-" "Mozilla/5.0 (X11; Linux x86_64) AppleWebKit/537.36 (KHTML, like Gecko) Chrome/36.0.1985.143 Safari/537.36"
199.195.250.170 - - [03/Jun/2025:04:32:34 +0300] "GET /wp-login.php HTTP/1.1" 200 - "-" "Mozilla/5.0 (iPad; CPU OS 7_1_1 like Mac OS X) AppleWebKit/537.51.2 (KHTML, like Gecko) Version/7.0 Mobile/11D201 Safari/9537.53"
199.195.250.170 - - [03/Jun/2025:04:32:34 +0300] "GET /wp-login.php HTTP/1.1" 200 - "-" "Mozilla/5.0 (Macintosh; Intel Mac OS X 10.7; rv:31.0) Gecko/20100101 Firefox/31.0"
199.195.250.170 - - [03/Jun/2025:04:32:35 +0300] "POST /wp-login.php HTTP/1.1" 200 - "-" "Mozilla/5.0 (Macintosh; Intel Mac OS X 10.7; rv:31.0) Gecko/20100101 Firefox/31.0"
199.195.250.170 - - [03/Jun/2025:04:32:35 +0300] "GET /wp-admin/plugin-install.php?tab=upload HTTP/1.1" 403 - "-" "Mozilla/5.0 (Macintosh; Intel Mac OS X 10.7; rv:31.0) Gecko/20100101 Firefox/31.0"
199.195.250.170 - - [03/Jun/2025:04:32:35 +0300] "GET /wp-admin/ HTTP/1.1" 500 366 "-" "Mozilla/5.0 (Macintosh; Intel Mac OS X 10.7; rv:31.0) Gecko/20100101 Firefox/31.0"
199.195.250.170 - - [03/Jun/2025:04:32:36 +0300] "GET /wp-login.php HTTP/1.1" 200 - "-" "Mozilla/5.0 (Macintosh; Intel Mac OS X 10_9_3) AppleWebKit/537.76.4 (KHTML, like Gecko) Version/7.0.4 Safari/537.76.4"
199.195.250.170 - - [03/Jun/2025:04:33:54 +0300] "GET /////wp-login.php HTTP/1.1" 200 - "-" "Mozilla/5.0 (Macintosh; Intel Mac OS X 10_9_2) AppleWebKit/537.74.9 (KHTML, like Gecko) Version/7.0.2 Safari/537.74.9"
199.195.250.170 - - [03/Jun/2025:04:33:54 +0300] "GET /////wp-login.php HTTP/1.1" 200 - "-" "Mozilla/5.0 (Windows NT 6.3; WOW64; rv:30.0) Gecko/20100101 Firefox/30.0"
199.195.250.170 - - [03/Jun/2025:04:33:54 +0300] "GET /////wp-login.php HTTP/1.1" 200 - "-" "Mozilla/5.0 (Windows NT 6.3; WOW64; rv:31.0) Gecko/20100101 Firefox/31.0"
199.195.250.170 - - [03/Jun/2025:04:33:54 +0300] "GET /////wp-login.php HTTP/1.1" 200 - "-" "Mozilla/5.0 (Macintosh; Intel Mac OS X 10_9_2) AppleWebKit/537.74.9 (KHTML, like Gecko) Version/7.0.2 Safari/537.74.9"
199.195.250.170 - - [03/Jun/2025:04:33:55 +0300] "GET /////wp-login.php HTTP/1.1" 200 - "-" "Mozilla/5.0 (Windows NT 6.2; WOW64; rv:30.0) Gecko/20100101 Firefox/30.0"
199.195.250.170 - - [03/Jun/2025:04:33:55 +0300] "POST /////wp-login.php HTTP/1.1" 200 - "-" "Mozilla/5.0 (Windows NT 6.2; WOW64; rv:30.0) Gecko/20100101 Firefox/30.0"
199.195.250.170 - - [03/Jun/2025:04:33:55 +0300] "GET /////wp-login.php HTTP/1.1" 200 - "-" "Mozilla/5.0 (Windows NT 6.1; WOW64; rv:24.0) Gecko/20100101 Firefox/24.0"
199.195.250.170 - - [03/Jun/2025:04:33:55 +0300] "GET /////wp-admin/plugin-install.php?tab=upload HTTP/1.1" 403 - "-" "Mozilla/5.0 (Windows NT 6.2; WOW64; rv:30.0) Gecko/20100101 Firefox/30.0"
199.195.250.170 - - [03/Jun/2025:04:33:55 +0300] "POST /////wp-login.php HTTP/1.1" 200 - "-" "Mozilla/5.0 (Windows NT 6.1; WOW64; rv:24.0) Gecko/20100101 Firefox/24.0"
199.195.250.170 - - [03/Jun/2025:04:33:56 +0300] "GET /////wp-admin/plugin-install.php?tab=upload HTTP/1.1" 403 - "-" "Mozilla/5.0 (Windows NT 6.1; WOW64; rv:24.0) Gecko/20100101 Firefox/24.0"
199.195.250.170 - - [03/Jun/2025:04:33:56 +0300] "GET /////wp-admin/ HTTP/1.1" 500 366 "-" "Mozilla/5.0 (Windows NT 6.2; WOW64; rv:30.0) Gecko/20100101 Firefox/30.0"
199.195.250.170 - - [03/Jun/2025:04:33:56 +0300] "GET /////wp-admin/ HTTP/1.1" 500 366 "-" "Mozilla/5.0 (Windows NT 6.1; WOW64; rv:24.0) Gecko/20100101 Firefox/24.0"
199.195.250.170 - - [03/Jun/2025:04:33:56 +0300] "GET /////wp-login.php HTTP/1.1" 200 - "-" "Mozilla/5.0 (Windows NT 6.3; WOW64) AppleWebKit/537.36 (KHTML, like Gecko) Chrome/36.0.1985.125 Safari/537.36"
199.195.250.170 - - [03/Jun/2025:04:33:56 +0300] "GET /////wp-login.php HTTP/1.1" 200 - "-" "Mozilla/5.0 (Macintosh; Intel Mac OS X 10_9_0) AppleWebKit/537.36 (KHTML, like Gecko) Chrome/36.0.1985.125 Safari/537.36"
199.195.250.170 - - [03/Jun/2025:04:33:58 +0300] "GET /////wp-login.php HTTP/1.1" 200 - "-" "Mozilla/5.0 (Macintosh; Intel Mac OS X 10_9_4) AppleWebKit/537.78.2 (KHTML, like Gecko) Version/7.0.6 Safari/537.78.2"
199.195.250.170 - - [03/Jun/2025:04:33:58 +0300] "GET /////wp-login.php HTTP/1.1" 200 - "-" "Mozilla/5.0 (Macintosh; Intel Mac OS X 10.6; rv:31.0) Gecko/20100101 Firefox/31.0"
199.195.250.170 - - [03/Jun/2025:04:33:59 +0300] "GET /////wp-login.php HTTP/1.1" 200 - "-" "Mozilla/5.0 (Macintosh; Intel Mac OS X 10_9_4) AppleWebKit/537.77.4 (KHTML, like Gecko) Version/7.0.5 Safari/537.77.4"
199.195.250.170 - - [03/Jun/2025:04:33:59 +0300] "GET /////wp-login.php HTTP/1.1" 200 - "-" "Mozilla/5.0 (X11; Linux i686) AppleWebKit/537.36 (KHTML, like Gecko) Chrome/36.0.1985.125 Safari/537.36"
199.195.250.170 - - [03/Jun/2025:04:34:00 +0300] "GET /////wp-login.php HTTP/1.1" 200 - "-" "Mozilla/5.0 (Windows NT 6.3; WOW64) AppleWebKit/537.36 (KHTML, like Gecko) Chrome/36.0.1985.143 Safari/537.36"
199.195.250.170 - - [03/Jun/2025:04:34:00 +0300] "GET /////wp-login.php HTTP/1.1" 200 - "-" "Mozilla/5.0 (Macintosh; Intel Mac OS X 10_9_4) AppleWebKit/537.36 (KHTML, like Gecko) Chrome/36.0.1985.143 Safari/537.36"
199.195.250.170 - - [03/Jun/2025:04:34:00 +0300] "POST /////wp-login.php HTTP/1.1" 200 - "-" "Mozilla/5.0 (Windows NT 6.3; WOW64) AppleWebKit/537.36 (KHTML, like Gecko) Chrome/36.0.1985.143 Safari/537.36"
199.195.250.170 - - [03/Jun/2025:04:34:00 +0300] "POST /////wp-login.php HTTP/1.1" 200 - "-" "Mozilla/5.0 (Macintosh; Intel Mac OS X 10_9_4) AppleWebKit/537.36 (KHTML, like Gecko) Chrome/36.0.1985.143 Safari/537.36"
199.195.250.170 - - [03/Jun/2025:04:34:00 +0300] "GET /////wp-admin/plugin-install.php?tab=upload HTTP/1.1" 403 - "-" "Mozilla/5.0 (Windows NT 6.3; WOW64) AppleWebKit/537.36 (KHTML, like Gecko) Chrome/36.0.1985.143 Safari/537.36"
199.195.250.170 - - [03/Jun/2025:04:34:00 +0300] "GET /////wp-admin/plugin-install.php?tab=upload HTTP/1.1" 403 - "-" "Mozilla/5.0 (Macintosh; Intel Mac OS X 10_9_4) AppleWebKit/537.36 (KHTML, like Gecko) Chrome/36.0.1985.143 Safari/537.36"
199.195.250.170 - - [03/Jun/2025:04:34:00 +0300] "GET /////wp-admin/ HTTP/1.1" 500 366 "-" "Mozilla/5.0 (Windows NT 6.3; WOW64) AppleWebKit/537.36 (KHTML, like Gecko) Chrome/36.0.1985.143 Safari/537.36"
199.195.250.170 - - [03/Jun/2025:04:34:00 +0300] "GET /////wp-admin/ HTTP/1.1" 500 366 "-" "Mozilla/5.0 (Macintosh; Intel Mac OS X 10_9_4) AppleWebKit/537.36 (KHTML, like Gecko) Chrome/36.0.1985.143 Safari/537.36"
199.195.250.170 - - [03/Jun/2025:04:34:00 +0300] "GET /////wp-login.php HTTP/1.1" 200 - "-" "Mozilla/5.0 (Windows NT 6.0) AppleWebKit/537.36 (KHTML, like Gecko) Chrome/36.0.1985.125 Safari/537.36"
199.195.250.170 - - [03/Jun/2025:04:34:01 +0300] "GET /////wp-login.php HTTP/1.1" 200 - "-" "Mozilla/5.0 (iPhone; CPU iPhone OS 7_1_1 like Mac OS X) AppleWebKit/537.51.2 (KHTML, like Gecko) Version/7.0 Mobile/11D201 Safari/9537.53"
199.195.250.170 - - [03/Jun/2025:04:34:03 +0300] "GET /wp-login.php HTTP/1.1" 200 - "-" "Mozilla/5.0 (Macintosh; Intel Mac OS X 10.9; rv:30.0) Gecko/20100101 Firefox/30.0"
199.195.250.170 - - [03/Jun/2025:04:34:03 +0300] "GET /wp-login.php HTTP/1.1" 200 - "-" "Mozilla/5.0 (Windows NT 6.2; WOW64) AppleWebKit/537.36 (KHTML, like Gecko) Chrome/36.0.1985.125 Safari/537.36"
199.195.250.170 - - [03/Jun/2025:04:34:04 +0300] "GET /wp-login.php HTTP/1.1" 200 - "-" "Mozilla/5.0 (Macintosh; Intel Mac OS X 10_9_3) AppleWebKit/537.36 (KHTML, like Gecko) Chrome/36.0.1985.125 Safari/537.36"
199.195.250.170 - - [03/Jun/2025:04:34:04 +0300] "GET /wp-login.php HTTP/1.1" 200 - "-" "Mozilla/5.0 (Macintosh; Intel Mac OS X 10_7_5) AppleWebKit/537.77.4 (KHTML, like Gecko) Version/6.1.5 Safari/537.77.4"
199.195.250.170 - - [03/Jun/2025:04:34:04 +0300] "GET /wp-login.php HTTP/1.1" 200 - "-" "Mozilla/5.0 (Windows NT 6.1; Trident/7.0; rv:11.0) like Gecko"
199.195.250.170 - - [03/Jun/2025:04:34:05 +0300] "GET /wp-login.php HTTP/1.1" 200 - "-" "Mozilla/5.0 (compatible; MSIE 9.0; Windows NT 6.1; WOW64; Trident/5.0)"
199.195.250.170 - - [03/Jun/2025:04:34:05 +0300] "POST /wp-login.php HTTP/1.1" 200 - "-" "Mozilla/5.0 (Windows NT 6.1; Trident/7.0; rv:11.0) like Gecko"
199.195.250.170 - - [03/Jun/2025:04:34:05 +0300] "POST /wp-login.php HTTP/1.1" 200 - "-" "Mozilla/5.0 (compatible; MSIE 9.0; Windows NT 6.1; WOW64; Trident/5.0)"
199.195.250.170 - - [03/Jun/2025:04:34:05 +0300] "GET /wp-admin/plugin-install.php?tab=upload HTTP/1.1" 403 - "-" "Mozilla/5.0 (Windows NT 6.1; Trident/7.0; rv:11.0) like Gecko"
199.195.250.170 - - [03/Jun/2025:04:34:05 +0300] "GET /wp-admin/plugin-install.php?tab=upload HTTP/1.1" 403 - "-" "Mozilla/5.0 (compatible; MSIE 9.0; Windows NT 6.1; WOW64; Trident/5.0)"
199.195.250.170 - - [03/Jun/2025:04:34:05 +0300] "GET /wp-admin/ HTTP/1.1" 500 366 "-" "Mozilla/5.0 (Windows NT 6.1; Trident/7.0; rv:11.0) like Gecko"
199.195.250.170 - - [03/Jun/2025:04:34:05 +0300] "GET /wp-admin/ HTTP/1.1" 500 366 "-" "Mozilla/5.0 (compatible; MSIE 9.0; Windows NT 6.1; WOW64; Trident/5.0)"
199.195.250.170 - - [03/Jun/2025:04:34:06 +0300] "GET /wp-login.php HTTP/1.1" 200 - "-" "Mozilla/5.0 (Macintosh; Intel Mac OS X 10_9_3) AppleWebKit/537.36 (KHTML, like Gecko) Chrome/36.0.1985.125 Safari/537.36"
199.195.250.170 - - [03/Jun/2025:04:34:06 +0300] "GET /wp-login.php HTTP/1.1" 200 - "-" "Mozilla/5.0 (Macintosh; Intel Mac OS X 10_9_4) AppleWebKit/537.77.4 (KHTML, like Gecko) Version/7.0.5 Safari/537.77.4"
199.195.250.170 - - [03/Jun/2025:04:34:08 +0300] "GET /wp-login.php HTTP/1.1" 200 - "-" "Mozilla/5.0 (Macintosh; Intel Mac OS X 10_9_4) AppleWebKit/537.36 (KHTML, like Gecko) Chrome/36.0.1985.143 Safari/537.36"
199.195.250.170 - - [03/Jun/2025:04:34:08 +0300] "GET /wp-login.php HTTP/1.1" 200 - "-" "Mozilla/5.0 (X11; Linux x86_64) AppleWebKit/537.36 (KHTML, like Gecko) Chrome/36.0.1985.125 Safari/537.36"
199.195.250.170 - - [03/Jun/2025:04:34:08 +0300] "GET /wp-login.php HTTP/1.1" 200 - "-" "Mozilla/5.0 (Windows NT 6.3; WOW64) AppleWebKit/537.36 (KHTML, like Gecko) Chrome/35.0.1916.153 Safari/537.36"
199.195.250.170 - - [03/Jun/2025:04:34:09 +0300] "GET /wp-login.php HTTP/1.1" 200 - "-" "Mozilla/5.0 (Windows NT 6.2; WOW64) AppleWebKit/537.36 (KHTML, like Gecko) Chrome/36.0.1985.125 Safari/537.36"
199.195.250.170 - - [03/Jun/2025:04:34:09 +0300] "GET /wp-login.php HTTP/1.1" 200 - "-" "Mozilla/5.0 (Windows NT 5.1) AppleWebKit/537.36 (KHTML, like Gecko) Chrome/36.0.1985.125 Safari/537.36"
199.195.250.170 - - [03/Jun/2025:04:34:09 +0300] "POST /wp-login.php HTTP/1.1" 200 - "-" "Mozilla/5.0 (Windows NT 5.1) AppleWebKit/537.36 (KHTML, like Gecko) Chrome/36.0.1985.125 Safari/537.36"
199.195.250.170 - - [03/Jun/2025:04:34:09 +0300] "GET /wp-login.php HTTP/1.1" 200 - "-" "Mozilla/5.0 (X11; Linux i686) AppleWebKit/537.36 (KHTML, like Gecko) Chrome/36.0.1985.125 Safari/537.36"
199.195.250.170 - - [03/Jun/2025:04:34:10 +0300] "GET /wp-admin/plugin-install.php?tab=upload HTTP/1.1" 403 - "-" "Mozilla/5.0 (Windows NT 5.1) AppleWebKit/537.36 (KHTML, like Gecko) Chrome/36.0.1985.125 Safari/537.36"
199.195.250.170 - - [03/Jun/2025:04:34:10 +0300] "POST /wp-login.php HTTP/1.1" 200 - "-" "Mozilla/5.0 (X11; Linux i686) AppleWebKit/537.36 (KHTML, like Gecko) Chrome/36.0.1985.125 Safari/537.36"
199.195.250.170 - - [03/Jun/2025:04:34:10 +0300] "GET /wp-admin/plugin-install.php?tab=upload HTTP/1.1" 403 - "-" "Mozilla/5.0 (X11; Linux i686) AppleWebKit/537.36 (KHTML, like Gecko) Chrome/36.0.1985.125 Safari/537.36"
199.195.250.170 - - [03/Jun/2025:04:34:10 +0300] "GET /wp-admin/ HTTP/1.1" 500 366 "-" "Mozilla/5.0 (Windows NT 5.1) AppleWebKit/537.36 (KHTML, like Gecko) Chrome/36.0.1985.125 Safari/537.36"
199.195.250.170 - - [03/Jun/2025:04:34:10 +0300] "GET /wp-admin/ HTTP/1.1" 500 366 "-" "Mozilla/5.0 (X11; Linux i686) AppleWebKit/537.36 (KHTML, like Gecko) Chrome/36.0.1985.125 Safari/537.36"
199.195.250.170 - - [03/Jun/2025:04:34:10 +0300] "GET /wp-login.php HTTP/1.1" 200 - "-" "Mozilla/5.0 (X11; Linux x86_64) AppleWebKit/537.36 (KHTML, like Gecko) Ubuntu Chromium/34.0.1847.116 Chrome/34.0.1847.116 Safari/537.36"
199.195.250.170 - - [03/Jun/2025:04:34:10 +0300] "GET /wp-login.php HTTP/1.1" 200 - "-" "Mozilla/5.0 (Windows NT 6.1; WOW64; Trident/7.0; rv:11.0) like Gecko"
66.249.76.66 - - [03/Jun/2025:04:34:15 +0300] "GET /?_ga=2.199077398.1952530731.1720857825-949517515.1699680276&_bdsid=ilvlcu.n~LHICW.1729793929418.1735857950&_bd_prev_page=https://bloomingcostamices.com/spark.jsp?201002998 HTTP/1.1" 200 334284 "-" "Mozilla/5.0 (compatible; Googlebot/2.1; +http://www.google.com/bot.html)"
199.195.250.170 - - [03/Jun/2025:04:34:18 +0300] "GET /////wp-login.php HTTP/1.1" 200 - "-" "Mozilla/5.0 (Windows NT 6.1; WOW64) AppleWebKit/537.36 (KHTML, like Gecko) Chrome/36.0.1985.143 Safari/537.36"
199.195.250.170 - - [03/Jun/2025:04:34:18 +0300] "GET /////wp-login.php HTTP/1.1" 200 - "-" "Mozilla/5.0 (iPhone; CPU iPhone OS 7_1_2 like Mac OS X) AppleWebKit/537.51.1 (KHTML, like Gecko) GSA/4.1.0.31802 Mobile/11D257 Safari/9537.53"
199.195.250.170 - - [03/Jun/2025:04:34:19 +0300] "GET /////wp-login.php HTTP/1.1" 200 - "-" "Mozilla/5.0 (Macintosh; Intel Mac OS X 10.8; rv:30.0) Gecko/20100101 Firefox/30.0"
199.195.250.170 - - [03/Jun/2025:04:34:19 +0300] "POST /////wp-login.php HTTP/1.1" 200 - "-" "Mozilla/5.0 (Macintosh; Intel Mac OS X 10.8; rv:30.0) Gecko/20100101 Firefox/30.0"
199.195.250.170 - - [03/Jun/2025:04:34:19 +0300] "GET /////wp-admin/plugin-install.php?tab=upload HTTP/1.1" 403 - "-" "Mozilla/5.0 (Macintosh; Intel Mac OS X 10.8; rv:30.0) Gecko/20100101 Firefox/30.0"
199.195.250.170 - - [03/Jun/2025:04:34:19 +0300] "GET /////wp-admin/ HTTP/1.1" 500 366 "-" "Mozilla/5.0 (Macintosh; Intel Mac OS X 10.8; rv:30.0) Gecko/20100101 Firefox/30.0"
199.195.250.170 - - [03/Jun/2025:04:34:20 +0300] "GET /////wp-login.php HTTP/1.1" 200 - "-" "Mozilla/5.0 (Macintosh; Intel Mac OS X 10.6; rv:31.0) Gecko/20100101 Firefox/31.0"
199.195.250.170 - - [03/Jun/2025:04:34:22 +0300] "GET /////wp-login.php HTTP/1.1" 200 - "-" "Mozilla/5.0 (Windows NT 6.1; rv:24.0) Gecko/20100101 Firefox/24.0"
199.195.250.170 - - [03/Jun/2025:04:34:22 +0300] "GET /////wp-login.php HTTP/1.1" 200 - "-" "Mozilla/5.0 (X11; Linux x86_64) AppleWebKit/537.36 (KHTML, like Gecko) Chrome/36.0.1985.125 Safari/537.36"
199.195.250.170 - - [03/Jun/2025:04:34:23 +0300] "GET /////wp-login.php HTTP/1.1" 200 - "-" "Mozilla/5.0 (Macintosh; Intel Mac OS X 10_9_4) AppleWebKit/537.36 (KHTML, like Gecko) Chrome/36.0.1985.143 Safari/537.36"
199.195.250.170 - - [03/Jun/2025:04:34:23 +0300] "GET /////wp-login.php HTTP/1.1" 200 - "-" "Mozilla/5.0 (Macintosh; Intel Mac OS X 10_9_4 AppleWebKit/537.36 (KHTML, like Gecko) Chrome/36.0.1985.125 Safari/537.36"
199.195.250.170 - - [03/Jun/2025:04:34:23 +0300] "GET /////wp-login.php HTTP/1.1" 200 - "-" "Mozilla/5.0 (Macintosh; Intel Mac OS X 10_9_3) AppleWebKit/537.76.4 (KHTML, like Gecko) Version/7.0.4 Safari/537.76.4"
199.195.250.170 - - [03/Jun/2025:04:34:23 +0300] "POST /////wp-login.php HTTP/1.1" 200 - "-" "Mozilla/5.0 (Macintosh; Intel Mac OS X 10_9_3) AppleWebKit/537.76.4 (KHTML, like Gecko) Version/7.0.4 Safari/537.76.4"
199.195.250.170 - - [03/Jun/2025:04:34:24 +0300] "GET /////wp-admin/plugin-install.php?tab=upload HTTP/1.1" 403 - "-" "Mozilla/5.0 (Macintosh; Intel Mac OS X 10_9_3) AppleWebKit/537.76.4 (KHTML, like Gecko) Version/7.0.4 Safari/537.76.4"
199.195.250.170 - - [03/Jun/2025:04:34:24 +0300] "GET /////wp-login.php HTTP/1.1" 200 - "-" "Mozilla/5.0 (X11; Ubuntu; Linux x86_64; rv:31.0) Gecko/20100101 Firefox/31.0"
199.195.250.170 - - [03/Jun/2025:04:34:24 +0300] "POST /////wp-login.php HTTP/1.1" 200 - "-" "Mozilla/5.0 (X11; Ubuntu; Linux x86_64; rv:31.0) Gecko/20100101 Firefox/31.0"
199.195.250.170 - - [03/Jun/2025:04:34:24 +0300] "GET /////wp-admin/ HTTP/1.1" 500 366 "-" "Mozilla/5.0 (Macintosh; Intel Mac OS X 10_9_3) AppleWebKit/537.76.4 (KHTML, like Gecko) Version/7.0.4 Safari/537.76.4"
199.195.250.170 - - [03/Jun/2025:04:34:24 +0300] "GET /////wp-admin/plugin-install.php?tab=upload HTTP/1.1" 403 - "-" "Mozilla/5.0 (X11; Ubuntu; Linux x86_64; rv:31.0) Gecko/20100101 Firefox/31.0"
199.195.250.170 - - [03/Jun/2025:04:34:24 +0300] "GET /////wp-admin/ HTTP/1.1" 500 366 "-" "Mozilla/5.0 (X11; Ubuntu; Linux x86_64; rv:31.0) Gecko/20100101 Firefox/31.0"
199.195.250.170 - - [03/Jun/2025:04:34:25 +0300] "GET /////wp-login.php HTTP/1.1" 200 - "-" "Mozilla/5.0 (iPhone; CPU iPhone OS 7_0_4 like Mac OS X) AppleWebKit/537.51.1 (KHTML, like Gecko) Version/7.0 Mobile/11B554a Safari/9537.53"
199.195.250.170 - - [03/Jun/2025:04:34:25 +0300] "GET /////wp-login.php HTTP/1.1" 200 - "-" "Mozilla/5.0 (Windows NT 6.1; Trident/7.0; rv:11.0) like Gecko"
199.195.250.170 - - [03/Jun/2025:04:34:27 +0300] "GET /wp-login.php HTTP/1.1" 200 - "-" "Mozilla/5.0 (Macintosh; Intel Mac OS X 10.7; rv:31.0) Gecko/20100101 Firefox/31.0"
199.195.250.170 - - [03/Jun/2025:04:34:28 +0300] "GET /wp-login.php HTTP/1.1" 200 - "-" "Mozilla/5.0 (X11; Ubuntu; Linux x86_64; rv:30.0) Gecko/20100101 Firefox/30.0"
199.195.250.170 - - [03/Jun/2025:04:34:28 +0300] "GET /////wp-login.php HTTP/1.1" 200 - "-" "Mozilla/5.0 (Macintosh; Intel Mac OS X 10_9_2) AppleWebKit/537.36 (KHTML, like Gecko) Chrome/36.0.1985.125 Safari/537.36"
199.195.250.170 - - [03/Jun/2025:04:34:28 +0300] "GET /wp-login.php HTTP/1.1" 200 - "-" "Mozilla/5.0 (iPhone; CPU iPhone OS 7_1_2 like Mac OS X) AppleWebKit/537.51.1 (KHTML, like Gecko) GSA/4.1.0.31802 Mobile/11D257 Safari/9537.53"
199.195.250.170 - - [03/Jun/2025:04:34:28 +0300] "POST /wp-login.php HTTP/1.1" 200 - "-" "Mozilla/5.0 (iPhone; CPU iPhone OS 7_1_2 like Mac OS X) AppleWebKit/537.51.1 (KHTML, like Gecko) GSA/4.1.0.31802 Mobile/11D257 Safari/9537.53"
199.195.250.170 - - [03/Jun/2025:04:34:29 +0300] "GET /wp-admin/plugin-install.php?tab=upload HTTP/1.1" 403 - "-" "Mozilla/5.0 (iPhone; CPU iPhone OS 7_1_2 like Mac OS X) AppleWebKit/537.51.1 (KHTML, like Gecko) GSA/4.1.0.31802 Mobile/11D257 Safari/9537.53"
199.195.250.170 - - [03/Jun/2025:04:34:29 +0300] "GET /wp-admin/ HTTP/1.1" 500 366 "-" "Mozilla/5.0 (iPhone; CPU iPhone OS 7_1_2 like Mac OS X) AppleWebKit/537.51.1 (KHTML, like Gecko) GSA/4.1.0.31802 Mobile/11D257 Safari/9537.53"
199.195.250.170 - - [03/Jun/2025:04:34:29 +0300] "GET /////wp-login.php HTTP/1.1" 200 - "-" "Mozilla/5.0 (X11; Linux x86_64) AppleWebKit/537.36 (KHTML, like Gecko) Ubuntu Chromium/34.0.1847.116 Chrome/34.0.1847.116 Safari/537.36"
199.195.250.170 - - [03/Jun/2025:04:34:29 +0300] "GET /wp-login.php HTTP/1.1" 200 - "-" "Mozilla/5.0 (Macintosh; Intel Mac OS X 10_9_3) AppleWebKit/537.36 (KHTML, like Gecko) Chrome/36.0.1985.125 Safari/537.36"
199.195.250.170 - - [03/Jun/2025:04:34:30 +0300] "GET /////wp-login.php HTTP/1.1" 200 - "-" "Mozilla/5.0 (Windows NT 6.1; WOW64) AppleWebKit/537.36 (KHTML, like Gecko) Chrome/36.0.1985.125 Safari/537.36"
199.195.250.170 - - [03/Jun/2025:04:34:30 +0300] "POST /////wp-login.php HTTP/1.1" 200 - "-" "Mozilla/5.0 (Windows NT 6.1; WOW64) AppleWebKit/537.36 (KHTML, like Gecko) Chrome/36.0.1985.125 Safari/537.36"
199.195.250.170 - - [03/Jun/2025:04:34:30 +0300] "GET /////wp-admin/plugin-install.php?tab=upload HTTP/1.1" 403 - "-" "Mozilla/5.0 (Windows NT 6.1; WOW64) AppleWebKit/537.36 (KHTML, like Gecko) Chrome/36.0.1985.125 Safari/537.36"
199.195.250.170 - - [03/Jun/2025:04:34:30 +0300] "GET /////wp-admin/ HTTP/1.1" 500 366 "-" "Mozilla/5.0 (Windows NT 6.1; WOW64) AppleWebKit/537.36 (KHTML, like Gecko) Chrome/36.0.1985.125 Safari/537.36"
199.195.250.170 - - [03/Jun/2025:04:34:31 +0300] "GET /////wp-login.php HTTP/1.1" 200 - "-" "Mozilla/5.0 (Macintosh; Intel Mac OS X 10.7; rv:31.0) Gecko/20100101 Firefox/31.0"
199.195.250.170 - - [03/Jun/2025:04:34:32 +0300] "GET /wp-login.php HTTP/1.1" 200 - "-" "Mozilla/5.0 (X11; Linux i686) AppleWebKit/537.36 (KHTML, like Gecko) Chrome/36.0.1985.125 Safari/537.36"
199.195.250.170 - - [03/Jun/2025:04:34:32 +0300] "GET /wp-login.php HTTP/1.1" 200 - "-" "Mozilla/5.0 (Macintosh; Intel Mac OS X 10_7_5) AppleWebKit/537.77.4 (KHTML, like Gecko) Version/6.1.5 Safari/537.77.4"
199.195.250.170 - - [03/Jun/2025:04:34:33 +0300] "GET /wp-login.php HTTP/1.1" 200 - "-" "Mozilla/5.0 (X11; Linux x86_64) AppleWebKit/537.36 (KHTML, like Gecko) Ubuntu Chromium/36.0.1985.125 Chrome/36.0.1985.125 Safari/537.36"
199.195.250.170 - - [03/Jun/2025:04:34:33 +0300] "POST /wp-login.php HTTP/1.1" 200 - "-" "Mozilla/5.0 (X11; Linux x86_64) AppleWebKit/537.36 (KHTML, like Gecko) Ubuntu Chromium/36.0.1985.125 Chrome/36.0.1985.125 Safari/537.36"
199.195.250.170 - - [03/Jun/2025:04:34:33 +0300] "GET /wp-admin/plugin-install.php?tab=upload HTTP/1.1" 403 - "-" "Mozilla/5.0 (X11; Linux x86_64) AppleWebKit/537.36 (KHTML, like Gecko) Ubuntu Chromium/36.0.1985.125 Chrome/36.0.1985.125 Safari/537.36"
199.195.250.170 - - [03/Jun/2025:04:34:33 +0300] "GET /wp-admin/ HTTP/1.1" 500 366 "-" "Mozilla/5.0 (X11; Linux x86_64) AppleWebKit/537.36 (KHTML, like Gecko) Ubuntu Chromium/36.0.1985.125 Chrome/36.0.1985.125 Safari/537.36"
199.195.250.170 - - [03/Jun/2025:04:34:33 +0300] "GET /wp-login.php HTTP/1.1" 200 - "-" "Mozilla/5.0 (compatible; MSIE 10.0; Windows NT 6.1; WOW64; Trident/6.0)"
199.195.250.170 - - [03/Jun/2025:04:34:34 +0300] "GET /wp-login.php HTTP/1.1" 200 - "-" "Mozilla/5.0 (Macintosh; Intel Mac OS X 10_9_3) AppleWebKit/537.75.14 (KHTML, like Gecko) Version/7.0.3 Safari/537.75.14"
199.195.250.170 - - [03/Jun/2025:04:34:34 +0300] "GET /wp-login.php HTTP/1.1" 200 - "-" "Mozilla/5.0 (X11; Ubuntu; Linux i686; rv:31.0) Gecko/20100101 Firefox/31.0"
199.195.250.170 - - [03/Jun/2025:04:34:34 +0300] "GET /wp-login.php HTTP/1.1" 200 - "-" "Mozilla/5.0 (Macintosh; Intel Mac OS X 10_9_3) AppleWebKit/537.36 (KHTML, like Gecko) Chrome/36.0.1985.125 Safari/537.36"
199.195.250.170 - - [03/Jun/2025:04:34:35 +0300] "POST /wp-login.php HTTP/1.1" 200 - "-" "Mozilla/5.0 (Macintosh; Intel Mac OS X 10_9_3) AppleWebKit/537.36 (KHTML, like Gecko) Chrome/36.0.1985.125 Safari/537.36"
199.195.250.170 - - [03/Jun/2025:04:34:35 +0300] "GET /wp-admin/plugin-install.php?tab=upload HTTP/1.1" 403 - "-" "Mozilla/5.0 (Macintosh; Intel Mac OS X 10_9_3) AppleWebKit/537.36 (KHTML, like Gecko) Chrome/36.0.1985.125 Safari/537.36"
199.195.250.170 - - [03/Jun/2025:04:34:35 +0300] "GET /wp-admin/ HTTP/1.1" 500 366 "-" "Mozilla/5.0 (Macintosh; Intel Mac OS X 10_9_3) AppleWebKit/537.36 (KHTML, like Gecko) Chrome/36.0.1985.125 Safari/537.36"
199.195.250.170 - - [03/Jun/2025:04:34:36 +0300] "GET /wp-login.php HTTP/1.1" 200 - "-" "Mozilla/5.0 (Macintosh; Intel Mac OS X 10_9_4) AppleWebKit/537.36 (KHTML, like Gecko) Chrome/35.0.1916.153 Safari/537.36"
199.195.250.170 - - [03/Jun/2025:04:34:38 +0300] "GET /wp-login.php HTTP/1.1" 200 - "-" "Mozilla/5.0 (Macintosh; Intel Mac OS X 10_9_3) AppleWebKit/537.36 (KHTML, like Gecko) Chrome/36.0.1985.125 Safari/537.36"
199.195.250.170 - - [03/Jun/2025:04:34:38 +0300] "GET /wp-login.php HTTP/1.1" 200 - "-" "Mozilla/5.0 (Macintosh; Intel Mac OS X 10_9_4) AppleWebKit/537.78.2 (KHTML, like Gecko) Version/7.0.6 Safari/537.78.2"
199.195.250.170 - - [03/Jun/2025:04:34:39 +0300] "GET /////wp-login.php HTTP/1.1" 200 - "-" "Mozilla/5.0 (iPhone; CPU iPhone OS 7_1_1 like Mac OS X) AppleWebKit/537.51.2 (KHTML, like Gecko) Version/7.0 Mobile/11D201 Safari/9537.53"
199.195.250.170 - - [03/Jun/2025:04:34:39 +0300] "GET /wp-login.php HTTP/1.1" 200 - "-" "Mozilla/5.0 (Macintosh; Intel Mac OS X 10_9_4) AppleWebKit/537.77.4 (KHTML, like Gecko) Version/7.0.5 Safari/537.77.4"
199.195.250.170 - - [03/Jun/2025:04:34:39 +0300] "POST /wp-login.php HTTP/1.1" 200 - "-" "Mozilla/5.0 (Macintosh; Intel Mac OS X 10_9_4) AppleWebKit/537.77.4 (KHTML, like Gecko) Version/7.0.5 Safari/537.77.4"
