199.195.250.170 - - [03/Jun/2025:04:34:39 +0300] "GET /wp-admin/plugin-install.php?tab=upload HTTP/1.1" 403 - "-" "Mozilla/5.0 (Macintosh; Intel Mac OS X 10_9_4) AppleWebKit/537.77.4 (KHTML, like Gecko) Version/7.0.5 Safari/537.77.4"
199.195.250.170 - - [03/Jun/2025:04:34:39 +0300] "GET /////wp-login.php HTTP/1.1" 200 - "-" "Mozilla/5.0 (iPhone; CPU iPhone OS 7_1_2 like Mac OS X) AppleWebKit/537.51.1 (KHTML, like Gecko) GSA/4.1.0.31802 Mobile/11D257 Safari/9537.53"
199.195.250.170 - - [03/Jun/2025:04:34:39 +0300] "GET /wp-admin/ HTTP/1.1" 500 366 "-" "Mozilla/5.0 (Macintosh; Intel Mac OS X 10_9_4) AppleWebKit/537.77.4 (KHTML, like Gecko) Version/7.0.5 Safari/537.77.4"
199.195.250.170 - - [03/Jun/2025:04:34:40 +0300] "GET /////wp-login.php HTTP/1.1" 200 - "-" "Mozilla/5.0 (Macintosh; Intel Mac OS X 10_8_5) AppleWebKit/537.77.4 (KHTML, like Gecko) Version/6.1.5 Safari/537.77.4"
199.195.250.170 - - [03/Jun/2025:04:34:40 +0300] "GET /wp-login.php HTTP/1.1" 200 - "-" "Mozilla/5.0 (Macintosh; Intel Mac OS X 10_10) AppleWebKit/600.1.3 (KHTML, like Gecko) Version/8.0 Safari/600.1.3"
199.195.250.170 - - [03/Jun/2025:04:34:40 +0300] "POST /////wp-login.php HTTP/1.1" 200 - "-" "Mozilla/5.0 (Macintosh; Intel Mac OS X 10_8_5) AppleWebKit/537.77.4 (KHTML, like Gecko) Version/6.1.5 Safari/537.77.4"
199.195.250.170 - - [03/Jun/2025:04:34:40 +0300] "GET /////wp-admin/plugin-install.php?tab=upload HTTP/1.1" 403 - "-" "Mozilla/5.0 (Macintosh; Intel Mac OS X 10_8_5) AppleWebKit/537.77.4 (KHTML, like Gecko) Version/6.1.5 Safari/537.77.4"
199.195.250.170 - - [03/Jun/2025:04:34:40 +0300] "GET /////wp-admin/ HTTP/1.1" 500 366 "-" "Mozilla/5.0 (Macintosh; Intel Mac OS X 10_8_5) AppleWebKit/537.77.4 (KHTML, like Gecko) Version/6.1.5 Safari/537.77.4"
199.195.250.170 - - [03/Jun/2025:04:34:41 +0300] "GET /////wp-login.php HTTP/1.1" 200 - "-" "Mozilla/5.0 (Macintosh; Intel Mac OS X 10_6_8) AppleWebKit/537.36 (KHTML, like Gecko) Chrome/36.0.1985.125 Safari/537.36"
199.195.250.170 - - [03/Jun/2025:04:34:43 +0300] "GET /////wp-login.php HTTP/1.1" 200 - "-" "Mozilla/5.0 (X11; Linux x86_64; rv:31.0) Gecko/20100101 Firefox/31.0"
199.195.250.170 - - [03/Jun/2025:04:34:44 +0300] "GET /////wp-login.php HTTP/1.1" 200 - "-" "Mozilla/5.0 (Macintosh; Intel Mac OS X 10_9_4) AppleWebKit/537.36 (KHTML, like Gecko) Chrome/35.0.1916.153 Safari/537.36"
199.195.250.170 - - [03/Jun/2025:04:34:44 +0300] "GET /////wp-login.php HTTP/1.1" 200 - "-" "Mozilla/5.0 (Windows NT 6.1; WOW64) AppleWebKit/537.36 (KHTML, like Gecko) Chrome/35.0.1916.114 Safari/537.36"
199.195.250.170 - - [03/Jun/2025:04:34:44 +0300] "POST /////wp-login.php HTTP/1.1" 200 - "-" "Mozilla/5.0 (Windows NT 6.1; WOW64) AppleWebKit/537.36 (KHTML, like Gecko) Chrome/35.0.1916.114 Safari/537.36"
199.195.250.170 - - [03/Jun/2025:04:34:45 +0300] "GET /////wp-admin/plugin-install.php?tab=upload HTTP/1.1" 403 - "-" "Mozilla/5.0 (Windows NT 6.1; WOW64) AppleWebKit/537.36 (KHTML, like Gecko) Chrome/35.0.1916.114 Safari/537.36"
199.195.250.170 - - [03/Jun/2025:04:34:45 +0300] "GET /////wp-admin/ HTTP/1.1" 500 366 "-" "Mozilla/5.0 (Windows NT 6.1; WOW64) AppleWebKit/537.36 (KHTML, like Gecko) Chrome/35.0.1916.114 Safari/537.36"
199.195.250.170 - - [03/Jun/2025:04:34:45 +0300] "GET /////wp-login.php HTTP/1.1" 200 - "-" "Mozilla/5.0 (X11; Linux x86_64) AppleWebKit/537.36 (KHTML, like Gecko) Chrome/36.0.1985.143 Safari/537.36"
199.195.250.170 - - [03/Jun/2025:04:34:48 +0300] "GET /wp-login.php HTTP/1.1" 200 - "-" "Mozilla/5.0 (compatible; MSIE 10.0; Windows NT 6.1; WOW64; Trident/6.0)"
199.195.250.170 - - [03/Jun/2025:04:34:48 +0300] "GET /wp-login.php HTTP/1.1" 200 - "-" "Mozilla/5.0 (Macintosh; Intel Mac OS X 10_9_3) AppleWebKit/537.75.14 (KHTML, like Gecko) Version/7.0.3 Safari/537.75.14"
199.195.250.170 - - [03/Jun/2025:04:34:49 +0300] "GET /wp-login.php HTTP/1.1" 200 - "-" "Mozilla/5.0 (Windows NT 6.3; WOW64; Trident/7.0; rv:11.0) like Gecko"
199.195.250.170 - - [03/Jun/2025:04:34:49 +0300] "POST /wp-login.php HTTP/1.1" 200 - "-" "Mozilla/5.0 (Windows NT 6.3; WOW64; Trident/7.0; rv:11.0) like Gecko"
199.195.250.170 - - [03/Jun/2025:04:34:49 +0300] "GET /wp-admin/plugin-install.php?tab=upload HTTP/1.1" 403 - "-" "Mozilla/5.0 (Windows NT 6.3; WOW64; Trident/7.0; rv:11.0) like Gecko"
199.195.250.170 - - [03/Jun/2025:04:34:49 +0300] "GET /wp-admin/ HTTP/1.1" 500 366 "-" "Mozilla/5.0 (Windows NT 6.3; WOW64; Trident/7.0; rv:11.0) like Gecko"
199.195.250.170 - - [03/Jun/2025:04:34:50 +0300] "GET /wp-login.php HTTP/1.1" 200 - "-" "Mozilla/5.0 (Macintosh; Intel Mac OS X 10.9; rv:31.0) Gecko/20100101 Firefox/31.0"
199.195.250.170 - - [03/Jun/2025:04:34:52 +0300] "GET /wp-login.php HTTP/1.1" 200 - "-" "Mozilla/5.0 (X11; Linux x86_64) AppleWebKit/537.36 (KHTML, like Gecko) Chrome/36.0.1985.143 Safari/537.36"
199.195.250.170 - - [03/Jun/2025:04:34:52 +0300] "GET /wp-login.php HTTP/1.1" 200 - "-" "Mozilla/5.0 (Windows NT 6.1; WOW64; rv:30.0) Gecko/20100101 Firefox/30.0"
199.195.250.170 - - [03/Jun/2025:04:34:53 +0300] "GET /wp-login.php HTTP/1.1" 200 - "-" "Mozilla/5.0 (Macintosh; Intel Mac OS X 10_6_8) AppleWebKit/537.36 (KHTML, like Gecko) Chrome/36.0.1985.125 Safari/537.36"
199.195.250.170 - - [03/Jun/2025:04:34:53 +0300] "POST /wp-login.php HTTP/1.1" 200 - "-" "Mozilla/5.0 (Macintosh; Intel Mac OS X 10_6_8) AppleWebKit/537.36 (KHTML, like Gecko) Chrome/36.0.1985.125 Safari/537.36"
199.195.250.170 - - [03/Jun/2025:04:34:53 +0300] "GET /wp-admin/plugin-install.php?tab=upload HTTP/1.1" 403 - "-" "Mozilla/5.0 (Macintosh; Intel Mac OS X 10_6_8) AppleWebKit/537.36 (KHTML, like Gecko) Chrome/36.0.1985.125 Safari/537.36"
199.195.250.170 - - [03/Jun/2025:04:34:53 +0300] "GET /wp-admin/ HTTP/1.1" 500 366 "-" "Mozilla/5.0 (Macintosh; Intel Mac OS X 10_6_8) AppleWebKit/537.36 (KHTML, like Gecko) Chrome/36.0.1985.125 Safari/537.36"
199.195.250.170 - - [03/Jun/2025:04:34:54 +0300] "GET /wp-login.php HTTP/1.1" 200 - "-" "Mozilla/5.0 (X11; Linux x86_64) AppleWebKit/537.36 (KHTML, like Gecko) Chrome/36.0.1985.125 Safari/537.36"
69.197.182.50 - - [03/Jun/2025:04:48:31 +0300] "GET /wp-includes/admin.php HTTP/1.1" 200 - "https://bloomingcostamices.com/wp-includes/admin.php" "Mozilla/5.0 (Windows NT 10.0; Win64; x64) AppleWebKit/537.36 (KHTML, like Gecko) Chrome/58.0.3029.110 Safari/537.3"
184.73.167.217 - - [03/Jun/2025:04:54:06 +0300] "GET /robots.txt HTTP/1.1" 200 11880 "-" "Mozilla/5.0 AppleWebKit/537.36 (KHTML, like Gecko; compatible; Amazonbot/0.1; +https://developer.amazon.com/support/amazonbot) Chrome/119.0.6045.214 Safari/537.36"
98.83.178.66 - - [03/Jun/2025:04:54:08 +0300] "GET / HTTP/1.1" 403 - "-" "Mozilla/5.0 AppleWebKit/537.36 (KHTML, like Gecko; compatible; Amazonbot/0.1; +https://developer.amazon.com/support/amazonbot) Chrome/119.0.6045.214 Safari/537.36"
69.197.182.50 - - [03/Jun/2025:04:56:14 +0300] "GET /wp-includes/admin.php HTTP/1.1" 200 - "https://bloomingcostamices.com/wp-includes/admin.php" "Mozilla/5.0 (Windows NT 10.0; Win64; x64) AppleWebKit/537.36 (KHTML, like Gecko) Chrome/58.0.3029.110 Safari/537.3"
69.197.182.50 - - [03/Jun/2025:05:09:09 +0300] "GET /wp-includes/admin.php HTTP/1.1" 200 - "https://bloomingcostamices.com/wp-includes/admin.php" "Mozilla/5.0 (Windows NT 10.0; Win64; x64) AppleWebKit/537.36 (KHTML, like Gecko) Chrome/58.0.3029.110 Safari/537.3"
66.249.79.232 - - [03/Jun/2025:05:10:58 +0300] "GET /?_ga=2.199077398.1952530731.1720857825-949517515.1699680276&_bdsid=ilvlcu.n~LHICW.1729793929418.1735857950&_bd_prev_page=https://bloomingcostamices.com/spark.jsp?250048063 HTTP/1.1" 200 331488 "-" "Mozilla/5.0 (Linux; Android 6.0.1; Nexus 5X Build/MMB29P) AppleWebKit/537.36 (KHTML, like Gecko) Chrome/136.0.7103.113 Mobile Safari/537.36 (compatible; Googlebot/2.1; +http://www.google.com/bot.html)"
178.128.251.33 - - [03/Jun/2025:05:15:56 +0300] "GET / HTTP/1.1" 200 - "-" "Mozilla/5.0 (X11; Linux x86_64) AppleWebKit/537.36 (KHTML, like Gecko) Chrome/135.0.0.0 Safari/537.36"
178.128.251.33 - - [03/Jun/2025:05:15:57 +0300] "GET /favicon.ico HTTP/1.1" 200 - "https://www.bloomingcostamices.com.logoandwebdesigns.com/" "Mozilla/5.0 (X11; Linux x86_64) AppleWebKit/537.36 (KHTML, like Gecko) Chrome/135.0.0.0 Safari/537.36"
208.110.64.178 - - [03/Jun/2025:05:16:19 +0300] "GET /wp-includes/admin.php HTTP/1.1" 200 - "https://bloomingcostamices.com/wp-includes/admin.php" "Mozilla/5.0 (Windows NT 10.0; Win64; x64) AppleWebKit/537.36 (KHTML, like Gecko) Chrome/58.0.3029.110 Safari/537.3"
64.23.189.214 - - [03/Jun/2025:05:17:11 +0300] "GET / HTTP/1.1" 401 53 "-" "Mozilla/5.0 (X11; Linux x86_64) AppleWebKit/537.36 (KHTML, like Gecko) Chrome/135.0.0.0 Safari/537.36"
64.23.189.214 - - [03/Jun/2025:05:17:16 +0300] "GET /favicon.ico HTTP/1.1" 401 53 "https://cpcontacts.bloomingcostamices.com/" "Mozilla/5.0 (X11; Linux x86_64) AppleWebKit/537.36 (KHTML, like Gecko) Chrome/135.0.0.0 Safari/537.36"
204.12.252.98 - - [03/Jun/2025:05:20:53 +0300] "GET /wp-includes/admin.php HTTP/1.1" 200 - "https://bloomingcostamices.com/wp-includes/admin.php" "Mozilla/5.0 (Windows NT 10.0; Win64; x64) AppleWebKit/537.36 (KHTML, like Gecko) Chrome/58.0.3029.110 Safari/537.3"
161.97.76.58 - - [03/Jun/2025:05:26:22 +0300] "GET /robots.txt HTTP/1.1" 200 - "-" "Mozilla/5.0 (compatible; MJ12bot/v1.4.8; http://mj12bot.com/)"
161.97.76.58 - - [03/Jun/2025:05:26:34 +0300] "GET /hello-world/?replytocom=1 HTTP/1.1" 200 - "-" "Mozilla/5.0 (compatible; MJ12bot/v1.4.8; http://mj12bot.com/)"
69.197.182.50 - - [03/Jun/2025:05:27:07 +0300] "GET /wp-includes/admin.php HTTP/1.1" 200 - "https://bloomingcostamices.com/wp-includes/admin.php" "Mozilla/5.0 (Windows NT 10.0; Win64; x64) AppleWebKit/537.36 (KHTML, like Gecko) Chrome/58.0.3029.110 Safari/537.3"
193.111.248.52 - - [03/Jun/2025:05:34:03 +0300] "GET /wp-login.php HTTP/1.1" 200 - "-" "-"
69.197.135.226 - - [03/Jun/2025:05:35:33 +0300] "GET /wp-includes/admin.php HTTP/1.1" 200 - "https://bloomingcostamices.com/wp-includes/admin.php" "Mozilla/5.0 (Windows NT 10.0; Win64; x64) AppleWebKit/537.36 (KHTML, like Gecko) Chrome/58.0.3029.110 Safari/537.3"
162.142.125.34 - - [03/Jun/2025:05:40:18 +0300] "GET / HTTP/1.1" 400 52 "-" "Mozilla/5.0 (compatible; CensysInspect/1.1; +https://about.censys.io/)"
162.142.125.34 - - [03/Jun/2025:05:41:22 +0300] "GET /favicon.ico HTTP/1.1" 400 52 "-" "Mozilla/5.0 (compatible; CensysInspect/1.1; +https://about.censys.io/)"
162.142.125.34 - - [03/Jun/2025:05:41:43 +0300] "GET /wiki HTTP/1.1" 400 52 "-" "Mozilla/5.0 (compatible; CensysInspect/1.1; +https://about.censys.io/)"
162.142.125.34 - - [03/Jun/2025:05:41:53 +0300] "GET /favicon.ico HTTP/1.1" 400 52 "-" "Mozilla/5.0 (compatible; CensysInspect/1.1; +https://about.censys.io/)"
69.197.182.50 - - [03/Jun/2025:05:46:23 +0300] "GET /wp-includes/admin.php HTTP/1.1" 200 - "https://bloomingcostamices.com/wp-includes/admin.php" "Mozilla/5.0 (Windows NT 10.0; Win64; x64) AppleWebKit/537.36 (KHTML, like Gecko) Chrome/58.0.3029.110 Safari/537.3"
66.249.79.233 - - [03/Jun/2025:05:57:49 +0300] "GET /?_ga=2.199077398.1952530731.1720857825-949517515.1699680276&_bdsid=ilvlcu.n~LHICW.1729793929418.1735857950&_bd_prev_page=https://bloomingcostamices.com/spark.jsp?199047349 HTTP/1.1" 200 326442 "-" "Mozilla/5.0 (Linux; Android 6.0.1; Nexus 5X Build/MMB29P) AppleWebKit/537.36 (KHTML, like Gecko) Chrome/136.0.7103.113 Mobile Safari/537.36 (compatible; Googlebot/2.1; +http://www.google.com/bot.html)"
69.197.135.226 - - [03/Jun/2025:06:01:52 +0300] "GET /wp-includes/admin.php HTTP/1.1" 200 - "https://bloomingcostamices.com/wp-includes/admin.php" "Mozilla/5.0 (Windows NT 10.0; Win64; x64) AppleWebKit/537.36 (KHTML, like Gecko) Chrome/58.0.3029.110 Safari/537.3"
204.12.252.98 - - [03/Jun/2025:06:09:31 +0300] "GET /wp-includes/admin.php HTTP/1.1" 200 - "https://bloomingcostamices.com/wp-includes/admin.php" "Mozilla/5.0 (Windows NT 10.0; Win64; x64) AppleWebKit/537.36 (KHTML, like Gecko) Chrome/58.0.3029.110 Safari/537.3"
62.102.148.158 - - [03/Jun/2025:06:21:54 +0300] "GET /ququos HTTP/1.1" 200 - "-" "Mozilla/5.0 (Windows NT 10.0; Win64; x64) AppleWebKit/537.36 (KHTML, like Gecko) Chrome/127.0.0.0 Safari/537.36"
62.102.148.158 - - [03/Jun/2025:06:21:54 +0300] "GET /wp-login.php HTTP/1.1" 200 - "https://bloomingcostamices.com" "Mozilla/5.0 (Windows NT 10.0; Win64; x64) AppleWebKit/537.36 (KHTML, like Gecko) Chrome/127.0.0.0 Safari/537.36"
62.102.148.158 - - [03/Jun/2025:06:21:54 +0300] "GET /wp-login.php HTTP/1.1" 200 - "https://bloomingcostamices.com" "Mozilla/5.0 (Windows NT 10.0; Win64; x64) AppleWebKit/537.36 (KHTML, like Gecko) Chrome/127.0.0.0 Safari/537.36"
62.102.148.158 - - [03/Jun/2025:06:21:55 +0300] "POST /wp-login.php HTTP/1.1" 200 - "https://bloomingcostamices.com" "Mozilla/5.0 (Windows NT 10.0; Win64; x64) AppleWebKit/537.36 (KHTML, like Gecko) Chrome/127.0.0.0 Safari/537.36"
69.197.182.50 - - [03/Jun/2025:06:22:49 +0300] "GET /wp-includes/admin.php HTTP/1.1" 200 - "https://bloomingcostamices.com/wp-includes/admin.php" "Mozilla/5.0 (Windows NT 10.0; Win64; x64) AppleWebKit/537.36 (KHTML, like Gecko) Chrome/58.0.3029.110 Safari/537.3"
66.249.76.74 - - [03/Jun/2025:06:32:58 +0300] "GET /?_ga=2.199077398.1952530731.1720857825-949517515.1699680276&_bdsid=ilvlcu.n~LHICW.1729793929418.1735857950&_bd_prev_page=https://bloomingcostamices.com/spark.jsp?199002610 HTTP/1.1" 200 328543 "-" "Mozilla/5.0 (Linux; Android 6.0.1; Nexus 5X Build/MMB29P) AppleWebKit/537.36 (KHTML, like Gecko) Chrome/136.0.7103.113 Mobile Safari/537.36 (compatible; Googlebot/2.1; +http://www.google.com/bot.html)"
167.94.138.181 - - [03/Jun/2025:06:34:01 +0300] "GET /autodiscover/autodiscover.xml HTTP/1.1" 400 52 "-" "Mozilla/5.0 (compatible; CensysInspect/1.1; +https://about.censys.io/)"
167.94.138.181 - - [03/Jun/2025:06:34:34 +0300] "GET /favicon.ico HTTP/1.1" 400 52 "-" "Mozilla/5.0 (compatible; CensysInspect/1.1; +https://about.censys.io/)"
167.94.138.181 - - [03/Jun/2025:06:34:49 +0300] "GET /wiki HTTP/1.1" 400 52 "-" "Mozilla/5.0 (compatible; CensysInspect/1.1; +https://about.censys.io/)"
167.94.138.181 - - [03/Jun/2025:06:34:53 +0300] "GET /favicon.ico HTTP/1.1" 400 52 "-" "Mozilla/5.0 (compatible; CensysInspect/1.1; +https://about.censys.io/)"
66.249.76.72 - - [03/Jun/2025:06:35:16 +0300] "GET /?_ga=2.199077398.1952530731.1720857825-949517515.1699680276&_bdsid=ilvlcu.n~LHICW.1729793929418.1735857950&_bd_prev_page=https://bloomingcostamices.com/spark.jsp?199025466 HTTP/1.1" 200 331687 "-" "Mozilla/5.0 (Linux; Android 6.0.1; Nexus 5X Build/MMB29P) AppleWebKit/537.36 (KHTML, like Gecko) Chrome/136.0.7103.113 Mobile Safari/537.36 (compatible; Googlebot/2.1; +http://www.google.com/bot.html)"
208.110.64.178 - - [03/Jun/2025:06:38:33 +0300] "GET /wp-includes/admin.php HTTP/1.1" 200 - "https://bloomingcostamices.com/wp-includes/admin.php" "Mozilla/5.0 (Windows NT 10.0; Win64; x64) AppleWebKit/537.36 (KHTML, like Gecko) Chrome/58.0.3029.110 Safari/537.3"
66.249.76.73 - - [03/Jun/2025:06:47:55 +0300] "GET /?_ga=2.199077398.1952530731.1720857825-949517515.1699680276&_bdsid=ilvlcu.n~LHICW.1729793929418.1735857950&_bd_prev_page=https://bloomingcostamices.com/spark.jsp?238004786 HTTP/1.1" 200 339983 "-" "Mozilla/5.0 (Linux; Android 6.0.1; Nexus 5X Build/MMB29P) AppleWebKit/537.36 (KHTML, like Gecko) Chrome/136.0.7103.113 Mobile Safari/537.36 (compatible; Googlebot/2.1; +http://www.google.com/bot.html)"
66.249.79.234 - - [03/Jun/2025:06:50:57 +0300] "GET /?_ga=2.199077398.1952530731.1720857825-949517515.1699680276&_bdsid=ilvlcu.n~LHICW.1729793929418.1735857950&_bd_prev_page=https://bloomingcostamices.com/spark.jsp?156028346 HTTP/1.1" 200 334253 "-" "Mozilla/5.0 (Linux; Android 6.0.1; Nexus 5X Build/MMB29P) AppleWebKit/537.36 (KHTML, like Gecko) Chrome/136.0.7103.113 Mobile Safari/537.36 (compatible; Googlebot/2.1; +http://www.google.com/bot.html)"
66.249.79.233 - - [03/Jun/2025:06:56:34 +0300] "GET /?_ga=2.199077398.1952530731.1720857825-949517515.1699680276&_bdsid=ilvlcu.n~LHICW.1729793929418.1735857950&_bd_prev_page=https://bloomingcostamices.com/spark.jsp?015037837 HTTP/1.1" 200 339823 "-" "Mozilla/5.0 (Linux; Android 6.0.1; Nexus 5X Build/MMB29P) AppleWebKit/537.36 (KHTML, like Gecko) Chrome/136.0.7103.113 Mobile Safari/537.36 (compatible; Googlebot/2.1; +http://www.google.com/bot.html)"
208.110.64.178 - - [03/Jun/2025:06:59:52 +0300] "GET /wp-includes/admin.php HTTP/1.1" 200 - "https://bloomingcostamices.com/wp-includes/admin.php" "Mozilla/5.0 (Windows NT 10.0; Win64; x64) AppleWebKit/537.36 (KHTML, like Gecko) Chrome/58.0.3029.110 Safari/537.3"
66.249.76.72 - - [03/Jun/2025:07:00:41 +0300] "GET /108022295 HTTP/1.1" 200 305045 "-" "Mozilla/5.0 (Linux; Android 6.0.1; Nexus 5X Build/MMB29P) AppleWebKit/537.36 (KHTML, like Gecko) Chrome/136.0.7103.113 Mobile Safari/537.36 (compatible; Googlebot/2.1; +http://www.google.com/bot.html)"
66.249.79.234 - - [03/Jun/2025:07:01:38 +0300] "GET /049020297 HTTP/1.1" 200 329992 "-" "Mozilla/5.0 (Linux; Android 6.0.1; Nexus 5X Build/MMB29P) AppleWebKit/537.36 (KHTML, like Gecko) Chrome/136.0.7103.113 Mobile Safari/537.36 (compatible; Googlebot/2.1; +http://www.google.com/bot.html)"
66.249.79.234 - - [03/Jun/2025:07:03:31 +0300] "GET /?_ga=2.199077398.1952530731.1720857825-949517515.1699680276&_bdsid=ilvlcu.n~LHICW.1729793929418.1735857950&_bd_prev_page=https://bloomingcostamices.com/spark.jsp?199043493 HTTP/1.1" 200 341227 "-" "Mozilla/5.0 (Linux; Android 6.0.1; Nexus 5X Build/MMB29P) AppleWebKit/537.36 (KHTML, like Gecko) Chrome/136.0.7103.113 Mobile Safari/537.36 (compatible; Googlebot/2.1; +http://www.google.com/bot.html)"
206.168.34.216 - - [03/Jun/2025:07:03:48 +0300] "GET / HTTP/1.1" 200 - "-" "Mozilla/5.0 (compatible; CensysInspect/1.1; +https://about.censys.io/)"
206.168.34.216 - - [03/Jun/2025:07:04:53 +0300] "GET /favicon.ico HTTP/1.1" 200 - "-" "Mozilla/5.0 (compatible; CensysInspect/1.1; +https://about.censys.io/)"
206.168.34.216 - - [03/Jun/2025:07:05:19 +0300] "GET /login HTTP/1.1" 200 - "-" "Mozilla/5.0 (compatible; CensysInspect/1.1; +https://about.censys.io/)"
206.168.34.216 - - [03/Jun/2025:07:05:26 +0300] "GET /favicon.ico HTTP/1.1" 200 - "-" "Mozilla/5.0 (compatible; CensysInspect/1.1; +https://about.censys.io/)"
66.249.76.72 - - [03/Jun/2025:07:08:04 +0300] "GET /?_ga=2.199077398.1952530731.1720857825-949517515.1699680276&_bdsid=ilvlcu.n~LHICW.1729793929418.1735857950&_bd_prev_page=https://bloomingcostamices.com/spark.jsp?220001973 HTTP/1.1" 200 331667 "-" "Mozilla/5.0 (compatible; Googlebot/2.1; +http://www.google.com/bot.html)"
66.249.79.232 - - [03/Jun/2025:07:12:43 +0300] "GET /?_ga=2.199077398.1952530731.1720857825-949517515.1699680276&_bdsid=ilvlcu.n~LHICW.1729793929418.1735857950&_bd_prev_page=https://bloomingcostamices.com/spark.jsp?191024664 HTTP/1.1" 200 340915 "-" "Mozilla/5.0 (Linux; Android 6.0.1; Nexus 5X Build/MMB29P) AppleWebKit/537.36 (KHTML, like Gecko) Chrome/136.0.7103.113 Mobile Safari/537.36 (compatible; Googlebot/2.1; +http://www.google.com/bot.html)"
66.249.79.234 - - [03/Jun/2025:07:17:10 +0300] "GET /?_ga=2.199077398.1952530731.1720857825-949517515.1699680276&_bdsid=ilvlcu.n~LHICW.1729793929418.1735857950&_bd_prev_page=https://bloomingcostamices.com/spark.jsp?019013857 HTTP/1.1" 200 323219 "-" "Mozilla/5.0 (compatible; Googlebot/2.1; +http://www.google.com/bot.html)"
66.249.76.74 - - [03/Jun/2025:07:20:51 +0300] "GET /?_ga=2.199077398.1952530731.1720857825-949517515.1699680276&_bdsid=ilvlcu.n~LHICW.1729793929418.1735857950&_bd_prev_page=https://bloomingcostamices.com/spark.jsp?195014423 HTTP/1.1" 200 332313 "-" "Mozilla/5.0 (compatible; Googlebot/2.1; +http://www.google.com/bot.html)"
66.249.79.232 - - [03/Jun/2025:07:22:52 +0300] "GET /?_ga=2.199077398.1952530731.1720857825-949517515.1699680276&_bdsid=ilvlcu.n~LHICW.1729793929418.1735857950&_bd_prev_page=https://bloomingcostamices.com/spark.jsp?017029236 HTTP/1.1" 200 333942 "-" "Mozilla/5.0 (compatible; Googlebot/2.1; +http://www.google.com/bot.html)"
66.249.76.74 - - [03/Jun/2025:07:27:52 +0300] "GET /?_ga=2.199077398.1952530731.1720857825-949517515.1699680276&_bdsid=ilvlcu.n~LHICW.1729793929418.1735857950&_bd_prev_page=https://bloomingcostamices.com/spark.jsp?199028775 HTTP/1.1" 200 332999 "-" "Mozilla/5.0 (Linux; Android 6.0.1; Nexus 5X Build/MMB29P) AppleWebKit/537.36 (KHTML, like Gecko) Chrome/136.0.7103.113 Mobile Safari/537.36 (compatible; Googlebot/2.1; +http://www.google.com/bot.html)"
69.197.182.50 - - [03/Jun/2025:07:28:09 +0300] "GET /wp-includes/admin.php HTTP/1.1" 200 - "https://bloomingcostamices.com/wp-includes/admin.php" "Mozilla/5.0 (Windows NT 10.0; Win64; x64) AppleWebKit/537.36 (KHTML, like Gecko) Chrome/58.0.3029.110 Safari/537.3"
66.249.76.73 - - [03/Jun/2025:07:30:02 +0300] "GET /?_ga=2.199077398.1952530731.1720857825-949517515.1699680276&_bdsid=ilvlcu.n~LHICW.1729793929418.1735857950&_bd_prev_page=https://bloomingcostamices.com/spark.jsp?199009261 HTTP/1.1" 200 323694 "-" "Mozilla/5.0 (Linux; Android 6.0.1; Nexus 5X Build/MMB29P) AppleWebKit/537.36 (KHTML, like Gecko) Chrome/136.0.7103.113 Mobile Safari/537.36 (compatible; Googlebot/2.1; +http://www.google.com/bot.html)"
66.249.76.73 - - [03/Jun/2025:07:30:41 +0300] "GET /?_ga=2.199077398.1952530731.1720857825-949517515.1699680276&_bdsid=ilvlcu.n~LHICW.1729793929418.1735857950&_bd_prev_page=https://bloomingcostamices.com/spark.jsp?180010920 HTTP/1.1" 200 331630 "-" "Mozilla/5.0 (compatible; Googlebot/2.1; +http://www.google.com/bot.html)"
66.249.76.74 - - [03/Jun/2025:07:33:20 +0300] "GET /?_ga=2.199077398.1952530731.1720857825-949517515.1699680276&_bdsid=ilvlcu.n~LHICW.1729793929418.1735857950&_bd_prev_page=https://bloomingcostamices.com/spark.jsp?199028336 HTTP/1.1" 200 331548 "-" "Mozilla/5.0 (Linux; Android 6.0.1; Nexus 5X Build/MMB29P) AppleWebKit/537.36 (KHTML, like Gecko) Chrome/136.0.7103.113 Mobile Safari/537.36 (compatible; Googlebot/2.1; +http://www.google.com/bot.html)"
66.249.79.233 - - [03/Jun/2025:07:34:06 +0300] "GET /?_ga=2.199077398.1952530731.1720857825-949517515.1699680276&_bdsid=ilvlcu.n~LHICW.1729793929418.1735857950&_bd_prev_page=https://bloomingcostamices.com/spark.jsp?199004672 HTTP/1.1" 200 305377 "-" "Mozilla/5.0 (Linux; Android 6.0.1; Nexus 5X Build/MMB29P) AppleWebKit/537.36 (KHTML, like Gecko) Chrome/136.0.7103.113 Mobile Safari/537.36 (compatible; Googlebot/2.1; +http://www.google.com/bot.html)"
66.249.76.72 - - [03/Jun/2025:07:34:32 +0300] "GET /?_ga=2.199077398.1952530731.1720857825-949517515.1699680276&_bdsid=ilvlcu.n~LHICW.1729793929418.1735857950&_bd_prev_page=https://bloomingcostamices.com/spark.jsp?199014217 HTTP/1.1" 200 330556 "-" "Mozilla/5.0 (Linux; Android 6.0.1; Nexus 5X Build/MMB29P) AppleWebKit/537.36 (KHTML, like Gecko) Chrome/136.0.7103.113 Mobile Safari/537.36 (compatible; Googlebot/2.1; +http://www.google.com/bot.html)"
204.12.252.98 - - [03/Jun/2025:07:37:21 +0300] "GET /wp-includes/admin.php HTTP/1.1" 200 - "https://bloomingcostamices.com/wp-includes/admin.php" "Mozilla/5.0 (Windows NT 10.0; Win64; x64) AppleWebKit/537.36 (KHTML, like Gecko) Chrome/58.0.3029.110 Safari/537.3"
66.249.79.234 - - [03/Jun/2025:07:44:26 +0300] "GET /?_ga=2.199077398.1952530731.1720857825-949517515.1699680276&_bdsid=ilvlcu.n~LHICW.1729793929418.1735857950&_bd_prev_page=https://bloomingcostamices.com/spark.jsp?199046452 HTTP/1.1" 200 336282 "-" "Mozilla/5.0 (Linux; Android 6.0.1; Nexus 5X Build/MMB29P) AppleWebKit/537.36 (KHTML, like Gecko) Chrome/136.0.7103.113 Mobile Safari/537.36 (compatible; Googlebot/2.1; +http://www.google.com/bot.html)"
66.249.79.232 - - [03/Jun/2025:07:49:03 +0300] "GET /?_ga=2.199077398.1952530731.1720857825-949517515.1699680276&_bdsid=ilvlcu.n~LHICW.1729793929418.1735857950&_bd_prev_page=https://bloomingcostamices.com/spark.jsp?199014411 HTTP/1.1" 200 331494 "-" "Mozilla/5.0 (Linux; Android 6.0.1; Nexus 5X Build/MMB29P) AppleWebKit/537.36 (KHTML, like Gecko) Chrome/136.0.7103.113 Mobile Safari/537.36 (compatible; Googlebot/2.1; +http://www.google.com/bot.html)"
69.197.182.50 - - [03/Jun/2025:07:51:00 +0300] "GET /wp-includes/admin.php HTTP/1.1" 200 - "https://bloomingcostamices.com/wp-includes/admin.php" "Mozilla/5.0 (Windows NT 10.0; Win64; x64) AppleWebKit/537.36 (KHTML, like Gecko) Chrome/58.0.3029.110 Safari/537.3"
69.197.182.50 - - [03/Jun/2025:08:12:31 +0300] "GET /wp-includes/admin.php HTTP/1.1" 200 - "https://bloomingcostamices.com/wp-includes/admin.php" "Mozilla/5.0 (Windows NT 10.0; Win64; x64) AppleWebKit/537.36 (KHTML, like Gecko) Chrome/58.0.3029.110 Safari/537.3"
69.197.182.50 - - [03/Jun/2025:08:17:10 +0300] "GET /wp-includes/admin.php HTTP/1.1" 200 - "https://bloomingcostamices.com/wp-includes/admin.php" "Mozilla/5.0 (Windows NT 10.0; Win64; x64) AppleWebKit/537.36 (KHTML, like Gecko) Chrome/58.0.3029.110 Safari/537.3"
66.249.79.233 - - [03/Jun/2025:08:22:52 +0300] "GET /?_ga=2.199077398.1952530731.1720857825-949517515.1699680276&_bdsid=ilvlcu.n~LHICW.1729793929418.1735857950&_bd_prev_page=https://bloomingcostamices.com/spark.jsp?142035203 HTTP/1.1" 200 314864 "-" "Mozilla/5.0 (compatible; Googlebot/2.1; +http://www.google.com/bot.html)"
66.249.79.233 - - [03/Jun/2025:08:40:03 +0300] "GET /?_ga=2.199077398.1952530731.1720857825-949517515.1699680276&_bdsid=ilvlcu.n~LHICW.1729793929418.1735857950&_bd_prev_page=https://bloomingcostamices.com/spark.jsp?234018564 HTTP/1.1" 200 344833 "-" "Mozilla/5.0 (compatible; Googlebot/2.1; +http://www.google.com/bot.html)"
66.249.79.233 - - [03/Jun/2025:08:41:17 +0300] "GET /?_ga=2.199077398.1952530731.1720857825-949517515.1699680276&_bdsid=ilvlcu.n~LHICW.1729793929418.1735857950&_bd_prev_page=https://bloomingcostamices.com/spark.jsp?012047486 HTTP/1.1" 200 343443 "-" "Mozilla/5.0 (Linux; Android 6.0.1; Nexus 5X Build/MMB29P) AppleWebKit/537.36 (KHTML, like Gecko) Chrome/136.0.7103.113 Mobile Safari/537.36 (compatible; Googlebot/2.1; +http://www.google.com/bot.html)"
69.197.182.50 - - [03/Jun/2025:08:49:05 +0300] "GET /wp-includes/admin.php HTTP/1.1" 200 - "https://bloomingcostamices.com/wp-includes/admin.php" "Mozilla/5.0 (Windows NT 10.0; Win64; x64) AppleWebKit/537.36 (KHTML, like Gecko) Chrome/58.0.3029.110 Safari/537.3"
66.249.79.234 - - [03/Jun/2025:08:50:09 +0300] "GET /?_ga=2.199077398.1952530731.1720857825-949517515.1699680276&_bdsid=ilvlcu.n~LHICW.1729793929418.1735857950&_bd_prev_page=https://bloomingcostamices.com/spark.jsp?053044971 HTTP/1.1" 200 332840 "-" "Mozilla/5.0 (compatible; Googlebot/2.1; +http://www.google.com/bot.html)"
66.249.79.233 - - [03/Jun/2025:08:50:25 +0300] "GET /?_ga=2.199077398.1952530731.1720857825-949517515.1699680276&_bdsid=ilvlcu.n~LHICW.1729793929418.1735857950&_bd_prev_page=https://bloomingcostamices.com/spark.jsp?007026689 HTTP/1.1" 200 329297 "-" "Mozilla/5.0 (Linux; Android 6.0.1; Nexus 5X Build/MMB29P) AppleWebKit/537.36 (KHTML, like Gecko) Chrome/136.0.7103.113 Mobile Safari/537.36 (compatible; Googlebot/2.1; +http://www.google.com/bot.html)"
66.249.79.233 - - [03/Jun/2025:08:52:04 +0300] "GET /?_ga=2.199077398.1952530731.1720857825-949517515.1699680276&_bdsid=ilvlcu.n~LHICW.1729793929418.1735857950&_bd_prev_page=https://bloomingcostamices.com/spark.jsp?150011247 HTTP/1.1" 200 331552 "-" "Mozilla/5.0 (Linux; Android 6.0.1; Nexus 5X Build/MMB29P) AppleWebKit/537.36 (KHTML, like Gecko) Chrome/136.0.7103.113 Mobile Safari/537.36 (compatible; Googlebot/2.1; +http://www.google.com/bot.html)"
66.249.79.232 - - [03/Jun/2025:08:53:45 +0300] "GET /164042292 HTTP/1.1" 200 331134 "-" "Mozilla/5.0 (Linux; Android 6.0.1; Nexus 5X Build/MMB29P) AppleWebKit/537.36 (KHTML, like Gecko) Chrome/136.0.7103.113 Mobile Safari/537.36 (compatible; Googlebot/2.1; +http://www.google.com/bot.html)"
66.249.76.73 - - [03/Jun/2025:08:54:26 +0300] "GET /?_ga=2.199077398.1952530731.1720857825-949517515.1699680276&_bdsid=ilvlcu.n~LHICW.1729793929418.1735857950&_bd_prev_page=https://bloomingcostamices.com/spark.jsp?256042943 HTTP/1.1" 200 339287 "-" "Mozilla/5.0 (compatible; Googlebot/2.1; +http://www.google.com/bot.html)"
69.197.135.226 - - [03/Jun/2025:08:56:22 +0300] "GET /wp-includes/admin.php HTTP/1.1" 200 - "https://bloomingcostamices.com/wp-includes/admin.php" "Mozilla/5.0 (Windows NT 10.0; Win64; x64) AppleWebKit/537.36 (KHTML, like Gecko) Chrome/58.0.3029.110 Safari/537.3"
66.249.76.72 - - [03/Jun/2025:08:59:19 +0300] "GET /?_ga=2.199077398.1952530731.1720857825-949517515.1699680276&_bdsid=ilvlcu.n~LHICW.1729793929418.1735857950&_bd_prev_page=https://bloomingcostamices.com/spark.jsp?040037099 HTTP/1.1" 200 314810 "-" "Mozilla/5.0 (compatible; Googlebot/2.1; +http://www.google.com/bot.html)"
34.59.235.217 - - [03/Jun/2025:09:00:17 +0300] "GET / HTTP/1.1" 200 - "-" "Mozilla/5.0 (Macintosh; Intel Mac OS X 11_3_7; en) AppleWebKit/605.1.15 (KHTML, like Gecko) Version/17.3.7 Safari/605.1.15"
51.222.253.4 - - [03/Jun/2025:09:02:41 +0300] "GET /robots.txt HTTP/1.1" 200 - "-" "Mozilla/5.0 (compatible; AhrefsBot/7.0; +http://ahrefs.com/robot/)"
34.59.235.217 - - [03/Jun/2025:09:04:58 +0300] "GET /.well-known/security.txt HTTP/1.1" 200 - "-" "Mozilla/5.0 (Ubuntu; Linux i686; rv:122.0) Gecko/20100101 Firefox/122.0"
34.59.235.217 - - [03/Jun/2025:09:04:59 +0300] "GET /security.txt HTTP/1.1" 200 - "-" "Mozilla/5.0 (Fedora; Linux i686; rv:126.0) Gecko/20100101 Firefox/126.0"
66.249.79.232 - - [03/Jun/2025:09:07:43 +0300] "GET /?_ga=2.199077398.1952530731.1720857825-949517515.1699680276&_bdsid=ilvlcu.n~LHICW.1729793929418.1735857950&_bd_prev_page=https://bloomingcostamices.com/spark.jsp?190023319 HTTP/1.1" 200 336707 "-" "Mozilla/5.0 (Linux; Android 6.0.1; Nexus 5X Build/MMB29P) AppleWebKit/537.36 (KHTML, like Gecko) Chrome/136.0.7103.113 Mobile Safari/537.36 (compatible; Googlebot/2.1; +http://www.google.com/bot.html)"
66.249.79.232 - - [03/Jun/2025:09:08:02 +0300] "GET /?_ga=2.199077398.1952530731.1720857825-949517515.1699680276&_bdsid=ilvlcu.n~LHICW.1729793929418.1735857950&_bd_prev_page=https://bloomingcostamices.com/spark.jsp?282024499 HTTP/1.1" 200 338192 "-" "Mozilla/5.0 (Linux; Android 6.0.1; Nexus 5X Build/MMB29P) AppleWebKit/537.36 (KHTML, like Gecko) Chrome/136.0.7103.113 Mobile Safari/537.36 (compatible; Googlebot/2.1; +http://www.google.com/bot.html)"
66.249.79.232 - - [03/Jun/2025:09:09:32 +0300] "GET /?_ga=2.199077398.1952530731.1720857825-949517515.1699680276&_bdsid=ilvlcu.n~LHICW.1729793929418.1735857950&_bd_prev_page=https://bloomingcostamices.com/spark.jsp?040037099 HTTP/1.1" 200 315633 "-" "Mozilla/5.0 (Linux; Android 6.0.1; Nexus 5X Build/MMB29P) AppleWebKit/537.36 (KHTML, like Gecko) Chrome/136.0.7103.113 Mobile Safari/537.36 (compatible; Googlebot/2.1; +http://www.google.com/bot.html)"
66.249.79.234 - - [03/Jun/2025:09:17:56 +0300] "GET /?_ga=2.199077398.1952530731.1720857825-949517515.1699680276&_bdsid=ilvlcu.n~LHICW.1729793929418.1735857950&_bd_prev_page=https://bloomingcostamices.com/spark.jsp?031029636 HTTP/1.1" 200 330446 "-" "Mozilla/5.0 (Linux; Android 6.0.1; Nexus 5X Build/MMB29P) AppleWebKit/537.36 (KHTML, like Gecko) Chrome/136.0.7103.113 Mobile Safari/537.36 (compatible; Googlebot/2.1; +http://www.google.com/bot.html)"
66.249.79.234 - - [03/Jun/2025:09:19:29 +0300] "GET /?_ga=2.199077398.1952530731.1720857825-949517515.1699680276&_bdsid=ilvlcu.n~LHICW.1729793929418.1735857950&_bd_prev_page=https://bloomingcostamices.com/spark.jsp?073011886 HTTP/1.1" 200 311083 "-" "Mozilla/5.0 (Linux; Android 6.0.1; Nexus 5X Build/MMB29P) AppleWebKit/537.36 (KHTML, like Gecko) Chrome/136.0.7103.113 Mobile Safari/537.36 (compatible; Googlebot/2.1; +http://www.google.com/bot.html)"
66.249.76.73 - - [03/Jun/2025:09:19:43 +0300] "GET /?_ga=2.199077398.1952530731.1720857825-949517515.1699680276&_bdsid=ilvlcu.n~LHICW.1729793929418.1735857950&_bd_prev_page=https://bloomingcostamices.com/spark.jsp?148027099 HTTP/1.1" 200 306148 "-" "Mozilla/5.0 (Linux; Android 6.0.1; Nexus 5X Build/MMB29P) AppleWebKit/537.36 (KHTML, like Gecko) Chrome/136.0.7103.113 Mobile Safari/537.36 (compatible; Googlebot/2.1; +http://www.google.com/bot.html)"
66.249.79.232 - - [03/Jun/2025:09:20:34 +0300] "GET /?_ga=2.199077398.1952530731.1720857825-949517515.1699680276&_bdsid=ilvlcu.n~LHICW.1729793929418.1735857950&_bd_prev_page=https://bloomingcostamices.com/spark.jsp?141027412 HTTP/1.1" 200 330286 "-" "Mozilla/5.0 (compatible; Googlebot/2.1; +http://www.google.com/bot.html)"
66.249.76.73 - - [03/Jun/2025:09:20:44 +0300] "GET /?_ga=2.199077398.1952530731.1720857825-949517515.1699680276&_bdsid=ilvlcu.n~LHICW.1729793929418.1735857950&_bd_prev_page=https://bloomingcostamices.com/spark.jsp?282024499 HTTP/1.1" 200 336153 "-" "Mozilla/5.0 (Linux; Android 6.0.1; Nexus 5X Build/MMB29P) AppleWebKit/537.36 (KHTML, like Gecko) Chrome/136.0.7103.113 Mobile Safari/537.36 (compatible; Googlebot/2.1; +http://www.google.com/bot.html)"
69.171.231.113 - - [03/Jun/2025:09:21:17 +0300] "GET /robots.txt HTTP/1.1" 200 - "-" "facebookexternalhit/1.1 (+http://www.facebook.com/externalhit_uatext.php)"
66.249.76.72 - - [03/Jun/2025:09:23:51 +0300] "GET /?_ga=2.199077398.1952530731.1720857825-949517515.1699680276&_bdsid=ilvlcu.n~LHICW.1729793929418.1735857950&_bd_prev_page=https://bloomingcostamices.com/spark.jsp?160020983 HTTP/1.1" 200 334066 "-" "Mozilla/5.0 (compatible; Googlebot/2.1; +http://www.google.com/bot.html)"
69.197.182.50 - - [03/Jun/2025:09:31:57 +0300] "GET /wp-includes/admin.php HTTP/1.1" 200 - "https://bloomingcostamices.com/wp-includes/admin.php" "Mozilla/5.0 (Windows NT 10.0; Win64; x64) AppleWebKit/537.36 (KHTML, like Gecko) Chrome/58.0.3029.110 Safari/537.3"
66.249.79.232 - - [03/Jun/2025:09:35:25 +0300] "GET /?_ga=2.199077398.1952530731.1720857825-949517515.1699680276&_bdsid=ilvlcu.n~LHICW.1729793929418.1735857950&_bd_prev_page=https://bloomingcostamices.com/spark.jsp?050048840 HTTP/1.1" 200 303343 "-" "Mozilla/5.0 (Linux; Android 6.0.1; Nexus 5X Build/MMB29P) AppleWebKit/537.36 (KHTML, like Gecko) Chrome/136.0.7103.113 Mobile Safari/537.36 (compatible; Googlebot/2.1; +http://www.google.com/bot.html)"
66.249.79.233 - - [03/Jun/2025:09:36:40 +0300] "GET /?_ga=2.199077398.1952530731.1720857825-949517515.1699680276&_bdsid=ilvlcu.n~LHICW.1729793929418.1735857950&_bd_prev_page=https://bloomingcostamices.com/spark.jsp?250048063 HTTP/1.1" 200 332689 "-" "Mozilla/5.0 (compatible; Googlebot/2.1; +http://www.google.com/bot.html)"
66.249.79.234 - - [03/Jun/2025:09:42:24 +0300] "GET /?_ga=2.199077398.1952530731.1720857825-949517515.1699680276&_bdsid=ilvlcu.n~LHICW.1729793929418.1735857950&_bd_prev_page=https://bloomingcostamices.com/spark.jsp?253036332 HTTP/1.1" 200 325510 "-" "Mozilla/5.0 (Linux; Android 6.0.1; Nexus 5X Build/MMB29P) AppleWebKit/537.36 (KHTML, like Gecko) Chrome/136.0.7103.113 Mobile Safari/537.36 (compatible; Googlebot/2.1; +http://www.google.com/bot.html)"
66.249.76.73 - - [03/Jun/2025:09:47:25 +0300] "GET /?_ga=2.199077398.1952530731.1720857825-949517515.1699680276&_bdsid=ilvlcu.n~LHICW.1729793929418.1735857950&_bd_prev_page=https://bloomingcostamices.com/spark.jsp?045009735 HTTP/1.1" 200 339700 "-" "Mozilla/5.0 (compatible; Googlebot/2.1; +http://www.google.com/bot.html)"
66.249.76.73 - - [03/Jun/2025:09:47:44 +0300] "GET /?_ga=2.199077398.1952530731.1720857825-949517515.1699680276&_bdsid=ilvlcu.n~LHICW.1729793929418.1735857950&_bd_prev_page=https://bloomingcostamices.com/spark.jsp?087035459 HTTP/1.1" 200 330806 "-" "Mozilla/5.0 (compatible; Googlebot/2.1; +http://www.google.com/bot.html)"
69.197.182.50 - - [03/Jun/2025:09:47:52 +0300] "GET /wp-includes/admin.php HTTP/1.1" 200 - "https://bloomingcostamices.com/wp-includes/admin.php" "Mozilla/5.0 (Windows NT 10.0; Win64; x64) AppleWebKit/537.36 (KHTML, like Gecko) Chrome/58.0.3029.110 Safari/537.3"
66.249.79.232 - - [03/Jun/2025:09:48:07 +0300] "GET /?_ga=2.199077398.1952530731.1720857825-949517515.1699680276&_bdsid=ilvlcu.n~LHICW.1729793929418.1735857950&_bd_prev_page=https://bloomingcostamices.com/spark.jsp?235001989 HTTP/1.1" 200 331508 "-" "Mozilla/5.0 (compatible; Googlebot/2.1; +http://www.google.com/bot.html)"
66.249.79.233 - - [03/Jun/2025:09:49:58 +0300] "GET /?_ga=2.199077398.1952530731.1720857825-949517515.1699680276&_bdsid=ilvlcu.n~LHICW.1729793929418.1735857950&_bd_prev_page=https://bloomingcostamices.com/spark.jsp?005027315 HTTP/1.1" 200 329408 "-" "Mozilla/5.0 (Linux; Android 6.0.1; Nexus 5X Build/MMB29P) AppleWebKit/537.36 (KHTML, like Gecko) Chrome/136.0.7103.113 Mobile Safari/537.36 (compatible; Googlebot/2.1; +http://www.google.com/bot.html)"
69.197.182.50 - - [03/Jun/2025:09:59:20 +0300] "GET /wp-includes/admin.php HTTP/1.1" 200 - "https://bloomingcostamices.com/wp-includes/admin.php" "Mozilla/5.0 (Windows NT 10.0; Win64; x64) AppleWebKit/537.36 (KHTML, like Gecko) Chrome/58.0.3029.110 Safari/537.3"
66.249.79.232 - - [03/Jun/2025:10:03:12 +0300] "GET /?_ga=2.199077398.1952530731.1720857825-949517515.1699680276&_bdsid=ilvlcu.n~LHICW.1729793929418.1735857950&_bd_prev_page=https://bloomingcostamices.com/spark.jsp?012047486 HTTP/1.1" 200 341663 "-" "Mozilla/5.0 (Linux; Android 6.0.1; Nexus 5X Build/MMB29P) AppleWebKit/537.36 (KHTML, like Gecko) Chrome/136.0.7103.113 Mobile Safari/537.36 (compatible; Googlebot/2.1; +http://www.google.com/bot.html)"
69.197.135.226 - - [03/Jun/2025:10:05:11 +0300] "GET /wp-includes/admin.php HTTP/1.1" 200 - "https://bloomingcostamices.com/wp-includes/admin.php" "Mozilla/5.0 (Windows NT 10.0; Win64; x64) AppleWebKit/537.36 (KHTML, like Gecko) Chrome/58.0.3029.110 Safari/537.3"
66.249.76.72 - - [03/Jun/2025:10:10:13 +0300] "GET /?_ga=2.199077398.1952530731.1720857825-949517515.1699680276&_bdsid=ilvlcu.n~LHICW.1729793929418.1735857950&_bd_prev_page=https://bloomingcostamices.com/spark.jsp?285018047 HTTP/1.1" 200 324736 "-" "Mozilla/5.0 (compatible; Googlebot/2.1; +http://www.google.com/bot.html)"
208.110.64.178 - - [03/Jun/2025:10:10:29 +0300] "GET /wp-includes/admin.php HTTP/1.1" 200 - "https://bloomingcostamices.com/wp-includes/admin.php" "Mozilla/5.0 (Windows NT 10.0; Win64; x64) AppleWebKit/537.36 (KHTML, like Gecko) Chrome/58.0.3029.110 Safari/537.3"
66.249.76.72 - - [03/Jun/2025:10:10:47 +0300] "GET /?_ga=2.199077398.1952530731.1720857825-949517515.1699680276&_bdsid=ilvlcu.n~LHICW.1729793929418.1735857950&_bd_prev_page=https://bloomingcostamices.com/spark.jsp?246005913 HTTP/1.1" 200 330151 "-" "Mozilla/5.0 (compatible; Googlebot/2.1; +http://www.google.com/bot.html)"
66.249.79.234 - - [03/Jun/2025:10:11:09 +0300] "GET /?_ga=2.199077398.1952530731.1720857825-949517515.1699680276&_bdsid=ilvlcu.n~LHICW.1729793929418.1735857950&_bd_prev_page=https://bloomingcostamices.com/spark.jsp?134012638 HTTP/1.1" 200 339183 "-" "Mozilla/5.0 (Linux; Android 6.0.1; Nexus 5X Build/MMB29P) AppleWebKit/537.36 (KHTML, like Gecko) Chrome/136.0.7103.113 Mobile Safari/537.36 (compatible; Googlebot/2.1; +http://www.google.com/bot.html)"
66.249.79.233 - - [03/Jun/2025:10:12:06 +0300] "GET /087021690 HTTP/1.1" 200 324367 "-" "Mozilla/5.0 (Linux; Android 6.0.1; Nexus 5X Build/MMB29P) AppleWebKit/537.36 (KHTML, like Gecko) Chrome/136.0.7103.113 Mobile Safari/537.36 (compatible; Googlebot/2.1; +http://www.google.com/bot.html)"
69.197.182.50 - - [03/Jun/2025:10:12:50 +0300] "GET /wp-includes/admin.php HTTP/1.1" 200 - "https://bloomingcostamices.com/wp-includes/admin.php" "Mozilla/5.0 (Windows NT 10.0; Win64; x64) AppleWebKit/537.36 (KHTML, like Gecko) Chrome/58.0.3029.110 Safari/537.3"
66.249.76.73 - - [03/Jun/2025:10:12:53 +0300] "GET /?_ga=2.199077398.1952530731.1720857825-949517515.1699680276&_bdsid=ilvlcu.n~LHICW.1729793929418.1735857950&_bd_prev_page=https://bloomingcostamices.com/spark.jsp?237014959 HTTP/1.1" 200 331130 "-" "Mozilla/5.0 (Linux; Android 6.0.1; Nexus 5X Build/MMB29P) AppleWebKit/537.36 (KHTML, like Gecko) Chrome/136.0.7103.113 Mobile Safari/537.36 (compatible; Googlebot/2.1; +http://www.google.com/bot.html)"
69.197.135.226 - - [03/Jun/2025:10:18:19 +0300] "GET /wp-includes/admin.php HTTP/1.1" 200 - "https://bloomingcostamices.com/wp-includes/admin.php" "Mozilla/5.0 (Windows NT 10.0; Win64; x64) AppleWebKit/537.36 (KHTML, like Gecko) Chrome/58.0.3029.110 Safari/537.3"
66.249.79.233 - - [03/Jun/2025:10:20:18 +0300] "GET /?_ga=2.199077398.1952530731.1720857825-949517515.1699680276&_bdsid=ilvlcu.n~LHICW.1729793929418.1735857950&_bd_prev_page=https://bloomingcostamices.com/spark.jsp?115031680 HTTP/1.1" 200 328277 "-" "Mozilla/5.0 (Linux; Android 6.0.1; Nexus 5X Build/MMB29P) AppleWebKit/537.36 (KHTML, like Gecko) Chrome/136.0.7103.113 Mobile Safari/537.36 (compatible; Googlebot/2.1; +http://www.google.com/bot.html)"
66.249.79.232 - - [03/Jun/2025:10:20:56 +0300] "GET /?_ga=2.199077398.1952530731.1720857825-949517515.1699680276&_bdsid=ilvlcu.n~LHICW.1729793929418.1735857950&_bd_prev_page=https://bloomingcostamices.com/spark.jsp?015037837 HTTP/1.1" 200 339527 "-" "Mozilla/5.0 (Linux; Android 6.0.1; Nexus 5X Build/MMB29P) AppleWebKit/537.36 (KHTML, like Gecko) Chrome/136.0.7103.113 Mobile Safari/537.36 (compatible; Googlebot/2.1; +http://www.google.com/bot.html)"
66.249.79.232 - - [03/Jun/2025:10:21:56 +0300] "GET /?_ga=2.199077398.1952530731.1720857825-949517515.1699680276&_bdsid=ilvlcu.n~LHICW.1729793929418.1735857950&_bd_prev_page=https://bloomingcostamices.com/spark.jsp?158019931 HTTP/1.1" 200 324349 "-" "Mozilla/5.0 (compatible; Googlebot/2.1; +http://www.google.com/bot.html)"
204.12.252.98 - - [03/Jun/2025:10:22:37 +0300] "GET /wp-includes/admin.php HTTP/1.1" 200 - "https://bloomingcostamices.com/wp-includes/admin.php" "Mozilla/5.0 (Windows NT 10.0; Win64; x64) AppleWebKit/537.36 (KHTML, like Gecko) Chrome/58.0.3029.110 Safari/537.3"
178.128.47.199 - - [03/Jun/2025:10:23:59 +0300] "GET / HTTP/1.1" 200 12435 "-" "Mozilla/5.0 (X11; Linux x86_64; rv:136.0) Gecko/20100101 Firefox/136.0"
66.249.79.233 - - [03/Jun/2025:10:24:23 +0300] "GET /?_ga=2.199077398.1952530731.1720857825-949517515.1699680276&_bdsid=ilvlcu.n~LHICW.1729793929418.1735857950&_bd_prev_page=https://bloomingcostamices.com/spark.jsp?260017694 HTTP/1.1" 200 331720 "-" "Mozilla/5.0 (Linux; Android 6.0.1; Nexus 5X Build/MMB29P) AppleWebKit/537.36 (KHTML, like Gecko) Chrome/136.0.7103.113 Mobile Safari/537.36 (compatible; Googlebot/2.1; +http://www.google.com/bot.html)"
69.197.182.50 - - [03/Jun/2025:10:24:27 +0300] "GET /wp-includes/admin.php HTTP/1.1" 200 - "https://bloomingcostamices.com/wp-includes/admin.php" "Mozilla/5.0 (Windows NT 10.0; Win64; x64) AppleWebKit/537.36 (KHTML, like Gecko) Chrome/58.0.3029.110 Safari/537.3"
66.249.79.233 - - [03/Jun/2025:10:25:08 +0300] "GET /?_ga=2.199077398.1952530731.1720857825-949517515.1699680276&_bdsid=ilvlcu.n~LHICW.1729793929418.1735857950&_bd_prev_page=https://bloomingcostamices.com/spark.jsp?132038843 HTTP/1.1" 200 326612 "-" "Mozilla/5.0 (Linux; Android 6.0.1; Nexus 5X Build/MMB29P) AppleWebKit/537.36 (KHTML, like Gecko) Chrome/136.0.7103.113 Mobile Safari/537.36 (compatible; Googlebot/2.1; +http://www.google.com/bot.html)"
69.197.182.50 - - [03/Jun/2025:10:31:10 +0300] "GET /wp-includes/admin.php HTTP/1.1" 200 - "https://bloomingcostamices.com/wp-includes/admin.php" "Mozilla/5.0 (Windows NT 10.0; Win64; x64) AppleWebKit/537.36 (KHTML, like Gecko) Chrome/58.0.3029.110 Safari/537.3"
208.110.64.178 - - [03/Jun/2025:10:33:49 +0300] "GET /wp-includes/admin.php HTTP/1.1" 200 - "https://bloomingcostamices.com/wp-includes/admin.php" "Mozilla/5.0 (Windows NT 10.0; Win64; x64) AppleWebKit/537.36 (KHTML, like Gecko) Chrome/58.0.3029.110 Safari/537.3"
66.249.76.73 - - [03/Jun/2025:10:36:54 +0300] "GET /?_ga=2.199077398.1952530731.1720857825-949517515.1699680276&_bdsid=ilvlcu.n~LHICW.1729793929418.1735857950&_bd_prev_page=https://bloomingcostamices.com/spark.jsp?073011886 HTTP/1.1" 200 311212 "-" "Mozilla/5.0 (Linux; Android 6.0.1; Nexus 5X Build/MMB29P) AppleWebKit/537.36 (KHTML, like Gecko) Chrome/136.0.7103.113 Mobile Safari/537.36 (compatible; Googlebot/2.1; +http://www.google.com/bot.html)"
4.227.36.94 - - [03/Jun/2025:10:36:59 +0300] "GET /robots.txt HTTP/1.1" 200 - "-" "Mozilla/5.0 AppleWebKit/537.36 (KHTML, like Gecko; compatible; GPTBot/1.2; +https://openai.com/gptbot)"
69.197.182.50 - - [03/Jun/2025:10:37:12 +0300] "GET /wp-includes/admin.php HTTP/1.1" 200 - "https://bloomingcostamices.com/wp-includes/admin.php" "Mozilla/5.0 (Windows NT 10.0; Win64; x64) AppleWebKit/537.36 (KHTML, like Gecko) Chrome/58.0.3029.110 Safari/537.3"
20.171.207.24 - - [03/Jun/2025:10:37:14 +0300] "GET / HTTP/1.1" 200 - "-" "Mozilla/5.0 AppleWebKit/537.36 (KHTML, like Gecko; compatible; GPTBot/1.2; +https://openai.com/gptbot)"
69.197.135.226 - - [03/Jun/2025:10:42:31 +0300] "GET /wp-includes/admin.php HTTP/1.1" 200 - "https://bloomingcostamices.com/wp-includes/admin.php" "Mozilla/5.0 (Windows NT 10.0; Win64; x64) AppleWebKit/537.36 (KHTML, like Gecko) Chrome/58.0.3029.110 Safari/537.3"
66.249.76.74 - - [03/Jun/2025:10:43:24 +0300] "GET /?_ga=2.199077398.1952530731.1720857825-949517515.1699680276&_bdsid=ilvlcu.n~LHICW.1729793929418.1735857950&_bd_prev_page=https://bloomingcostamices.com/spark.jsp?133039648 HTTP/1.1" 200 335112 "-" "Mozilla/5.0 (compatible; Googlebot/2.1; +http://www.google.com/bot.html)"
66.249.79.234 - - [03/Jun/2025:10:44:59 +0300] "GET /?_ga=2.199077398.1952530731.1720857825-949517515.1699680276&_bdsid=ilvlcu.n~LHICW.1729793929418.1735857950&_bd_prev_page=https://bloomingcostamices.com/spark.jsp?161041422 HTTP/1.1" 200 337737 "-" "Mozilla/5.0 (Linux; Android 6.0.1; Nexus 5X Build/MMB29P) AppleWebKit/537.36 (KHTML, like Gecko) Chrome/136.0.7103.113 Mobile Safari/537.36 (compatible; Googlebot/2.1; +http://www.google.com/bot.html)"
69.197.182.50 - - [03/Jun/2025:10:45:41 +0300] "GET /wp-includes/admin.php HTTP/1.1" 200 - "https://bloomingcostamices.com/wp-includes/admin.php" "Mozilla/5.0 (Windows NT 10.0; Win64; x64) AppleWebKit/537.36 (KHTML, like Gecko) Chrome/58.0.3029.110 Safari/537.3"
199.195.250.170 - - [03/Jun/2025:10:46:48 +0300] "GET /////wp-login.php HTTP/1.1" 200 - "-" "Mozilla/5.0 (Windows NT 6.0) AppleWebKit/537.36 (KHTML, like Gecko) Chrome/36.0.1985.125 Safari/537.36"
199.195.250.170 - - [03/Jun/2025:10:47:05 +0300] "GET /////wp-login.php HTTP/1.1" 200 - "-" "Mozilla/5.0 (X11; Ubuntu; Linux i686; rv:31.0) Gecko/20100101 Firefox/31.0"
199.195.250.170 - - [03/Jun/2025:10:47:13 +0300] "GET /////wp-login.php HTTP/1.1" 200 - "-" "Mozilla/5.0 (Windows NT 6.3; WOW64; rv:30.0) Gecko/20100101 Firefox/30.0"
199.195.250.170 - - [03/Jun/2025:10:47:13 +0300] "POST /////wp-login.php HTTP/1.1" 200 - "-" "Mozilla/5.0 (Windows NT 6.3; WOW64; rv:30.0) Gecko/20100101 Firefox/30.0"
199.195.250.170 - - [03/Jun/2025:10:47:13 +0300] "GET /////wp-admin/plugin-install.php?tab=upload HTTP/1.1" 403 - "-" "Mozilla/5.0 (Windows NT 6.3; WOW64; rv:30.0) Gecko/20100101 Firefox/30.0"
199.195.250.170 - - [03/Jun/2025:10:47:13 +0300] "GET /////wp-admin/ HTTP/1.1" 500 366 "-" "Mozilla/5.0 (Windows NT 6.3; WOW64; rv:30.0) Gecko/20100101 Firefox/30.0"
199.195.250.170 - - [03/Jun/2025:10:47:17 +0300] "GET /////wp-login.php HTTP/1.1" 200 - "-" "Mozilla/5.0 (Windows NT 6.2; WOW64; rv:31.0) Gecko/20100101 Firefox/31.0"
199.195.250.170 - - [03/Jun/2025:10:47:20 +0300] "GET /wp-login.php HTTP/1.1" 200 - "-" "Mozilla/5.0 (X11; Linux x86_64; rv:31.0) Gecko/20100101 Firefox/31.0"
199.195.250.170 - - [03/Jun/2025:10:47:20 +0300] "GET /wp-login.php HTTP/1.1" 200 - "-" "Mozilla/5.0 (X11; Linux x86_64) AppleWebKit/537.36 (KHTML, like Gecko) Chrome/36.0.1985.143 Safari/537.36"
199.195.250.170 - - [03/Jun/2025:10:47:21 +0300] "GET /wp-login.php HTTP/1.1" 200 - "-" "Mozilla/5.0 (Windows NT 6.1; WOW64) AppleWebKit/537.36 (KHTML, like Gecko) Chrome/35.0.1916.153 Safari/537.36"
199.195.250.170 - - [03/Jun/2025:10:47:21 +0300] "POST /wp-login.php HTTP/1.1" 200 - "-" "Mozilla/5.0 (Windows NT 6.1; WOW64) AppleWebKit/537.36 (KHTML, like Gecko) Chrome/35.0.1916.153 Safari/537.36"
199.195.250.170 - - [03/Jun/2025:10:47:21 +0300] "GET /wp-admin/plugin-install.php?tab=upload HTTP/1.1" 403 - "-" "Mozilla/5.0 (Windows NT 6.1; WOW64) AppleWebKit/537.36 (KHTML, like Gecko) Chrome/35.0.1916.153 Safari/537.36"
199.195.250.170 - - [03/Jun/2025:10:47:21 +0300] "GET /wp-admin/ HTTP/1.1" 500 366 "-" "Mozilla/5.0 (Windows NT 6.1; WOW64) AppleWebKit/537.36 (KHTML, like Gecko) Chrome/35.0.1916.153 Safari/537.36"
199.195.250.170 - - [03/Jun/2025:10:47:22 +0300] "GET /wp-login.php HTTP/1.1" 200 - "-" "Mozilla/5.0 (iPhone; CPU iPhone OS 7_0_4 like Mac OS X) AppleWebKit/537.51.1 (KHTML, like Gecko) Version/7.0 Mobile/11B554a Safari/9537.53"
199.195.250.170 - - [03/Jun/2025:10:48:18 +0300] "GET /////wp-login.php HTTP/1.1" 200 - "-" "Mozilla/5.0 (iPad; CPU OS 7_1_2 like Mac OS X) AppleWebKit/537.51.2 (KHTML, like Gecko) Version/7.0 Mobile/11D257 Safari/9537.53"
199.195.250.170 - - [03/Jun/2025:10:48:19 +0300] "GET /////wp-login.php HTTP/1.1" 200 - "-" "Mozilla/5.0 (X11; Ubuntu; Linux i686; rv:31.0) Gecko/20100101 Firefox/31.0"
199.195.250.170 - - [03/Jun/2025:10:48:20 +0300] "GET /////wp-login.php HTTP/1.1" 200 - "-" "Mozilla/5.0 (Windows NT 6.1; WOW64; rv:29.0) Gecko/20100101 Firefox/29.0"
199.195.250.170 - - [03/Jun/2025:10:48:20 +0300] "POST /////wp-login.php HTTP/1.1" 200 - "-" "Mozilla/5.0 (Windows NT 6.1; WOW64; rv:29.0) Gecko/20100101 Firefox/29.0"
199.195.250.170 - - [03/Jun/2025:10:48:20 +0300] "GET /////wp-admin/plugin-install.php?tab=upload HTTP/1.1" 403 - "-" "Mozilla/5.0 (Windows NT 6.1; WOW64; rv:29.0) Gecko/20100101 Firefox/29.0"
199.195.250.170 - - [03/Jun/2025:10:48:20 +0300] "GET /////wp-admin/ HTTP/1.1" 500 366 "-" "Mozilla/5.0 (Windows NT 6.1; WOW64; rv:29.0) Gecko/20100101 Firefox/29.0"
199.195.250.170 - - [03/Jun/2025:10:48:22 +0300] "GET /////wp-login.php HTTP/1.1" 200 - "-" "Mozilla/5.0 (Macintosh; Intel Mac OS X 10_9_3) AppleWebKit/537.36 (KHTML, like Gecko) Chrome/35.0.1916.153 Safari/537.36"
199.195.250.170 - - [03/Jun/2025:10:48:25 +0300] "GET /////wp-login.php HTTP/1.1" 200 - "-" "Mozilla/5.0 (Windows NT 5.1) AppleWebKit/537.36 (KHTML, like Gecko) Chrome/36.0.1985.125 Safari/537.36"
