52.167.144.230 - - [04/Dec/2024:20:40:11 +0200] "GET /125vbdco47926.html HTTP/1.1" 200 303536 "-" "Mozilla/5.0 AppleWebKit/537.36 (KHTML, like Gecko; compatible; bingbot/2.0; +http://www.bing.com/bingbot.htm) Chrome/116.0.1938.76 Safari/537.36"
52.167.144.184 - - [04/Dec/2024:20:41:05 +0200] "GET /201isaxy32395.html HTTP/1.1" 200 323350 "-" "Mozilla/5.0 AppleWebKit/537.36 (KHTML, like Gecko; compatible; bingbot/2.0; +http://www.bing.com/bingbot.htm) Chrome/116.0.1938.76 Safari/537.36"
52.167.144.184 - - [04/Dec/2024:20:41:07 +0200] "GET /164idtiv26422.html HTTP/1.1" 200 301333 "-" "Mozilla/5.0 AppleWebKit/537.36 (KHTML, like Gecko; compatible; bingbot/2.0; +http://www.bing.com/bingbot.htm) Chrome/116.0.1938.76 Safari/537.36"
52.167.144.230 - - [04/Dec/2024:20:41:10 +0200] "GET /130zzylm27413.html HTTP/1.1" 200 323082 "-" "Mozilla/5.0 AppleWebKit/537.36 (KHTML, like Gecko; compatible; bingbot/2.0; +http://www.bing.com/bingbot.htm) Chrome/116.0.1938.76 Safari/537.36"
40.77.167.78 - - [04/Dec/2024:20:41:11 +0200] "GET /89wuaow3881.html HTTP/1.1" 200 330312 "-" "Mozilla/5.0 AppleWebKit/537.36 (KHTML, like Gecko; compatible; bingbot/2.0; +http://www.bing.com/bingbot.htm) Chrome/116.0.1938.76 Safari/537.36"
40.77.167.78 - - [04/Dec/2024:20:41:14 +0200] "GET /23snqap3414.html HTTP/1.1" 200 322687 "-" "Mozilla/5.0 AppleWebKit/537.36 (KHTML, like Gecko; compatible; bingbot/2.0; +http://www.bing.com/bingbot.htm) Chrome/116.0.1938.76 Safari/537.36"
40.77.167.78 - - [04/Dec/2024:20:41:16 +0200] "GET /68episy42182.html HTTP/1.1" 200 323912 "-" "Mozilla/5.0 AppleWebKit/537.36 (KHTML, like Gecko; compatible; bingbot/2.0; +http://www.bing.com/bingbot.htm) Chrome/116.0.1938.76 Safari/537.36"
40.77.167.78 - - [04/Dec/2024:20:41:18 +0200] "GET /163rjagf19768.html HTTP/1.1" 200 325505 "-" "Mozilla/5.0 AppleWebKit/537.36 (KHTML, like Gecko; compatible; bingbot/2.0; +http://www.bing.com/bingbot.htm) Chrome/116.0.1938.76 Safari/537.36"
40.77.167.78 - - [04/Dec/2024:20:41:52 +0200] "GET /276omorb41776.html HTTP/1.1" 200 333820 "-" "Mozilla/5.0 AppleWebKit/537.36 (KHTML, like Gecko; compatible; bingbot/2.0; +http://www.bing.com/bingbot.htm) Chrome/116.0.1938.76 Safari/537.36"
66.249.77.7 - - [04/Dec/2024:20:41:53 +0200] "GET /year187/7cw9y-9876/ HTTP/1.1" 200 330711 "-" "Mozilla/5.0 (Linux; Android 6.0.1; Nexus 5X Build/MMB29P) AppleWebKit/537.36 (KHTML, like Gecko) Chrome/131.0.6778.85 Mobile Safari/537.36 (compatible; Googlebot/2.1; +http://www.google.com/bot.html)"
52.167.144.184 - - [04/Dec/2024:20:41:55 +0200] "GET /19kefho370.html HTTP/1.1" 200 298202 "-" "Mozilla/5.0 AppleWebKit/537.36 (KHTML, like Gecko; compatible; bingbot/2.0; +http://www.bing.com/bingbot.htm) Chrome/116.0.1938.76 Safari/537.36"
52.167.144.184 - - [04/Dec/2024:20:41:56 +0200] "GET /282cpwzu2756.html HTTP/1.1" 200 323715 "-" "Mozilla/5.0 AppleWebKit/537.36 (KHTML, like Gecko; compatible; bingbot/2.0; +http://www.bing.com/bingbot.htm) Chrome/116.0.1938.76 Safari/537.36"
52.167.144.184 - - [04/Dec/2024:20:42:15 +0200] "GET /35mtxji44240.html HTTP/1.1" 200 322628 "-" "Mozilla/5.0 AppleWebKit/537.36 (KHTML, like Gecko; compatible; bingbot/2.0; +http://www.bing.com/bingbot.htm) Chrome/116.0.1938.76 Safari/537.36"
52.167.144.230 - - [04/Dec/2024:20:42:21 +0200] "GET /291npcdn41093.html HTTP/1.1" 200 322369 "-" "Mozilla/5.0 AppleWebKit/537.36 (KHTML, like Gecko; compatible; bingbot/2.0; +http://www.bing.com/bingbot.htm) Chrome/116.0.1938.76 Safari/537.36"
40.77.167.78 - - [04/Dec/2024:20:42:25 +0200] "GET /46fxdza38710.html HTTP/1.1" 200 306511 "-" "Mozilla/5.0 AppleWebKit/537.36 (KHTML, like Gecko; compatible; bingbot/2.0; +http://www.bing.com/bingbot.htm) Chrome/116.0.1938.76 Safari/537.36"
52.167.144.230 - - [04/Dec/2024:20:42:51 +0200] "GET /4bnlar37067.html HTTP/1.1" 200 321910 "-" "Mozilla/5.0 AppleWebKit/537.36 (KHTML, like Gecko; compatible; bingbot/2.0; +http://www.bing.com/bingbot.htm) Chrome/116.0.1938.76 Safari/537.36"
52.167.144.226 - - [04/Dec/2024:20:42:51 +0200] "GET /273pjrcq13980.html HTTP/1.1" 200 327076 "-" "Mozilla/5.0 AppleWebKit/537.36 (KHTML, like Gecko; compatible; bingbot/2.0; +http://www.bing.com/bingbot.htm) Chrome/116.0.1938.76 Safari/537.36"
52.167.144.230 - - [04/Dec/2024:20:42:53 +0200] "GET /156ojazg29311.html HTTP/1.1" 200 319350 "-" "Mozilla/5.0 AppleWebKit/537.36 (KHTML, like Gecko; compatible; bingbot/2.0; +http://www.bing.com/bingbot.htm) Chrome/116.0.1938.76 Safari/537.36"
66.249.77.6 - - [04/Dec/2024:20:43:19 +0200] "GET /bitter183/5lzyk-35001/ HTTP/1.1" 200 313727 "-" "Mozilla/5.0 (compatible; Googlebot/2.1; +http://www.google.com/bot.html)"
52.167.144.184 - - [04/Dec/2024:20:43:45 +0200] "GET /103pvywj21765.html HTTP/1.1" 200 330718 "-" "Mozilla/5.0 AppleWebKit/537.36 (KHTML, like Gecko; compatible; bingbot/2.0; +http://www.bing.com/bingbot.htm) Chrome/116.0.1938.76 Safari/537.36"
52.167.144.230 - - [04/Dec/2024:20:43:50 +0200] "GET /106wufrw29963.html HTTP/1.1" 200 302915 "-" "Mozilla/5.0 AppleWebKit/537.36 (KHTML, like Gecko; compatible; bingbot/2.0; +http://www.bing.com/bingbot.htm) Chrome/116.0.1938.76 Safari/537.36"
40.77.167.78 - - [04/Dec/2024:20:44:11 +0200] "GET /238ndtip38335.html HTTP/1.1" 200 333543 "-" "Mozilla/5.0 AppleWebKit/537.36 (KHTML, like Gecko; compatible; bingbot/2.0; +http://www.bing.com/bingbot.htm) Chrome/116.0.1938.76 Safari/537.36"
66.249.72.172 - - [04/Dec/2024:20:44:13 +0200] "GET /distance279/c136n-30598/ HTTP/1.1" 200 323970 "-" "Mozilla/5.0 (Linux; Android 6.0.1; Nexus 5X Build/MMB29P) AppleWebKit/537.36 (KHTML, like Gecko) Chrome/131.0.6778.85 Mobile Safari/537.36 (compatible; Googlebot/2.1; +http://www.google.com/bot.html)"
40.77.167.78 - - [04/Dec/2024:20:44:14 +0200] "GET /103dtvbv8997.html HTTP/1.1" 200 322018 "-" "Mozilla/5.0 AppleWebKit/537.36 (KHTML, like Gecko; compatible; bingbot/2.0; +http://www.bing.com/bingbot.htm) Chrome/116.0.1938.76 Safari/537.36"
52.167.144.184 - - [04/Dec/2024:20:44:16 +0200] "GET /176namxt11001.html HTTP/1.1" 200 329227 "-" "Mozilla/5.0 AppleWebKit/537.36 (KHTML, like Gecko; compatible; bingbot/2.0; +http://www.bing.com/bingbot.htm) Chrome/116.0.1938.76 Safari/537.36"
52.167.144.230 - - [04/Dec/2024:20:45:01 +0200] "GET /10emfiu45840.html HTTP/1.1" 200 324779 "-" "Mozilla/5.0 AppleWebKit/537.36 (KHTML, like Gecko; compatible; bingbot/2.0; +http://www.bing.com/bingbot.htm) Chrome/116.0.1938.76 Safari/537.36"
52.167.144.184 - - [04/Dec/2024:20:45:35 +0200] "GET /174cszld44165.html HTTP/1.1" 200 305331 "-" "Mozilla/5.0 AppleWebKit/537.36 (KHTML, like Gecko; compatible; bingbot/2.0; +http://www.bing.com/bingbot.htm) Chrome/116.0.1938.76 Safari/537.36"
52.167.144.145 - - [04/Dec/2024:20:45:37 +0200] "GET /72znwnr9048.html HTTP/1.1" 200 324277 "-" "Mozilla/5.0 AppleWebKit/537.36 (KHTML, like Gecko; compatible; bingbot/2.0; +http://www.bing.com/bingbot.htm) Chrome/116.0.1938.76 Safari/537.36"
40.77.167.78 - - [04/Dec/2024:20:45:51 +0200] "GET /71drnob40030.html HTTP/1.1" 200 330228 "-" "Mozilla/5.0 AppleWebKit/537.36 (KHTML, like Gecko; compatible; bingbot/2.0; +http://www.bing.com/bingbot.htm) Chrome/116.0.1938.76 Safari/537.36"
52.167.144.226 - - [04/Dec/2024:20:46:11 +0200] "GET /84levxb639.html HTTP/1.1" 200 324445 "-" "Mozilla/5.0 AppleWebKit/537.36 (KHTML, like Gecko; compatible; bingbot/2.0; +http://www.bing.com/bingbot.htm) Chrome/116.0.1938.76 Safari/537.36"
164.92.84.185 - - [04/Dec/2024:20:46:55 +0200] "GET / HTTP/1.1" 401 53 "-" "Mozilla/5.0 (X11; Linux x86_64) AppleWebKit/537.36 (KHTML, like Gecko) Chrome/129.0.0.0 Safari/537.36"
164.92.84.185 - - [04/Dec/2024:20:46:59 +0200] "GET /favicon.ico HTTP/1.1" 401 53 "https://webdisk.changeyourstyles.com/" "Mozilla/5.0 (X11; Linux x86_64) AppleWebKit/537.36 (KHTML, like Gecko) Chrome/129.0.0.0 Safari/537.36"
52.167.144.230 - - [04/Dec/2024:20:47:11 +0200] "GET /19bhaev48086.html HTTP/1.1" 200 328816 "-" "Mozilla/5.0 AppleWebKit/537.36 (KHTML, like Gecko; compatible; bingbot/2.0; +http://www.bing.com/bingbot.htm) Chrome/116.0.1938.76 Safari/537.36"
52.167.144.230 - - [04/Dec/2024:20:47:13 +0200] "GET /163gmmeq42585.html HTTP/1.1" 200 301886 "-" "Mozilla/5.0 AppleWebKit/537.36 (KHTML, like Gecko; compatible; bingbot/2.0; +http://www.bing.com/bingbot.htm) Chrome/116.0.1938.76 Safari/537.36"
66.249.77.6 - - [04/Dec/2024:20:47:13 +0200] "GET /cure183/t3ecj-24145/ HTTP/1.1" 200 332113 "-" "Mozilla/5.0 (Linux; Android 6.0.1; Nexus 5X Build/MMB29P) AppleWebKit/537.36 (KHTML, like Gecko) Chrome/131.0.6778.85 Mobile Safari/537.36 (compatible; Googlebot/2.1; +http://www.google.com/bot.html)"
40.77.167.78 - - [04/Dec/2024:20:47:22 +0200] "GET /31egemg4721.html HTTP/1.1" 200 301933 "-" "Mozilla/5.0 AppleWebKit/537.36 (KHTML, like Gecko; compatible; bingbot/2.0; +http://www.bing.com/bingbot.htm) Chrome/116.0.1938.76 Safari/537.36"
40.77.167.78 - - [04/Dec/2024:20:47:23 +0200] "GET /244yiveg43507.html HTTP/1.1" 200 323349 "-" "Mozilla/5.0 AppleWebKit/537.36 (KHTML, like Gecko; compatible; bingbot/2.0; +http://www.bing.com/bingbot.htm) Chrome/116.0.1938.76 Safari/537.36"
40.77.167.78 - - [04/Dec/2024:20:47:26 +0200] "GET /103wshlm32821.html HTTP/1.1" 200 322263 "-" "Mozilla/5.0 AppleWebKit/537.36 (KHTML, like Gecko; compatible; bingbot/2.0; +http://www.bing.com/bingbot.htm) Chrome/116.0.1938.76 Safari/537.36"
40.77.167.78 - - [04/Dec/2024:20:47:27 +0200] "GET /261hlpie36611.html HTTP/1.1" 200 325759 "-" "Mozilla/5.0 AppleWebKit/537.36 (KHTML, like Gecko; compatible; bingbot/2.0; +http://www.bing.com/bingbot.htm) Chrome/116.0.1938.76 Safari/537.36"
52.167.144.226 - - [04/Dec/2024:20:47:31 +0200] "GET /106urycc39881.html HTTP/1.1" 200 303768 "-" "Mozilla/5.0 AppleWebKit/537.36 (KHTML, like Gecko; compatible; bingbot/2.0; +http://www.bing.com/bingbot.htm) Chrome/116.0.1938.76 Safari/537.36"
66.249.77.5 - - [04/Dec/2024:20:47:36 +0200] "GET /serious128/95kbg-44573/ HTTP/1.1" 200 329484 "-" "Mozilla/5.0 (compatible; Googlebot/2.1; +http://www.google.com/bot.html)"
40.77.167.78 - - [04/Dec/2024:20:47:41 +0200] "GET /10ivviz18670.html HTTP/1.1" 200 324146 "-" "Mozilla/5.0 AppleWebKit/537.36 (KHTML, like Gecko; compatible; bingbot/2.0; +http://www.bing.com/bingbot.htm) Chrome/116.0.1938.76 Safari/537.36"
52.167.144.230 - - [04/Dec/2024:20:47:51 +0200] "GET /68xkjqe41005.html HTTP/1.1" 200 325092 "-" "Mozilla/5.0 AppleWebKit/537.36 (KHTML, like Gecko; compatible; bingbot/2.0; +http://www.bing.com/bingbot.htm) Chrome/116.0.1938.76 Safari/537.36"
52.167.144.182 - - [04/Dec/2024:20:47:52 +0200] "GET /176kszae26698.html HTTP/1.1" 200 326900 "-" "Mozilla/5.0 AppleWebKit/537.36 (KHTML, like Gecko; compatible; bingbot/2.0; +http://www.bing.com/bingbot.htm) Chrome/116.0.1938.76 Safari/537.36"
52.167.144.230 - - [04/Dec/2024:20:47:53 +0200] "GET /category/30341_30342/1 HTTP/1.1" 200 416366 "-" "Mozilla/5.0 AppleWebKit/537.36 (KHTML, like Gecko; compatible; bingbot/2.0; +http://www.bing.com/bingbot.htm) Chrome/116.0.1938.76 Safari/537.36"
52.167.144.182 - - [04/Dec/2024:20:47:55 +0200] "GET /27owziu43472.html HTTP/1.1" 200 326336 "-" "Mozilla/5.0 AppleWebKit/537.36 (KHTML, like Gecko; compatible; bingbot/2.0; +http://www.bing.com/bingbot.htm) Chrome/116.0.1938.76 Safari/537.36"
52.167.144.182 - - [04/Dec/2024:20:47:57 +0200] "GET /118jpuar31355.html HTTP/1.1" 200 323546 "-" "Mozilla/5.0 AppleWebKit/537.36 (KHTML, like Gecko; compatible; bingbot/2.0; +http://www.bing.com/bingbot.htm) Chrome/116.0.1938.76 Safari/537.36"
52.167.144.145 - - [04/Dec/2024:20:48:17 +0200] "GET /1slwjc25547.html HTTP/1.1" 200 308992 "-" "Mozilla/5.0 AppleWebKit/537.36 (KHTML, like Gecko; compatible; bingbot/2.0; +http://www.bing.com/bingbot.htm) Chrome/116.0.1938.76 Safari/537.36"
52.167.144.145 - - [04/Dec/2024:20:48:19 +0200] "GET /category/188/1 HTTP/1.1" 200 421848 "-" "Mozilla/5.0 AppleWebKit/537.36 (KHTML, like Gecko; compatible; bingbot/2.0; +http://www.bing.com/bingbot.htm) Chrome/116.0.1938.76 Safari/537.36"
52.167.144.145 - - [04/Dec/2024:20:48:35 +0200] "GET /151ojhtx42109.html HTTP/1.1" 200 327860 "-" "Mozilla/5.0 AppleWebKit/537.36 (KHTML, like Gecko; compatible; bingbot/2.0; +http://www.bing.com/bingbot.htm) Chrome/116.0.1938.76 Safari/537.36"
52.167.144.169 - - [04/Dec/2024:20:49:52 +0200] "GET /magnitude126/efy0m-1017/ HTTP/1.1" 200 305423 "-" "Mozilla/5.0 AppleWebKit/537.36 (KHTML, like Gecko; compatible; bingbot/2.0; +http://www.bing.com/bingbot.htm) Chrome/116.0.1938.76 Safari/537.36"
52.167.144.182 - - [04/Dec/2024:20:49:57 +0200] "GET /245tbiww28225.html HTTP/1.1" 200 323888 "-" "Mozilla/5.0 AppleWebKit/537.36 (KHTML, like Gecko; compatible; bingbot/2.0; +http://www.bing.com/bingbot.htm) Chrome/116.0.1938.76 Safari/537.36"
52.167.144.145 - - [04/Dec/2024:20:50:04 +0200] "GET /221covfv42387.html HTTP/1.1" 200 325134 "-" "Mozilla/5.0 AppleWebKit/537.36 (KHTML, like Gecko; compatible; bingbot/2.0; +http://www.bing.com/bingbot.htm) Chrome/116.0.1938.76 Safari/537.36"
52.167.144.169 - - [04/Dec/2024:20:50:11 +0200] "GET /124donmk44376.html HTTP/1.1" 200 326010 "-" "Mozilla/5.0 AppleWebKit/537.36 (KHTML, like Gecko; compatible; bingbot/2.0; +http://www.bing.com/bingbot.htm) Chrome/116.0.1938.76 Safari/537.36"
52.167.144.182 - - [04/Dec/2024:20:50:16 +0200] "GET /10qdqfl791.html HTTP/1.1" 200 303152 "-" "Mozilla/5.0 AppleWebKit/537.36 (KHTML, like Gecko; compatible; bingbot/2.0; +http://www.bing.com/bingbot.htm) Chrome/116.0.1938.76 Safari/537.36"
40.77.167.15 - - [04/Dec/2024:20:50:52 +0200] "GET /116xgrft39628.html HTTP/1.1" 200 325531 "-" "Mozilla/5.0 AppleWebKit/537.36 (KHTML, like Gecko; compatible; bingbot/2.0; +http://www.bing.com/bingbot.htm) Chrome/116.0.1938.76 Safari/537.36"
52.167.144.182 - - [04/Dec/2024:20:51:23 +0200] "GET /173vpszt46729.html HTTP/1.1" 200 325070 "-" "Mozilla/5.0 AppleWebKit/537.36 (KHTML, like Gecko; compatible; bingbot/2.0; +http://www.bing.com/bingbot.htm) Chrome/116.0.1938.76 Safari/537.36"
52.167.144.182 - - [04/Dec/2024:20:51:25 +0200] "GET /21goikg5.html HTTP/1.1" 200 324794 "-" "Mozilla/5.0 AppleWebKit/537.36 (KHTML, like Gecko; compatible; bingbot/2.0; +http://www.bing.com/bingbot.htm) Chrome/116.0.1938.76 Safari/537.36"
52.167.144.182 - - [04/Dec/2024:20:51:26 +0200] "GET /66oldaw7792.html HTTP/1.1" 200 323920 "-" "Mozilla/5.0 AppleWebKit/537.36 (KHTML, like Gecko; compatible; bingbot/2.0; +http://www.bing.com/bingbot.htm) Chrome/116.0.1938.76 Safari/537.36"
52.167.144.169 - - [04/Dec/2024:20:51:31 +0200] "GET /125xcnra32172.html HTTP/1.1" 200 302307 "-" "Mozilla/5.0 AppleWebKit/537.36 (KHTML, like Gecko; compatible; bingbot/2.0; +http://www.bing.com/bingbot.htm) Chrome/116.0.1938.76 Safari/537.36"
52.167.144.169 - - [04/Dec/2024:20:51:33 +0200] "GET /172qifqp46727.html HTTP/1.1" 200 309198 "-" "Mozilla/5.0 AppleWebKit/537.36 (KHTML, like Gecko; compatible; bingbot/2.0; +http://www.bing.com/bingbot.htm) Chrome/116.0.1938.76 Safari/537.36"
52.167.144.182 - - [04/Dec/2024:20:51:34 +0200] "GET /17ztczq34319.html HTTP/1.1" 200 303341 "-" "Mozilla/5.0 AppleWebKit/537.36 (KHTML, like Gecko; compatible; bingbot/2.0; +http://www.bing.com/bingbot.htm) Chrome/116.0.1938.76 Safari/537.36"
52.167.144.182 - - [04/Dec/2024:20:51:35 +0200] "GET /145pygvd7929.html HTTP/1.1" 200 302982 "-" "Mozilla/5.0 AppleWebKit/537.36 (KHTML, like Gecko; compatible; bingbot/2.0; +http://www.bing.com/bingbot.htm) Chrome/116.0.1938.76 Safari/537.36"
52.167.144.145 - - [04/Dec/2024:20:51:36 +0200] "GET /294fodvg13371.html HTTP/1.1" 200 327442 "-" "Mozilla/5.0 AppleWebKit/537.36 (KHTML, like Gecko; compatible; bingbot/2.0; +http://www.bing.com/bingbot.htm) Chrome/116.0.1938.76 Safari/537.36"
52.167.144.169 - - [04/Dec/2024:20:51:51 +0200] "GET /42fgvoo28267.html HTTP/1.1" 200 318118 "-" "Mozilla/5.0 AppleWebKit/537.36 (KHTML, like Gecko; compatible; bingbot/2.0; +http://www.bing.com/bingbot.htm) Chrome/116.0.1938.76 Safari/537.36"
52.167.144.145 - - [04/Dec/2024:20:52:15 +0200] "GET /163rveqf1665.html HTTP/1.1" 200 324189 "-" "Mozilla/5.0 AppleWebKit/537.36 (KHTML, like Gecko; compatible; bingbot/2.0; +http://www.bing.com/bingbot.htm) Chrome/116.0.1938.76 Safari/537.36"
52.167.144.145 - - [04/Dec/2024:20:52:17 +0200] "GET /245uttlm9196.html HTTP/1.1" 200 301639 "-" "Mozilla/5.0 AppleWebKit/537.36 (KHTML, like Gecko; compatible; bingbot/2.0; +http://www.bing.com/bingbot.htm) Chrome/116.0.1938.76 Safari/537.36"
52.167.144.182 - - [04/Dec/2024:20:52:25 +0200] "GET /291atavp46867.html HTTP/1.1" 200 323719 "-" "Mozilla/5.0 AppleWebKit/537.36 (KHTML, like Gecko; compatible; bingbot/2.0; +http://www.bing.com/bingbot.htm) Chrome/116.0.1938.76 Safari/537.36"
52.167.144.182 - - [04/Dec/2024:20:52:33 +0200] "GET /dear3/e4ikz-7613/ HTTP/1.1" 200 321875 "-" "Mozilla/5.0 AppleWebKit/537.36 (KHTML, like Gecko; compatible; bingbot/2.0; +http://www.bing.com/bingbot.htm) Chrome/116.0.1938.76 Safari/537.36"
52.167.144.182 - - [04/Dec/2024:20:53:22 +0200] "GET /47pavnu13154.html HTTP/1.1" 200 303751 "-" "Mozilla/5.0 AppleWebKit/537.36 (KHTML, like Gecko; compatible; bingbot/2.0; +http://www.bing.com/bingbot.htm) Chrome/116.0.1938.76 Safari/537.36"
52.167.144.182 - - [04/Dec/2024:20:53:34 +0200] "GET /286wajgo7514.html HTTP/1.1" 200 320146 "-" "Mozilla/5.0 AppleWebKit/537.36 (KHTML, like Gecko; compatible; bingbot/2.0; +http://www.bing.com/bingbot.htm) Chrome/116.0.1938.76 Safari/537.36"
52.167.144.182 - - [04/Dec/2024:20:53:52 +0200] "GET /kid164/xw421-22553/ HTTP/1.1" 200 329350 "-" "Mozilla/5.0 AppleWebKit/537.36 (KHTML, like Gecko; compatible; bingbot/2.0; +http://www.bing.com/bingbot.htm) Chrome/116.0.1938.76 Safari/537.36"
52.167.144.145 - - [04/Dec/2024:20:53:57 +0200] "GET /244kcsyl29259.html HTTP/1.1" 200 327816 "-" "Mozilla/5.0 AppleWebKit/537.36 (KHTML, like Gecko; compatible; bingbot/2.0; +http://www.bing.com/bingbot.htm) Chrome/116.0.1938.76 Safari/537.36"
52.167.144.169 - - [04/Dec/2024:20:54:01 +0200] "GET /34rciha48320.html HTTP/1.1" 200 325305 "-" "Mozilla/5.0 AppleWebKit/537.36 (KHTML, like Gecko; compatible; bingbot/2.0; +http://www.bing.com/bingbot.htm) Chrome/116.0.1938.76 Safari/537.36"
66.249.77.5 - - [04/Dec/2024:20:54:04 +0200] "GET /bow19/7r250-25531/ HTTP/1.1" 200 303251 "-" "Mozilla/5.0 (Linux; Android 6.0.1; Nexus 5X Build/MMB29P) AppleWebKit/537.36 (KHTML, like Gecko) Chrome/131.0.6778.85 Mobile Safari/537.36 (compatible; Googlebot/2.1; +http://www.google.com/bot.html)"
52.167.144.145 - - [04/Dec/2024:20:54:04 +0200] "GET /47widoi30630.html HTTP/1.1" 200 321680 "-" "Mozilla/5.0 AppleWebKit/537.36 (KHTML, like Gecko; compatible; bingbot/2.0; +http://www.bing.com/bingbot.htm) Chrome/116.0.1938.76 Safari/537.36"
52.167.144.169 - - [04/Dec/2024:20:54:51 +0200] "GET /173ledgo26560.html HTTP/1.1" 200 323116 "-" "Mozilla/5.0 AppleWebKit/537.36 (KHTML, like Gecko; compatible; bingbot/2.0; +http://www.bing.com/bingbot.htm) Chrome/116.0.1938.76 Safari/537.36"
52.167.144.182 - - [04/Dec/2024:20:55:45 +0200] "GET /23ztwdb28130.html HTTP/1.1" 200 331719 "-" "Mozilla/5.0 AppleWebKit/537.36 (KHTML, like Gecko; compatible; bingbot/2.0; +http://www.bing.com/bingbot.htm) Chrome/116.0.1938.76 Safari/537.36"
52.167.144.145 - - [04/Dec/2024:20:55:49 +0200] "GET /206srmdf24590.html HTTP/1.1" 200 329465 "-" "Mozilla/5.0 AppleWebKit/537.36 (KHTML, like Gecko; compatible; bingbot/2.0; +http://www.bing.com/bingbot.htm) Chrome/116.0.1938.76 Safari/537.36"
52.167.144.145 - - [04/Dec/2024:20:55:51 +0200] "GET /278xohqv24088.html HTTP/1.1" 200 325631 "-" "Mozilla/5.0 AppleWebKit/537.36 (KHTML, like Gecko; compatible; bingbot/2.0; +http://www.bing.com/bingbot.htm) Chrome/116.0.1938.76 Safari/537.36"
52.167.144.145 - - [04/Dec/2024:20:55:57 +0200] "GET /95mizrm47297.html HTTP/1.1" 200 323327 "-" "Mozilla/5.0 AppleWebKit/537.36 (KHTML, like Gecko; compatible; bingbot/2.0; +http://www.bing.com/bingbot.htm) Chrome/116.0.1938.76 Safari/537.36"
52.167.144.150 - - [04/Dec/2024:20:56:37 +0200] "GET /17nlyow12935.html HTTP/1.1" 200 329163 "-" "Mozilla/5.0 AppleWebKit/537.36 (KHTML, like Gecko; compatible; bingbot/2.0; +http://www.bing.com/bingbot.htm) Chrome/116.0.1938.76 Safari/537.36"
52.167.144.150 - - [04/Dec/2024:20:56:39 +0200] "GET /33ledgo26700.html HTTP/1.1" 200 323410 "-" "Mozilla/5.0 AppleWebKit/537.36 (KHTML, like Gecko; compatible; bingbot/2.0; +http://www.bing.com/bingbot.htm) Chrome/116.0.1938.76 Safari/537.36"
52.167.144.169 - - [04/Dec/2024:20:56:42 +0200] "GET /190zoevs12682.html HTTP/1.1" 200 318349 "-" "Mozilla/5.0 AppleWebKit/537.36 (KHTML, like Gecko; compatible; bingbot/2.0; +http://www.bing.com/bingbot.htm) Chrome/116.0.1938.76 Safari/537.36"
52.167.144.169 - - [04/Dec/2024:20:57:01 +0200] "GET /110ghgcz37299.html HTTP/1.1" 200 325001 "-" "Mozilla/5.0 AppleWebKit/537.36 (KHTML, like Gecko; compatible; bingbot/2.0; +http://www.bing.com/bingbot.htm) Chrome/116.0.1938.76 Safari/537.36"
52.167.144.150 - - [04/Dec/2024:20:57:17 +0200] "GET /40iczgs22414.html HTTP/1.1" 200 321504 "-" "Mozilla/5.0 AppleWebKit/537.36 (KHTML, like Gecko; compatible; bingbot/2.0; +http://www.bing.com/bingbot.htm) Chrome/116.0.1938.76 Safari/537.36"
52.167.144.169 - - [04/Dec/2024:20:57:52 +0200] "GET /135lmtpy8072.html HTTP/1.1" 200 304890 "-" "Mozilla/5.0 AppleWebKit/537.36 (KHTML, like Gecko; compatible; bingbot/2.0; +http://www.bing.com/bingbot.htm) Chrome/116.0.1938.76 Safari/537.36"
52.167.144.150 - - [04/Dec/2024:20:57:56 +0200] "GET /130adsxy16057.html HTTP/1.1" 200 332177 "-" "Mozilla/5.0 AppleWebKit/537.36 (KHTML, like Gecko; compatible; bingbot/2.0; +http://www.bing.com/bingbot.htm) Chrome/116.0.1938.76 Safari/537.36"
52.167.144.145 - - [04/Dec/2024:20:58:05 +0200] "GET /214zkorf49649.html HTTP/1.1" 200 329030 "-" "Mozilla/5.0 AppleWebKit/537.36 (KHTML, like Gecko; compatible; bingbot/2.0; +http://www.bing.com/bingbot.htm) Chrome/116.0.1938.76 Safari/537.36"
52.167.144.169 - - [04/Dec/2024:20:58:23 +0200] "GET /82nocmc26733.html HTTP/1.1" 200 327040 "-" "Mozilla/5.0 AppleWebKit/537.36 (KHTML, like Gecko; compatible; bingbot/2.0; +http://www.bing.com/bingbot.htm) Chrome/116.0.1938.76 Safari/537.36"
52.167.144.150 - - [04/Dec/2024:20:58:27 +0200] "GET /72csvkl34936.html HTTP/1.1" 200 323349 "-" "Mozilla/5.0 AppleWebKit/537.36 (KHTML, like Gecko; compatible; bingbot/2.0; +http://www.bing.com/bingbot.htm) Chrome/116.0.1938.76 Safari/537.36"
52.167.144.182 - - [04/Dec/2024:20:58:44 +0200] "GET /8xlabb31842.html HTTP/1.1" 200 322417 "-" "Mozilla/5.0 AppleWebKit/537.36 (KHTML, like Gecko; compatible; bingbot/2.0; +http://www.bing.com/bingbot.htm) Chrome/116.0.1938.76 Safari/537.36"
52.167.144.150 - - [04/Dec/2024:20:59:07 +0200] "GET /73fogbr49409.html HTTP/1.1" 200 323427 "-" "Mozilla/5.0 AppleWebKit/537.36 (KHTML, like Gecko; compatible; bingbot/2.0; +http://www.bing.com/bingbot.htm) Chrome/116.0.1938.76 Safari/537.36"
52.167.144.150 - - [04/Dec/2024:20:59:17 +0200] "GET /44dpkht712.html HTTP/1.1" 200 324508 "-" "Mozilla/5.0 AppleWebKit/537.36 (KHTML, like Gecko; compatible; bingbot/2.0; +http://www.bing.com/bingbot.htm) Chrome/116.0.1938.76 Safari/537.36"
40.77.167.46 - - [04/Dec/2024:20:59:27 +0200] "GET /151fszvo9674.html HTTP/1.1" 200 327878 "-" "Mozilla/5.0 AppleWebKit/537.36 (KHTML, like Gecko; compatible; bingbot/2.0; +http://www.bing.com/bingbot.htm) Chrome/116.0.1938.76 Safari/537.36"
52.167.144.150 - - [04/Dec/2024:20:59:36 +0200] "GET /61dsloz7663.html HTTP/1.1" 200 328881 "-" "Mozilla/5.0 AppleWebKit/537.36 (KHTML, like Gecko; compatible; bingbot/2.0; +http://www.bing.com/bingbot.htm) Chrome/116.0.1938.76 Safari/537.36"
40.77.167.46 - - [04/Dec/2024:20:59:43 +0200] "GET /170mhcoc49842.html HTTP/1.1" 200 308889 "-" "Mozilla/5.0 AppleWebKit/537.36 (KHTML, like Gecko; compatible; bingbot/2.0; +http://www.bing.com/bingbot.htm) Chrome/116.0.1938.76 Safari/537.36"
52.167.144.213 - - [04/Dec/2024:20:59:47 +0200] "GET /264zlnjs9253.html HTTP/1.1" 200 323194 "-" "Mozilla/5.0 AppleWebKit/537.36 (KHTML, like Gecko; compatible; bingbot/2.0; +http://www.bing.com/bingbot.htm) Chrome/116.0.1938.76 Safari/537.36"
52.167.144.213 - - [04/Dec/2024:20:59:49 +0200] "GET /160suyew20320.html HTTP/1.1" 200 302027 "-" "Mozilla/5.0 AppleWebKit/537.36 (KHTML, like Gecko; compatible; bingbot/2.0; +http://www.bing.com/bingbot.htm) Chrome/116.0.1938.76 Safari/537.36"
66.249.77.6 - - [04/Dec/2024:20:59:53 +0200] "GET /survive183/eksxq-29316/ HTTP/1.1" 200 303559 "-" "Mozilla/5.0 (Linux; Android 6.0.1; Nexus 5X Build/MMB29P) AppleWebKit/537.36 (KHTML, like Gecko) Chrome/131.0.6778.85 Mobile Safari/537.36 (compatible; Googlebot/2.1; +http://www.google.com/bot.html)"
52.167.144.213 - - [04/Dec/2024:20:59:54 +0200] "GET /35xukda35011.html HTTP/1.1" 200 303544 "-" "Mozilla/5.0 AppleWebKit/537.36 (KHTML, like Gecko; compatible; bingbot/2.0; +http://www.bing.com/bingbot.htm) Chrome/116.0.1938.76 Safari/537.36"
52.167.144.213 - - [04/Dec/2024:20:59:56 +0200] "GET /179vrbwn31963.html HTTP/1.1" 200 326395 "-" "Mozilla/5.0 AppleWebKit/537.36 (KHTML, like Gecko; compatible; bingbot/2.0; +http://www.bing.com/bingbot.htm) Chrome/116.0.1938.76 Safari/537.36"
40.77.167.46 - - [04/Dec/2024:21:00:02 +0200] "GET /contractor97/xgaaf-27078/ HTTP/1.1" 200 326989 "-" "Mozilla/5.0 AppleWebKit/537.36 (KHTML, like Gecko; compatible; bingbot/2.0; +http://www.bing.com/bingbot.htm) Chrome/116.0.1938.76 Safari/537.36"
40.77.167.46 - - [04/Dec/2024:21:00:08 +0200] "GET /33xxhlu42100.html HTTP/1.1" 200 324843 "-" "Mozilla/5.0 AppleWebKit/537.36 (KHTML, like Gecko; compatible; bingbot/2.0; +http://www.bing.com/bingbot.htm) Chrome/116.0.1938.76 Safari/537.36"
40.77.167.46 - - [04/Dec/2024:21:00:10 +0200] "GET /62saiht47014.html HTTP/1.1" 200 329862 "-" "Mozilla/5.0 AppleWebKit/537.36 (KHTML, like Gecko; compatible; bingbot/2.0; +http://www.bing.com/bingbot.htm) Chrome/116.0.1938.76 Safari/537.36"
66.249.77.6 - - [04/Dec/2024:21:00:38 +0200] "GET /reverse231/i5c6m-24269/ HTTP/1.1" 200 325484 "-" "Mozilla/5.0 (compatible; Googlebot/2.1; +http://www.google.com/bot.html)"
66.249.77.6 - - [04/Dec/2024:21:00:56 +0200] "GET /separation140/8aj92-36985/ HTTP/1.1" 200 330105 "-" "Mozilla/5.0 (Linux; Android 6.0.1; Nexus 5X Build/MMB29P) AppleWebKit/537.36 (KHTML, like Gecko) Chrome/131.0.6778.85 Mobile Safari/537.36 (compatible; Googlebot/2.1; +http://www.google.com/bot.html)"
40.77.167.46 - - [04/Dec/2024:21:01:03 +0200] "GET /64jksfn13266.html HTTP/1.1" 200 331492 "-" "Mozilla/5.0 AppleWebKit/537.36 (KHTML, like Gecko; compatible; bingbot/2.0; +http://www.bing.com/bingbot.htm) Chrome/116.0.1938.76 Safari/537.36"
52.167.144.213 - - [04/Dec/2024:21:01:07 +0200] "GET /glass4/4hf3d-27311/ HTTP/1.1" 200 320327 "-" "Mozilla/5.0 AppleWebKit/537.36 (KHTML, like Gecko; compatible; bingbot/2.0; +http://www.bing.com/bingbot.htm) Chrome/116.0.1938.76 Safari/537.36"
52.167.144.193 - - [04/Dec/2024:21:01:25 +0200] "GET /10iikkq11005.html HTTP/1.1" 200 328386 "-" "Mozilla/5.0 AppleWebKit/537.36 (KHTML, like Gecko; compatible; bingbot/2.0; +http://www.bing.com/bingbot.htm) Chrome/116.0.1938.76 Safari/537.36"
52.167.144.150 - - [04/Dec/2024:21:01:37 +0200] "GET /216fbtuz1935.html HTTP/1.1" 200 324140 "-" "Mozilla/5.0 AppleWebKit/537.36 (KHTML, like Gecko; compatible; bingbot/2.0; +http://www.bing.com/bingbot.htm) Chrome/116.0.1938.76 Safari/537.36"
52.167.144.150 - - [04/Dec/2024:21:01:40 +0200] "GET /168znopy31840.html HTTP/1.1" 200 326116 "-" "Mozilla/5.0 AppleWebKit/537.36 (KHTML, like Gecko; compatible; bingbot/2.0; +http://www.bing.com/bingbot.htm) Chrome/116.0.1938.76 Safari/537.36"
40.77.167.77 - - [04/Dec/2024:21:01:43 +0200] "GET /123rqweg30260.html HTTP/1.1" 200 331706 "-" "Mozilla/5.0 AppleWebKit/537.36 (KHTML, like Gecko; compatible; bingbot/2.0; +http://www.bing.com/bingbot.htm) Chrome/116.0.1938.76 Safari/537.36"
40.77.167.46 - - [04/Dec/2024:21:02:03 +0200] "GET /101mwvjo44233.html HTTP/1.1" 200 326197 "-" "Mozilla/5.0 AppleWebKit/537.36 (KHTML, like Gecko; compatible; bingbot/2.0; +http://www.bing.com/bingbot.htm) Chrome/116.0.1938.76 Safari/537.36"
52.167.144.213 - - [04/Dec/2024:21:02:35 +0200] "GET /130kepbi21575.html HTTP/1.1" 200 303106 "-" "Mozilla/5.0 AppleWebKit/537.36 (KHTML, like Gecko; compatible; bingbot/2.0; +http://www.bing.com/bingbot.htm) Chrome/116.0.1938.76 Safari/537.36"
52.167.144.213 - - [04/Dec/2024:21:02:37 +0200] "GET /100ufcvx21293.html HTTP/1.1" 200 302910 "-" "Mozilla/5.0 AppleWebKit/537.36 (KHTML, like Gecko; compatible; bingbot/2.0; +http://www.bing.com/bingbot.htm) Chrome/116.0.1938.76 Safari/537.36"
66.249.77.7 - - [04/Dec/2024:21:02:58 +0200] "GET /earnings280/gfozn-10371/ HTTP/1.1" 200 328241 "-" "Mozilla/5.0 (compatible; Googlebot/2.1; +http://www.google.com/bot.html)"
40.77.167.46 - - [04/Dec/2024:21:03:02 +0200] "GET /101lrkax44030.html HTTP/1.1" 200 330032 "-" "Mozilla/5.0 AppleWebKit/537.36 (KHTML, like Gecko; compatible; bingbot/2.0; +http://www.bing.com/bingbot.htm) Chrome/116.0.1938.76 Safari/537.36"
40.77.167.46 - - [04/Dec/2024:21:03:04 +0200] "GET /14mzrsi7425.html HTTP/1.1" 200 321765 "-" "Mozilla/5.0 AppleWebKit/537.36 (KHTML, like Gecko; compatible; bingbot/2.0; +http://www.bing.com/bingbot.htm) Chrome/116.0.1938.76 Safari/537.36"
52.167.144.213 - - [04/Dec/2024:21:03:06 +0200] "GET /279dooee38697.html HTTP/1.1" 200 322758 "-" "Mozilla/5.0 AppleWebKit/537.36 (KHTML, like Gecko; compatible; bingbot/2.0; +http://www.bing.com/bingbot.htm) Chrome/116.0.1938.76 Safari/537.36"
40.77.167.46 - - [04/Dec/2024:21:03:07 +0200] "GET /290lqyfx34070.html HTTP/1.1" 200 311405 "-" "Mozilla/5.0 AppleWebKit/537.36 (KHTML, like Gecko; compatible; bingbot/2.0; +http://www.bing.com/bingbot.htm) Chrome/116.0.1938.76 Safari/537.36"
40.77.167.46 - - [04/Dec/2024:21:04:23 +0200] "GET /44ganis4516.html HTTP/1.1" 200 322702 "-" "Mozilla/5.0 AppleWebKit/537.36 (KHTML, like Gecko; compatible; bingbot/2.0; +http://www.bing.com/bingbot.htm) Chrome/116.0.1938.76 Safari/537.36"
52.167.144.147 - - [04/Dec/2024:21:04:26 +0200] "GET /284giwoa4753.html HTTP/1.1" 200 332019 "-" "Mozilla/5.0 AppleWebKit/537.36 (KHTML, like Gecko; compatible; bingbot/2.0; +http://www.bing.com/bingbot.htm) Chrome/116.0.1938.76 Safari/537.36"
52.167.144.213 - - [04/Dec/2024:21:04:27 +0200] "GET /53apidf1333.html HTTP/1.1" 200 324154 "-" "Mozilla/5.0 AppleWebKit/537.36 (KHTML, like Gecko; compatible; bingbot/2.0; +http://www.bing.com/bingbot.htm) Chrome/116.0.1938.76 Safari/537.36"
52.167.144.147 - - [04/Dec/2024:21:04:37 +0200] "GET /subsequent160/svgwb-40228/ HTTP/1.1" 200 324973 "-" "Mozilla/5.0 AppleWebKit/537.36 (KHTML, like Gecko; compatible; bingbot/2.0; +http://www.bing.com/bingbot.htm) Chrome/116.0.1938.76 Safari/537.36"
40.77.167.46 - - [04/Dec/2024:21:04:42 +0200] "GET /158dwvus9663.html HTTP/1.1" 200 322475 "-" "Mozilla/5.0 AppleWebKit/537.36 (KHTML, like Gecko; compatible; bingbot/2.0; +http://www.bing.com/bingbot.htm) Chrome/116.0.1938.76 Safari/537.36"
52.167.144.213 - - [04/Dec/2024:21:05:26 +0200] "GET /40uquvc3587.html HTTP/1.1" 200 323838 "-" "Mozilla/5.0 AppleWebKit/537.36 (KHTML, like Gecko; compatible; bingbot/2.0; +http://www.bing.com/bingbot.htm) Chrome/116.0.1938.76 Safari/537.36"
52.167.144.150 - - [04/Dec/2024:21:05:37 +0200] "GET /30qjgeq13531.html HTTP/1.1" 200 327628 "-" "Mozilla/5.0 AppleWebKit/537.36 (KHTML, like Gecko; compatible; bingbot/2.0; +http://www.bing.com/bingbot.htm) Chrome/116.0.1938.76 Safari/537.36"
52.167.144.150 - - [04/Dec/2024:21:05:39 +0200] "GET /276zjfyo23257.html HTTP/1.1" 200 331421 "-" "Mozilla/5.0 AppleWebKit/537.36 (KHTML, like Gecko; compatible; bingbot/2.0; +http://www.bing.com/bingbot.htm) Chrome/116.0.1938.76 Safari/537.36"
66.249.77.7 - - [04/Dec/2024:21:05:51 +0200] "GET /passing284/f3f3v-36054/ HTTP/1.1" 200 316573 "-" "Mozilla/5.0 (compatible; Googlebot/2.1; +http://www.google.com/bot.html)"
40.77.167.46 - - [04/Dec/2024:21:06:23 +0200] "GET /62ctred37110.html HTTP/1.1" 200 325246 "-" "Mozilla/5.0 AppleWebKit/537.36 (KHTML, like Gecko; compatible; bingbot/2.0; +http://www.bing.com/bingbot.htm) Chrome/116.0.1938.76 Safari/537.36"
40.77.167.46 - - [04/Dec/2024:21:06:26 +0200] "GET /91vcicq8988.html HTTP/1.1" 200 325133 "-" "Mozilla/5.0 AppleWebKit/537.36 (KHTML, like Gecko; compatible; bingbot/2.0; +http://www.bing.com/bingbot.htm) Chrome/116.0.1938.76 Safari/537.36"
143.198.37.182 - - [04/Dec/2024:21:06:59 +0200] "GET / HTTP/1.1" 401 53 "-" "Mozilla/5.0 (X11; Linux x86_64) AppleWebKit/537.36 (KHTML, like Gecko) Chrome/129.0.0.0 Safari/537.36"
143.198.37.182 - - [04/Dec/2024:21:07:02 +0200] "GET /favicon.ico HTTP/1.1" 401 53 "https://cpcalendars.changeyourstyles.com/" "Mozilla/5.0 (X11; Linux x86_64) AppleWebKit/537.36 (KHTML, like Gecko) Chrome/129.0.0.0 Safari/537.36"
52.167.144.213 - - [04/Dec/2024:21:07:05 +0200] "GET /275tuhbr39190.html HTTP/1.1" 200 325099 "-" "Mozilla/5.0 AppleWebKit/537.36 (KHTML, like Gecko; compatible; bingbot/2.0; +http://www.bing.com/bingbot.htm) Chrome/116.0.1938.76 Safari/537.36"
40.77.167.46 - - [04/Dec/2024:21:07:23 +0200] "GET /49fjguu1099.html HTTP/1.1" 200 330407 "-" "Mozilla/5.0 AppleWebKit/537.36 (KHTML, like Gecko; compatible; bingbot/2.0; +http://www.bing.com/bingbot.htm) Chrome/116.0.1938.76 Safari/537.36"
52.167.144.213 - - [04/Dec/2024:21:07:27 +0200] "GET /23mmcdi39508.html HTTP/1.1" 200 324153 "-" "Mozilla/5.0 AppleWebKit/537.36 (KHTML, like Gecko; compatible; bingbot/2.0; +http://www.bing.com/bingbot.htm) Chrome/116.0.1938.76 Safari/537.36"
52.167.144.213 - - [04/Dec/2024:21:07:30 +0200] "GET /53icdlw8060.html HTTP/1.1" 200 304679 "-" "Mozilla/5.0 AppleWebKit/537.36 (KHTML, like Gecko; compatible; bingbot/2.0; +http://www.bing.com/bingbot.htm) Chrome/116.0.1938.76 Safari/537.36"
40.77.167.46 - - [04/Dec/2024:21:08:02 +0200] "GET /11casdm49873.html HTTP/1.1" 200 321801 "-" "Mozilla/5.0 AppleWebKit/537.36 (KHTML, like Gecko; compatible; bingbot/2.0; +http://www.bing.com/bingbot.htm) Chrome/116.0.1938.76 Safari/537.36"
40.77.167.46 - - [04/Dec/2024:21:08:23 +0200] "GET /276uuqne39833.html HTTP/1.1" 200 325603 "-" "Mozilla/5.0 AppleWebKit/537.36 (KHTML, like Gecko; compatible; bingbot/2.0; +http://www.bing.com/bingbot.htm) Chrome/116.0.1938.76 Safari/537.36"
52.167.144.213 - - [04/Dec/2024:21:08:35 +0200] "GET /224tcfkc6187.html HTTP/1.1" 200 322236 "-" "Mozilla/5.0 AppleWebKit/537.36 (KHTML, like Gecko; compatible; bingbot/2.0; +http://www.bing.com/bingbot.htm) Chrome/116.0.1938.76 Safari/537.36"
40.77.167.184 - - [04/Dec/2024:21:08:40 +0200] "GET /robots.txt HTTP/1.1" 200 618 "-" "Mozilla/5.0 AppleWebKit/537.36 (KHTML, like Gecko; compatible; bingbot/2.0; +http://www.bing.com/bingbot.htm) Chrome/116.0.1938.76 Safari/537.36"
52.167.144.174 - - [04/Dec/2024:21:08:48 +0200] "GET /3axygt32190.html HTTP/1.1" 200 328132 "-" "Mozilla/5.0 AppleWebKit/537.36 (KHTML, like Gecko; compatible; bingbot/2.0; +http://www.bing.com/bingbot.htm) Chrome/116.0.1938.76 Safari/537.36"
40.77.167.46 - - [04/Dec/2024:21:09:24 +0200] "GET /120iilvk43702.html HTTP/1.1" 200 321187 "-" "Mozilla/5.0 AppleWebKit/537.36 (KHTML, like Gecko; compatible; bingbot/2.0; +http://www.bing.com/bingbot.htm) Chrome/116.0.1938.76 Safari/537.36"
40.77.167.255 - - [04/Dec/2024:21:10:27 +0200] "GET /96tuzmu41934.html HTTP/1.1" 200 304027 "-" "Mozilla/5.0 AppleWebKit/537.36 (KHTML, like Gecko; compatible; bingbot/2.0; +http://www.bing.com/bingbot.htm) Chrome/116.0.1938.76 Safari/537.36"
40.77.167.8 - - [04/Dec/2024:21:10:33 +0200] "GET /102wyecc46191.html HTTP/1.1" 200 328105 "-" "Mozilla/5.0 AppleWebKit/537.36 (KHTML, like Gecko; compatible; bingbot/2.0; +http://www.bing.com/bingbot.htm) Chrome/116.0.1938.76 Safari/537.36"
40.77.167.8 - - [04/Dec/2024:21:11:33 +0200] "GET /32mtxen39565.html HTTP/1.1" 200 325553 "-" "Mozilla/5.0 AppleWebKit/537.36 (KHTML, like Gecko; compatible; bingbot/2.0; +http://www.bing.com/bingbot.htm) Chrome/116.0.1938.76 Safari/537.36"
40.77.167.255 - - [04/Dec/2024:21:11:47 +0200] "GET /275gplaf34251.html HTTP/1.1" 200 328240 "-" "Mozilla/5.0 AppleWebKit/537.36 (KHTML, like Gecko; compatible; bingbot/2.0; +http://www.bing.com/bingbot.htm) Chrome/116.0.1938.76 Safari/537.36"
40.77.167.65 - - [04/Dec/2024:21:11:56 +0200] "GET /165gmclm28885.html HTTP/1.1" 200 327993 "-" "Mozilla/5.0 AppleWebKit/537.36 (KHTML, like Gecko; compatible; bingbot/2.0; +http://www.bing.com/bingbot.htm) Chrome/116.0.1938.76 Safari/537.36"
40.77.167.65 - - [04/Dec/2024:21:11:58 +0200] "GET /cash250/2zvoo-35593/ HTTP/1.1" 200 323452 "-" "Mozilla/5.0 AppleWebKit/537.36 (KHTML, like Gecko; compatible; bingbot/2.0; +http://www.bing.com/bingbot.htm) Chrome/116.0.1938.76 Safari/537.36"
217.61.227.222 - - [04/Dec/2024:21:11:59 +0200] "GET /autodiscover/autodiscover.xml HTTP/1.1" 400 52 "http://autodiscover.changeyourstyles.com/favicon.ico" "Mozilla/5.0 (Windows NT 10.0; Win64; x64) AppleWebKit/537.36 (KHTML, like Gecko) Chrome/126.0.0.0 Safari/537.36 Edg/126.0.0.0"
40.77.167.8 - - [04/Dec/2024:21:12:06 +0200] "GET /21ivnnf7599.html HTTP/1.1" 200 303324 "-" "Mozilla/5.0 AppleWebKit/537.36 (KHTML, like Gecko; compatible; bingbot/2.0; +http://www.bing.com/bingbot.htm) Chrome/116.0.1938.76 Safari/537.36"
40.77.167.255 - - [04/Dec/2024:21:12:08 +0200] "GET /74sblkc1732.html HTTP/1.1" 200 321373 "-" "Mozilla/5.0 AppleWebKit/537.36 (KHTML, like Gecko; compatible; bingbot/2.0; +http://www.bing.com/bingbot.htm) Chrome/116.0.1938.76 Safari/537.36"
40.77.167.255 - - [04/Dec/2024:21:12:11 +0200] "GET /173urzfk44781.html HTTP/1.1" 200 325821 "-" "Mozilla/5.0 AppleWebKit/537.36 (KHTML, like Gecko; compatible; bingbot/2.0; +http://www.bing.com/bingbot.htm) Chrome/116.0.1938.76 Safari/537.36"
40.77.167.65 - - [04/Dec/2024:21:12:20 +0200] "GET /125zwvwe5049.html HTTP/1.1" 200 323732 "-" "Mozilla/5.0 AppleWebKit/537.36 (KHTML, like Gecko; compatible; bingbot/2.0; +http://www.bing.com/bingbot.htm) Chrome/116.0.1938.76 Safari/537.36"
40.77.167.65 - - [04/Dec/2024:21:12:22 +0200] "GET /43zuymq23073.html HTTP/1.1" 200 322734 "-" "Mozilla/5.0 AppleWebKit/537.36 (KHTML, like Gecko; compatible; bingbot/2.0; +http://www.bing.com/bingbot.htm) Chrome/116.0.1938.76 Safari/537.36"
40.77.167.65 - - [04/Dec/2024:21:12:39 +0200] "GET /16iiarv45628.html HTTP/1.1" 200 325859 "-" "Mozilla/5.0 AppleWebKit/537.36 (KHTML, like Gecko; compatible; bingbot/2.0; +http://www.bing.com/bingbot.htm) Chrome/116.0.1938.76 Safari/537.36"
40.77.167.65 - - [04/Dec/2024:21:12:41 +0200] "GET /weapon20/n63ly-33555/ HTTP/1.1" 200 329556 "-" "Mozilla/5.0 AppleWebKit/537.36 (KHTML, like Gecko; compatible; bingbot/2.0; +http://www.bing.com/bingbot.htm) Chrome/116.0.1938.76 Safari/537.36"
40.77.167.65 - - [04/Dec/2024:21:13:18 +0200] "GET /180jgndb43327.html HTTP/1.1" 200 309826 "-" "Mozilla/5.0 AppleWebKit/537.36 (KHTML, like Gecko; compatible; bingbot/2.0; +http://www.bing.com/bingbot.htm) Chrome/116.0.1938.76 Safari/537.36"
40.77.167.65 - - [04/Dec/2024:21:13:20 +0200] "GET /103oqizr41959.html HTTP/1.1" 200 328442 "-" "Mozilla/5.0 AppleWebKit/537.36 (KHTML, like Gecko; compatible; bingbot/2.0; +http://www.bing.com/bingbot.htm) Chrome/116.0.1938.76 Safari/537.36"
40.77.167.184 - - [04/Dec/2024:21:13:37 +0200] "GET /robots.txt HTTP/1.1" 200 618 "-" "Mozilla/5.0 AppleWebKit/537.36 (KHTML, like Gecko; compatible; bingbot/2.0; +http://www.bing.com/bingbot.htm) Chrome/116.0.1938.76 Safari/537.36"
40.77.167.247 - - [04/Dec/2024:21:13:43 +0200] "GET /33aiktv7679.html HTTP/1.1" 200 329302 "-" "Mozilla/5.0 AppleWebKit/537.36 (KHTML, like Gecko; compatible; bingbot/2.0; +http://www.bing.com/bingbot.htm) Chrome/116.0.1938.76 Safari/537.36"
86.105.155.248 - - [04/Dec/2024:21:13:46 +0200] "GET /autodiscover/autodiscover.xml HTTP/1.1" 400 52 "http://autodiscover.changeyourstyles.com/dichku.php" "Mozilla/5.0 (iPhone; CPU iPhone OS 17_5_1 like Mac OS X) AppleWebKit/605.1.15 (KHTML, like Gecko) Version/17.5 Mobile/15E148 Safari/604.1"
86.105.155.248 - - [04/Dec/2024:21:13:46 +0200] "GET /autodiscover/autodiscover.xml HTTP/1.1" 400 52 "http://autodiscover.changeyourstyles.com/dichku.php" "Mozilla/5.0 (iPhone; CPU iPhone OS 17_2_1 like Mac OS X) AppleWebKit/605.1.15 (KHTML, like Gecko) Version/17.2 Mobile/15E148 Safari/604.1"
40.77.167.255 - - [04/Dec/2024:21:13:46 +0200] "GET /66fited13514.html HTTP/1.1" 200 325202 "-" "Mozilla/5.0 AppleWebKit/537.36 (KHTML, like Gecko; compatible; bingbot/2.0; +http://www.bing.com/bingbot.htm) Chrome/116.0.1938.76 Safari/537.36"
40.77.167.8 - - [04/Dec/2024:21:14:13 +0200] "GET /mineral33/vcimc-27928/ HTTP/1.1" 200 324380 "-" "Mozilla/5.0 AppleWebKit/537.36 (KHTML, like Gecko; compatible; bingbot/2.0; +http://www.bing.com/bingbot.htm) Chrome/116.0.1938.76 Safari/537.36"
40.77.167.255 - - [04/Dec/2024:21:14:17 +0200] "GET /47vsbpt6615.html HTTP/1.1" 200 324088 "-" "Mozilla/5.0 AppleWebKit/537.36 (KHTML, like Gecko; compatible; bingbot/2.0; +http://www.bing.com/bingbot.htm) Chrome/116.0.1938.76 Safari/537.36"
40.77.167.65 - - [04/Dec/2024:21:14:18 +0200] "GET /12rvmfa5536.html HTTP/1.1" 200 329549 "-" "Mozilla/5.0 AppleWebKit/537.36 (KHTML, like Gecko; compatible; bingbot/2.0; +http://www.bing.com/bingbot.htm) Chrome/116.0.1938.76 Safari/537.36"
40.77.167.255 - - [04/Dec/2024:21:14:19 +0200] "GET /42tmbjj11032.html HTTP/1.1" 200 333210 "-" "Mozilla/5.0 AppleWebKit/537.36 (KHTML, like Gecko; compatible; bingbot/2.0; +http://www.bing.com/bingbot.htm) Chrome/116.0.1938.76 Safari/537.36"
40.77.167.255 - - [04/Dec/2024:21:14:37 +0200] "GET /5iaiep18319.html HTTP/1.1" 200 325829 "-" "Mozilla/5.0 AppleWebKit/537.36 (KHTML, like Gecko; compatible; bingbot/2.0; +http://www.bing.com/bingbot.htm) Chrome/116.0.1938.76 Safari/537.36"
85.208.96.204 - - [04/Dec/2024:21:15:09 +0200] "GET /robots.txt HTTP/1.1" 200 618 "-" "Mozilla/5.0 (compatible; SemrushBot/7~bl; +http://www.semrush.com/bot.html)"
85.208.96.204 - - [04/Dec/2024:21:15:09 +0200] "GET / HTTP/1.1" 200 146 "-" "Mozilla/5.0 (compatible; SemrushBot/7~bl; +http://www.semrush.com/bot.html)"
40.77.167.255 - - [04/Dec/2024:21:15:22 +0200] "GET /94hzmrg33020.html HTTP/1.1" 200 326323 "-" "Mozilla/5.0 AppleWebKit/537.36 (KHTML, like Gecko; compatible; bingbot/2.0; +http://www.bing.com/bingbot.htm) Chrome/116.0.1938.76 Safari/537.36"
40.77.167.255 - - [04/Dec/2024:21:15:28 +0200] "GET /14xaoco41281.html HTTP/1.1" 200 323628 "-" "Mozilla/5.0 AppleWebKit/537.36 (KHTML, like Gecko; compatible; bingbot/2.0; +http://www.bing.com/bingbot.htm) Chrome/116.0.1938.76 Safari/537.36"
40.77.167.65 - - [04/Dec/2024:21:15:32 +0200] "GET /205nomto28843.html HTTP/1.1" 200 302839 "-" "Mozilla/5.0 AppleWebKit/537.36 (KHTML, like Gecko; compatible; bingbot/2.0; +http://www.bing.com/bingbot.htm) Chrome/116.0.1938.76 Safari/537.36"
40.77.167.247 - - [04/Dec/2024:21:15:44 +0200] "GET /76kfzpe43939.html HTTP/1.1" 200 323767 "-" "Mozilla/5.0 AppleWebKit/537.36 (KHTML, like Gecko; compatible; bingbot/2.0; +http://www.bing.com/bingbot.htm) Chrome/116.0.1938.76 Safari/537.36"
52.167.144.174 - - [04/Dec/2024:21:15:48 +0200] "GET /193tyrtd3699.html HTTP/1.1" 200 326304 "-" "Mozilla/5.0 AppleWebKit/537.36 (KHTML, like Gecko; compatible; bingbot/2.0; +http://www.bing.com/bingbot.htm) Chrome/116.0.1938.76 Safari/537.36"
40.77.167.255 - - [04/Dec/2024:21:16:08 +0200] "GET /116vztpy34379.html HTTP/1.1" 200 326382 "-" "Mozilla/5.0 AppleWebKit/537.36 (KHTML, like Gecko; compatible; bingbot/2.0; +http://www.bing.com/bingbot.htm) Chrome/116.0.1938.76 Safari/537.36"
40.77.167.65 - - [04/Dec/2024:21:16:18 +0200] "GET /59shebp33423.html HTTP/1.1" 200 330146 "-" "Mozilla/5.0 AppleWebKit/537.36 (KHTML, like Gecko; compatible; bingbot/2.0; +http://www.bing.com/bingbot.htm) Chrome/116.0.1938.76 Safari/537.36"
40.77.167.8 - - [04/Dec/2024:21:16:54 +0200] "GET /116ghpfm3361.html HTTP/1.1" 200 323586 "-" "Mozilla/5.0 AppleWebKit/537.36 (KHTML, like Gecko; compatible; bingbot/2.0; +http://www.bing.com/bingbot.htm) Chrome/116.0.1938.76 Safari/537.36"
40.77.167.8 - - [04/Dec/2024:21:16:55 +0200] "GET /167dkoso22062.html HTTP/1.1" 200 321171 "-" "Mozilla/5.0 AppleWebKit/537.36 (KHTML, like Gecko; compatible; bingbot/2.0; +http://www.bing.com/bingbot.htm) Chrome/116.0.1938.76 Safari/537.36"
40.77.167.8 - - [04/Dec/2024:21:16:57 +0200] "GET /split172/ot94m-25032/ HTTP/1.1" 200 322514 "-" "Mozilla/5.0 AppleWebKit/537.36 (KHTML, like Gecko; compatible; bingbot/2.0; +http://www.bing.com/bingbot.htm) Chrome/116.0.1938.76 Safari/537.36"
40.77.167.65 - - [04/Dec/2024:21:17:08 +0200] "GET /151fidha13845.html HTTP/1.1" 200 323605 "-" "Mozilla/5.0 AppleWebKit/537.36 (KHTML, like Gecko; compatible; bingbot/2.0; +http://www.bing.com/bingbot.htm) Chrome/116.0.1938.76 Safari/537.36"
40.77.167.255 - - [04/Dec/2024:21:17:47 +0200] "GET /251ieisf8870.html HTTP/1.1" 200 326329 "-" "Mozilla/5.0 AppleWebKit/537.36 (KHTML, like Gecko; compatible; bingbot/2.0; +http://www.bing.com/bingbot.htm) Chrome/116.0.1938.76 Safari/537.36"
40.77.167.255 - - [04/Dec/2024:21:17:49 +0200] "GET /98cfseq3694.html HTTP/1.1" 200 324503 "-" "Mozilla/5.0 AppleWebKit/537.36 (KHTML, like Gecko; compatible; bingbot/2.0; +http://www.bing.com/bingbot.htm) Chrome/116.0.1938.76 Safari/537.36"
40.77.167.255 - - [04/Dec/2024:21:17:55 +0200] "GET /100puxuh45295.html HTTP/1.1" 200 331097 "-" "Mozilla/5.0 AppleWebKit/537.36 (KHTML, like Gecko; compatible; bingbot/2.0; +http://www.bing.com/bingbot.htm) Chrome/116.0.1938.76 Safari/537.36"
40.77.167.255 - - [04/Dec/2024:21:17:57 +0200] "GET /90knyqi7691.html HTTP/1.1" 200 327778 "-" "Mozilla/5.0 AppleWebKit/537.36 (KHTML, like Gecko; compatible; bingbot/2.0; +http://www.bing.com/bingbot.htm) Chrome/116.0.1938.76 Safari/537.36"
40.77.167.8 - - [04/Dec/2024:21:18:04 +0200] "GET /29rozau10958.html HTTP/1.1" 200 322427 "-" "Mozilla/5.0 AppleWebKit/537.36 (KHTML, like Gecko; compatible; bingbot/2.0; +http://www.bing.com/bingbot.htm) Chrome/116.0.1938.76 Safari/537.36"
40.77.167.65 - - [04/Dec/2024:21:18:18 +0200] "GET /172wqqjs32056.html HTTP/1.1" 200 316698 "-" "Mozilla/5.0 AppleWebKit/537.36 (KHTML, like Gecko; compatible; bingbot/2.0; +http://www.bing.com/bingbot.htm) Chrome/116.0.1938.76 Safari/537.36"
40.77.167.65 - - [04/Dec/2024:21:18:21 +0200] "GET /288xnrcf28435.html HTTP/1.1" 200 325270 "-" "Mozilla/5.0 AppleWebKit/537.36 (KHTML, like Gecko; compatible; bingbot/2.0; +http://www.bing.com/bingbot.htm) Chrome/116.0.1938.76 Safari/537.36"
40.77.167.79 - - [04/Dec/2024:21:18:39 +0200] "GET /10kqecy46571.html HTTP/1.1" 200 325592 "-" "Mozilla/5.0 AppleWebKit/537.36 (KHTML, like Gecko; compatible; bingbot/2.0; +http://www.bing.com/bingbot.htm) Chrome/116.0.1938.76 Safari/537.36"
40.77.167.79 - - [04/Dec/2024:21:19:18 +0200] "GET /18qhgni4253.html HTTP/1.1" 200 326411 "-" "Mozilla/5.0 AppleWebKit/537.36 (KHTML, like Gecko; compatible; bingbot/2.0; +http://www.bing.com/bingbot.htm) Chrome/116.0.1938.76 Safari/537.36"
40.77.167.79 - - [04/Dec/2024:21:19:21 +0200] "GET /78wdaui1471.html HTTP/1.1" 200 328098 "-" "Mozilla/5.0 AppleWebKit/537.36 (KHTML, like Gecko; compatible; bingbot/2.0; +http://www.bing.com/bingbot.htm) Chrome/116.0.1938.76 Safari/537.36"
40.77.167.255 - - [04/Dec/2024:21:19:27 +0200] "GET /212jpwzu48338.html HTTP/1.1" 200 330414 "-" "Mozilla/5.0 AppleWebKit/537.36 (KHTML, like Gecko; compatible; bingbot/2.0; +http://www.bing.com/bingbot.htm) Chrome/116.0.1938.76 Safari/537.36"
40.77.167.255 - - [04/Dec/2024:21:19:49 +0200] "GET /21psgmb37361.html HTTP/1.1" 200 323205 "-" "Mozilla/5.0 AppleWebKit/537.36 (KHTML, like Gecko; compatible; bingbot/2.0; +http://www.bing.com/bingbot.htm) Chrome/116.0.1938.76 Safari/537.36"
40.77.167.255 - - [04/Dec/2024:21:19:52 +0200] "GET /149elcgm28247.html HTTP/1.1" 200 329208 "-" "Mozilla/5.0 AppleWebKit/537.36 (KHTML, like Gecko; compatible; bingbot/2.0; +http://www.bing.com/bingbot.htm) Chrome/116.0.1938.76 Safari/537.36"
40.77.167.8 - - [04/Dec/2024:21:20:24 +0200] "GET /5ecdhs738.html HTTP/1.1" 200 306858 "-" "Mozilla/5.0 AppleWebKit/537.36 (KHTML, like Gecko; compatible; bingbot/2.0; +http://www.bing.com/bingbot.htm) Chrome/116.0.1938.76 Safari/537.36"
40.77.167.8 - - [04/Dec/2024:21:20:26 +0200] "GET /140pudtr20551.html HTTP/1.1" 200 323058 "-" "Mozilla/5.0 AppleWebKit/537.36 (KHTML, like Gecko; compatible; bingbot/2.0; +http://www.bing.com/bingbot.htm) Chrome/116.0.1938.76 Safari/537.36"
40.77.167.79 - - [04/Dec/2024:21:20:49 +0200] "GET /42wjcuz14117.html HTTP/1.1" 200 329078 "-" "Mozilla/5.0 AppleWebKit/537.36 (KHTML, like Gecko; compatible; bingbot/2.0; +http://www.bing.com/bingbot.htm) Chrome/116.0.1938.76 Safari/537.36"
40.77.167.79 - - [04/Dec/2024:21:20:50 +0200] "GET /135gvwvu9147.html HTTP/1.1" 200 323426 "-" "Mozilla/5.0 AppleWebKit/537.36 (KHTML, like Gecko; compatible; bingbot/2.0; +http://www.bing.com/bingbot.htm) Chrome/116.0.1938.76 Safari/537.36"
40.77.167.8 - - [04/Dec/2024:21:21:04 +0200] "GET /138sdxgz37367.html HTTP/1.1" 200 310094 "-" "Mozilla/5.0 AppleWebKit/537.36 (KHTML, like Gecko; compatible; bingbot/2.0; +http://www.bing.com/bingbot.htm) Chrome/116.0.1938.76 Safari/537.36"
40.77.167.8 - - [04/Dec/2024:21:21:06 +0200] "GET /166ufcvl9442.html HTTP/1.1" 200 320928 "-" "Mozilla/5.0 AppleWebKit/537.36 (KHTML, like Gecko; compatible; bingbot/2.0; +http://www.bing.com/bingbot.htm) Chrome/116.0.1938.76 Safari/537.36"
40.77.167.79 - - [04/Dec/2024:21:21:09 +0200] "GET /51hdkth8698.html HTTP/1.1" 200 327520 "-" "Mozilla/5.0 AppleWebKit/537.36 (KHTML, like Gecko; compatible; bingbot/2.0; +http://www.bing.com/bingbot.htm) Chrome/116.0.1938.76 Safari/537.36"
52.167.144.234 - - [04/Dec/2024:21:21:25 +0200] "GET /73torso12205.html HTTP/1.1" 200 327306 "-" "Mozilla/5.0 AppleWebKit/537.36 (KHTML, like Gecko; compatible; bingbot/2.0; +http://www.bing.com/bingbot.htm) Chrome/116.0.1938.76 Safari/537.36"
52.167.144.234 - - [04/Dec/2024:21:21:43 +0200] "GET /88bmcln8440.html HTTP/1.1" 200 326654 "-" "Mozilla/5.0 AppleWebKit/537.36 (KHTML, like Gecko; compatible; bingbot/2.0; +http://www.bing.com/bingbot.htm) Chrome/116.0.1938.76 Safari/537.36"
40.77.167.32 - - [04/Dec/2024:21:21:48 +0200] "GET /136nlydm19326.html HTTP/1.1" 200 322836 "-" "Mozilla/5.0 AppleWebKit/537.36 (KHTML, like Gecko; compatible; bingbot/2.0; +http://www.bing.com/bingbot.htm) Chrome/116.0.1938.76 Safari/537.36"
