52.167.144.234 - - [04/Dec/2024:18:37:43 +0200] "GET /166bjcup22447.html HTTP/1.1" 200 307336 "-" "Mozilla/5.0 AppleWebKit/537.36 (KHTML, like Gecko; compatible; bingbot/2.0; +http://www.bing.com/bingbot.htm) Chrome/116.0.1938.76 Safari/537.36"
52.167.144.145 - - [04/Dec/2024:18:37:48 +0200] "GET /284jbcco3254.html HTTP/1.1" 200 326384 "-" "Mozilla/5.0 AppleWebKit/537.36 (KHTML, like Gecko; compatible; bingbot/2.0; +http://www.bing.com/bingbot.htm) Chrome/116.0.1938.76 Safari/537.36"
52.167.144.156 - - [04/Dec/2024:18:38:09 +0200] "GET /charter290/n79g8-20115/ HTTP/1.1" 200 323362 "-" "Mozilla/5.0 AppleWebKit/537.36 (KHTML, like Gecko; compatible; bingbot/2.0; +http://www.bing.com/bingbot.htm) Chrome/116.0.1938.76 Safari/537.36"
52.167.144.145 - - [04/Dec/2024:18:38:27 +0200] "GET /167vrttz9795.html HTTP/1.1" 200 324900 "-" "Mozilla/5.0 AppleWebKit/537.36 (KHTML, like Gecko; compatible; bingbot/2.0; +http://www.bing.com/bingbot.htm) Chrome/116.0.1938.76 Safari/537.36"
52.167.144.156 - - [04/Dec/2024:18:39:20 +0200] "GET /90xcpxd34870.html HTTP/1.1" 200 324812 "-" "Mozilla/5.0 AppleWebKit/537.36 (KHTML, like Gecko; compatible; bingbot/2.0; +http://www.bing.com/bingbot.htm) Chrome/116.0.1938.76 Safari/537.36"
52.167.144.145 - - [04/Dec/2024:18:39:37 +0200] "GET /296cnazi1118.html HTTP/1.1" 200 311441 "-" "Mozilla/5.0 AppleWebKit/537.36 (KHTML, like Gecko; compatible; bingbot/2.0; +http://www.bing.com/bingbot.htm) Chrome/116.0.1938.76 Safari/537.36"
52.167.144.234 - - [04/Dec/2024:18:40:22 +0200] "GET /vacuum176/5cet2-22764/ HTTP/1.1" 200 326958 "-" "Mozilla/5.0 AppleWebKit/537.36 (KHTML, like Gecko; compatible; bingbot/2.0; +http://www.bing.com/bingbot.htm) Chrome/116.0.1938.76 Safari/537.36"
52.167.144.156 - - [04/Dec/2024:18:40:29 +0200] "GET /276hhmid20659.html HTTP/1.1" 200 305086 "-" "Mozilla/5.0 AppleWebKit/537.36 (KHTML, like Gecko; compatible; bingbot/2.0; +http://www.bing.com/bingbot.htm) Chrome/116.0.1938.76 Safari/537.36"
52.167.144.156 - - [04/Dec/2024:18:40:31 +0200] "GET /66qqkab20733.html HTTP/1.1" 200 324417 "-" "Mozilla/5.0 AppleWebKit/537.36 (KHTML, like Gecko; compatible; bingbot/2.0; +http://www.bing.com/bingbot.htm) Chrome/116.0.1938.76 Safari/537.36"
52.167.144.156 - - [04/Dec/2024:18:40:32 +0200] "GET /43zlaeh18449.html HTTP/1.1" 200 325770 "-" "Mozilla/5.0 AppleWebKit/537.36 (KHTML, like Gecko; compatible; bingbot/2.0; +http://www.bing.com/bingbot.htm) Chrome/116.0.1938.76 Safari/537.36"
52.167.144.145 - - [04/Dec/2024:18:40:37 +0200] "GET /67siymx30028.html HTTP/1.1" 200 303149 "-" "Mozilla/5.0 AppleWebKit/537.36 (KHTML, like Gecko; compatible; bingbot/2.0; +http://www.bing.com/bingbot.htm) Chrome/116.0.1938.76 Safari/537.36"
52.167.144.234 - - [04/Dec/2024:18:40:53 +0200] "GET /49foswy31852.html HTTP/1.1" 200 325018 "-" "Mozilla/5.0 AppleWebKit/537.36 (KHTML, like Gecko; compatible; bingbot/2.0; +http://www.bing.com/bingbot.htm) Chrome/116.0.1938.76 Safari/537.36"
52.167.144.145 - - [04/Dec/2024:18:41:07 +0200] "GET /87rlixa15496.html HTTP/1.1" 200 324971 "-" "Mozilla/5.0 AppleWebKit/537.36 (KHTML, like Gecko; compatible; bingbot/2.0; +http://www.bing.com/bingbot.htm) Chrome/116.0.1938.76 Safari/537.36"
52.167.144.156 - - [04/Dec/2024:18:41:20 +0200] "GET /2dhtrs27100.html HTTP/1.1" 200 325686 "-" "Mozilla/5.0 AppleWebKit/537.36 (KHTML, like Gecko; compatible; bingbot/2.0; +http://www.bing.com/bingbot.htm) Chrome/116.0.1938.76 Safari/537.36"
52.167.144.156 - - [04/Dec/2024:18:42:01 +0200] "GET /121hceug22861.html HTTP/1.1" 200 321490 "-" "Mozilla/5.0 AppleWebKit/537.36 (KHTML, like Gecko; compatible; bingbot/2.0; +http://www.bing.com/bingbot.htm) Chrome/116.0.1938.76 Safari/537.36"
52.167.144.156 - - [04/Dec/2024:18:42:03 +0200] "GET /64lpnse673.html HTTP/1.1" 200 328740 "-" "Mozilla/5.0 AppleWebKit/537.36 (KHTML, like Gecko; compatible; bingbot/2.0; +http://www.bing.com/bingbot.htm) Chrome/116.0.1938.76 Safari/537.36"
52.167.144.156 - - [04/Dec/2024:18:42:39 +0200] "GET /275vkgxp11822.html HTTP/1.1" 200 326191 "-" "Mozilla/5.0 AppleWebKit/537.36 (KHTML, like Gecko; compatible; bingbot/2.0; +http://www.bing.com/bingbot.htm) Chrome/116.0.1938.76 Safari/537.36"
52.167.144.156 - - [04/Dec/2024:18:42:41 +0200] "GET /41pvfay1000.html HTTP/1.1" 200 322957 "-" "Mozilla/5.0 AppleWebKit/537.36 (KHTML, like Gecko; compatible; bingbot/2.0; +http://www.bing.com/bingbot.htm) Chrome/116.0.1938.76 Safari/537.36"
52.167.144.156 - - [04/Dec/2024:18:42:48 +0200] "GET /165jkaqi7131.html HTTP/1.1" 200 329782 "-" "Mozilla/5.0 AppleWebKit/537.36 (KHTML, like Gecko; compatible; bingbot/2.0; +http://www.bing.com/bingbot.htm) Chrome/116.0.1938.76 Safari/537.36"
52.167.144.145 - - [04/Dec/2024:18:43:07 +0200] "GET /73gyica31232.html HTTP/1.1" 200 324006 "-" "Mozilla/5.0 AppleWebKit/537.36 (KHTML, like Gecko; compatible; bingbot/2.0; +http://www.bing.com/bingbot.htm) Chrome/116.0.1938.76 Safari/537.36"
52.167.144.156 - - [04/Dec/2024:18:43:20 +0200] "GET /69qtcig8099.html HTTP/1.1" 200 307774 "-" "Mozilla/5.0 AppleWebKit/537.36 (KHTML, like Gecko; compatible; bingbot/2.0; +http://www.bing.com/bingbot.htm) Chrome/116.0.1938.76 Safari/537.36"
52.167.144.145 - - [04/Dec/2024:18:43:38 +0200] "GET /179xfkyg25142.html HTTP/1.1" 200 326511 "-" "Mozilla/5.0 AppleWebKit/537.36 (KHTML, like Gecko; compatible; bingbot/2.0; +http://www.bing.com/bingbot.htm) Chrome/116.0.1938.76 Safari/537.36"
52.167.144.145 - - [04/Dec/2024:18:43:40 +0200] "GET /130fxesn42833.html HTTP/1.1" 200 323006 "-" "Mozilla/5.0 AppleWebKit/537.36 (KHTML, like Gecko; compatible; bingbot/2.0; +http://www.bing.com/bingbot.htm) Chrome/116.0.1938.76 Safari/537.36"
52.167.144.145 - - [04/Dec/2024:18:43:58 +0200] "GET /246mawco1182.html HTTP/1.1" 200 325654 "-" "Mozilla/5.0 AppleWebKit/537.36 (KHTML, like Gecko; compatible; bingbot/2.0; +http://www.bing.com/bingbot.htm) Chrome/116.0.1938.76 Safari/537.36"
52.167.144.156 - - [04/Dec/2024:18:44:02 +0200] "GET /186sgayi16639.html HTTP/1.1" 200 322127 "-" "Mozilla/5.0 AppleWebKit/537.36 (KHTML, like Gecko; compatible; bingbot/2.0; +http://www.bing.com/bingbot.htm) Chrome/116.0.1938.76 Safari/537.36"
40.77.167.116 - - [04/Dec/2024:18:44:49 +0200] "GET /calculation92/iik16-6000/ HTTP/1.1" 200 307624 "-" "Mozilla/5.0 AppleWebKit/537.36 (KHTML, like Gecko; compatible; bingbot/2.0; +http://www.bing.com/bingbot.htm) Chrome/116.0.1938.76 Safari/537.36"
52.167.144.145 - - [04/Dec/2024:18:45:08 +0200] "GET /258drezi617.html HTTP/1.1" 200 331598 "-" "Mozilla/5.0 AppleWebKit/537.36 (KHTML, like Gecko; compatible; bingbot/2.0; +http://www.bing.com/bingbot.htm) Chrome/116.0.1938.76 Safari/537.36"
52.167.144.226 - - [04/Dec/2024:18:46:05 +0200] "GET /52fpnga41962.html HTTP/1.1" 200 309351 "-" "Mozilla/5.0 AppleWebKit/537.36 (KHTML, like Gecko; compatible; bingbot/2.0; +http://www.bing.com/bingbot.htm) Chrome/116.0.1938.76 Safari/537.36"
40.77.167.116 - - [04/Dec/2024:18:46:21 +0200] "GET /11zmcwl45720.html HTTP/1.1" 200 330886 "-" "Mozilla/5.0 AppleWebKit/537.36 (KHTML, like Gecko; compatible; bingbot/2.0; +http://www.bing.com/bingbot.htm) Chrome/116.0.1938.76 Safari/537.36"
52.167.144.156 - - [04/Dec/2024:18:46:21 +0200] "GET /174xoxqz29846.html HTTP/1.1" 200 328752 "-" "Mozilla/5.0 AppleWebKit/537.36 (KHTML, like Gecko; compatible; bingbot/2.0; +http://www.bing.com/bingbot.htm) Chrome/116.0.1938.76 Safari/537.36"
52.167.144.156 - - [04/Dec/2024:18:46:23 +0200] "GET /138bmecj24931.html HTTP/1.1" 200 326718 "-" "Mozilla/5.0 AppleWebKit/537.36 (KHTML, like Gecko; compatible; bingbot/2.0; +http://www.bing.com/bingbot.htm) Chrome/116.0.1938.76 Safari/537.36"
52.167.144.145 - - [04/Dec/2024:18:46:28 +0200] "GET /278wlogc2253.html HTTP/1.1" 200 325712 "-" "Mozilla/5.0 AppleWebKit/537.36 (KHTML, like Gecko; compatible; bingbot/2.0; +http://www.bing.com/bingbot.htm) Chrome/116.0.1938.76 Safari/537.36"
40.77.167.47 - - [04/Dec/2024:18:47:09 +0200] "GET /125zcjrh7227.html HTTP/1.1" 200 326026 "-" "Mozilla/5.0 AppleWebKit/537.36 (KHTML, like Gecko; compatible; bingbot/2.0; +http://www.bing.com/bingbot.htm) Chrome/116.0.1938.76 Safari/537.36"
52.167.144.226 - - [04/Dec/2024:18:47:34 +0200] "GET /88kgktf648.html HTTP/1.1" 200 326948 "-" "Mozilla/5.0 AppleWebKit/537.36 (KHTML, like Gecko; compatible; bingbot/2.0; +http://www.bing.com/bingbot.htm) Chrome/116.0.1938.76 Safari/537.36"
40.77.167.4 - - [04/Dec/2024:18:47:39 +0200] "GET /60ytozl28778.html HTTP/1.1" 200 324231 "-" "Mozilla/5.0 AppleWebKit/537.36 (KHTML, like Gecko; compatible; bingbot/2.0; +http://www.bing.com/bingbot.htm) Chrome/116.0.1938.76 Safari/537.36"
40.77.167.47 - - [04/Dec/2024:18:48:01 +0200] "GET /156wblni33969.html HTTP/1.1" 200 307707 "-" "Mozilla/5.0 AppleWebKit/537.36 (KHTML, like Gecko; compatible; bingbot/2.0; +http://www.bing.com/bingbot.htm) Chrome/116.0.1938.76 Safari/537.36"
40.77.167.4 - - [04/Dec/2024:18:48:20 +0200] "GET /283xvvms32044.html HTTP/1.1" 200 323339 "-" "Mozilla/5.0 AppleWebKit/537.36 (KHTML, like Gecko; compatible; bingbot/2.0; +http://www.bing.com/bingbot.htm) Chrome/116.0.1938.76 Safari/537.36"
52.167.144.226 - - [04/Dec/2024:18:48:43 +0200] "GET /131msfvx45380.html HTTP/1.1" 200 329017 "-" "Mozilla/5.0 AppleWebKit/537.36 (KHTML, like Gecko; compatible; bingbot/2.0; +http://www.bing.com/bingbot.htm) Chrome/116.0.1938.76 Safari/537.36"
5.161.200.92 - - [04/Dec/2024:18:48:44 +0200] "GET /000897866393992.html HTTP/1.1" 200 146 "-" "Mozilla/5.0 (Windows NT 10.0; Win64; x64) AppleWebKit/537.36 (KHTML, like Gecko) Chrome/84.0.4147.105 Safari/537.36"
52.167.144.226 - - [04/Dec/2024:18:48:46 +0200] "GET /227ygztt32062.html HTTP/1.1" 200 325144 "-" "Mozilla/5.0 AppleWebKit/537.36 (KHTML, like Gecko; compatible; bingbot/2.0; +http://www.bing.com/bingbot.htm) Chrome/116.0.1938.76 Safari/537.36"
40.77.167.47 - - [04/Dec/2024:18:49:00 +0200] "GET /196wknpe21819.html HTTP/1.1" 200 322949 "-" "Mozilla/5.0 AppleWebKit/537.36 (KHTML, like Gecko; compatible; bingbot/2.0; +http://www.bing.com/bingbot.htm) Chrome/116.0.1938.76 Safari/537.36"
40.77.167.47 - - [04/Dec/2024:18:49:02 +0200] "GET /35jkoae46538.html HTTP/1.1" 200 324942 "-" "Mozilla/5.0 AppleWebKit/537.36 (KHTML, like Gecko; compatible; bingbot/2.0; +http://www.bing.com/bingbot.htm) Chrome/116.0.1938.76 Safari/537.36"
52.167.144.183 - - [04/Dec/2024:18:49:41 +0200] "GET /192utcrq8215.html HTTP/1.1" 200 311009 "-" "Mozilla/5.0 AppleWebKit/537.36 (KHTML, like Gecko; compatible; bingbot/2.0; +http://www.bing.com/bingbot.htm) Chrome/116.0.1938.76 Safari/537.36"
40.77.167.4 - - [04/Dec/2024:18:49:59 +0200] "GET /140ixsoy36566.html HTTP/1.1" 200 322992 "-" "Mozilla/5.0 AppleWebKit/537.36 (KHTML, like Gecko; compatible; bingbot/2.0; +http://www.bing.com/bingbot.htm) Chrome/116.0.1938.76 Safari/537.36"
40.77.167.4 - - [04/Dec/2024:18:50:19 +0200] "GET /50swccd22043.html HTTP/1.1" 200 322005 "-" "Mozilla/5.0 AppleWebKit/537.36 (KHTML, like Gecko; compatible; bingbot/2.0; +http://www.bing.com/bingbot.htm) Chrome/116.0.1938.76 Safari/537.36"
40.77.167.4 - - [04/Dec/2024:18:50:20 +0200] "GET /18ifbdo45125.html HTTP/1.1" 200 329819 "-" "Mozilla/5.0 AppleWebKit/537.36 (KHTML, like Gecko; compatible; bingbot/2.0; +http://www.bing.com/bingbot.htm) Chrome/116.0.1938.76 Safari/537.36"
40.77.167.4 - - [04/Dec/2024:18:50:22 +0200] "GET /190qetwv12853.html HTTP/1.1" 200 326723 "-" "Mozilla/5.0 AppleWebKit/537.36 (KHTML, like Gecko; compatible; bingbot/2.0; +http://www.bing.com/bingbot.htm) Chrome/116.0.1938.76 Safari/537.36"
40.77.167.47 - - [04/Dec/2024:18:50:21 +0200] "GET /35yhxmx7737.html HTTP/1.1" 200 322484 "-" "Mozilla/5.0 AppleWebKit/537.36 (KHTML, like Gecko; compatible; bingbot/2.0; +http://www.bing.com/bingbot.htm) Chrome/116.0.1938.76 Safari/537.36"
40.77.167.47 - - [04/Dec/2024:18:50:30 +0200] "GET /96oealf18830.html HTTP/1.1" 200 325990 "-" "Mozilla/5.0 AppleWebKit/537.36 (KHTML, like Gecko; compatible; bingbot/2.0; +http://www.bing.com/bingbot.htm) Chrome/116.0.1938.76 Safari/537.36"
40.77.167.47 - - [04/Dec/2024:18:50:32 +0200] "GET /23gqacf26608.html HTTP/1.1" 200 323412 "-" "Mozilla/5.0 AppleWebKit/537.36 (KHTML, like Gecko; compatible; bingbot/2.0; +http://www.bing.com/bingbot.htm) Chrome/116.0.1938.76 Safari/537.36"
52.167.144.226 - - [04/Dec/2024:18:50:44 +0200] "GET /222nwely22021.html HTTP/1.1" 200 329021 "-" "Mozilla/5.0 AppleWebKit/537.36 (KHTML, like Gecko; compatible; bingbot/2.0; +http://www.bing.com/bingbot.htm) Chrome/116.0.1938.76 Safari/537.36"
52.167.144.218 - - [04/Dec/2024:18:51:25 +0200] "GET /66wgclo31727.html HTTP/1.1" 200 310907 "-" "Mozilla/5.0 AppleWebKit/537.36 (KHTML, like Gecko; compatible; bingbot/2.0; +http://www.bing.com/bingbot.htm) Chrome/116.0.1938.76 Safari/537.36"
40.77.167.4 - - [04/Dec/2024:18:51:40 +0200] "GET /129kykct38459.html HTTP/1.1" 200 331556 "-" "Mozilla/5.0 AppleWebKit/537.36 (KHTML, like Gecko; compatible; bingbot/2.0; +http://www.bing.com/bingbot.htm) Chrome/116.0.1938.76 Safari/537.36"
40.77.167.47 - - [04/Dec/2024:18:52:01 +0200] "GET /265vkexp18157.html HTTP/1.1" 200 325791 "-" "Mozilla/5.0 AppleWebKit/537.36 (KHTML, like Gecko; compatible; bingbot/2.0; +http://www.bing.com/bingbot.htm) Chrome/116.0.1938.76 Safari/537.36"
52.167.144.226 - - [04/Dec/2024:18:52:25 +0200] "GET /140yshdn42345.html HTTP/1.1" 200 301592 "-" "Mozilla/5.0 AppleWebKit/537.36 (KHTML, like Gecko; compatible; bingbot/2.0; +http://www.bing.com/bingbot.htm) Chrome/116.0.1938.76 Safari/537.36"
66.249.77.6 - - [04/Dec/2024:18:52:28 +0200] "GET /voter82/p0wi1-47956/ HTTP/1.1" 200 333702 "-" "Mozilla/5.0 (Linux; Android 6.0.1; Nexus 5X Build/MMB29P) AppleWebKit/537.36 (KHTML, like Gecko) Chrome/131.0.6778.69 Mobile Safari/537.36 (compatible; Googlebot/2.1; +http://www.google.com/bot.html)"
40.77.167.47 - - [04/Dec/2024:18:53:01 +0200] "GET /23cfvnp8777.html HTTP/1.1" 200 325780 "-" "Mozilla/5.0 AppleWebKit/537.36 (KHTML, like Gecko; compatible; bingbot/2.0; +http://www.bing.com/bingbot.htm) Chrome/116.0.1938.76 Safari/537.36"
40.77.167.4 - - [04/Dec/2024:18:53:10 +0200] "GET /6tllfb1265.html HTTP/1.1" 200 321794 "-" "Mozilla/5.0 AppleWebKit/537.36 (KHTML, like Gecko; compatible; bingbot/2.0; +http://www.bing.com/bingbot.htm) Chrome/116.0.1938.76 Safari/537.36"
40.77.167.4 - - [04/Dec/2024:18:53:13 +0200] "GET /251fiffn22071.html HTTP/1.1" 200 327240 "-" "Mozilla/5.0 AppleWebKit/537.36 (KHTML, like Gecko; compatible; bingbot/2.0; +http://www.bing.com/bingbot.htm) Chrome/116.0.1938.76 Safari/537.36"
52.167.144.226 - - [04/Dec/2024:18:53:15 +0200] "GET /217ifxbd3845.html HTTP/1.1" 200 326879 "-" "Mozilla/5.0 AppleWebKit/537.36 (KHTML, like Gecko; compatible; bingbot/2.0; +http://www.bing.com/bingbot.htm) Chrome/116.0.1938.76 Safari/537.36"
52.167.144.183 - - [04/Dec/2024:18:54:11 +0200] "GET /42agvnk31527.html HTTP/1.1" 200 329273 "-" "Mozilla/5.0 AppleWebKit/537.36 (KHTML, like Gecko; compatible; bingbot/2.0; +http://www.bing.com/bingbot.htm) Chrome/116.0.1938.76 Safari/537.36"
66.249.77.7 - - [04/Dec/2024:18:54:28 +0200] "GET /survive183/eksxq-29316/ HTTP/1.1" 200 304494 "-" "Mozilla/5.0 (Linux; Android 6.0.1; Nexus 5X Build/MMB29P) AppleWebKit/537.36 (KHTML, like Gecko) Chrome/131.0.6778.69 Mobile Safari/537.36 (compatible; Googlebot/2.1; +http://www.google.com/bot.html)"
40.77.167.4 - - [04/Dec/2024:18:54:41 +0200] "GET /121qmbou29271.html HTTP/1.1" 200 307584 "-" "Mozilla/5.0 AppleWebKit/537.36 (KHTML, like Gecko; compatible; bingbot/2.0; +http://www.bing.com/bingbot.htm) Chrome/116.0.1938.76 Safari/537.36"
52.167.144.226 - - [04/Dec/2024:18:54:45 +0200] "GET /47emata12747.html HTTP/1.1" 200 322465 "-" "Mozilla/5.0 AppleWebKit/537.36 (KHTML, like Gecko; compatible; bingbot/2.0; +http://www.bing.com/bingbot.htm) Chrome/116.0.1938.76 Safari/537.36"
40.77.167.47 - - [04/Dec/2024:18:55:02 +0200] "GET /159bxyug37053.html HTTP/1.1" 200 323948 "-" "Mozilla/5.0 AppleWebKit/537.36 (KHTML, like Gecko; compatible; bingbot/2.0; +http://www.bing.com/bingbot.htm) Chrome/116.0.1938.76 Safari/537.36"
52.167.144.203 - - [04/Dec/2024:18:55:30 +0200] "GET /32ptbeg12318.html HTTP/1.1" 200 329802 "-" "Mozilla/5.0 AppleWebKit/537.36 (KHTML, like Gecko; compatible; bingbot/2.0; +http://www.bing.com/bingbot.htm) Chrome/116.0.1938.76 Safari/537.36"
52.167.144.226 - - [04/Dec/2024:18:55:34 +0200] "GET /110oneyk15246.html HTTP/1.1" 200 325681 "-" "Mozilla/5.0 AppleWebKit/537.36 (KHTML, like Gecko; compatible; bingbot/2.0; +http://www.bing.com/bingbot.htm) Chrome/116.0.1938.76 Safari/537.36"
52.167.144.226 - - [04/Dec/2024:18:55:36 +0200] "GET /31khonc19530.html HTTP/1.1" 200 324383 "-" "Mozilla/5.0 AppleWebKit/537.36 (KHTML, like Gecko; compatible; bingbot/2.0; +http://www.bing.com/bingbot.htm) Chrome/116.0.1938.76 Safari/537.36"
40.77.167.4 - - [04/Dec/2024:18:56:21 +0200] "GET /196ebllt12068.html HTTP/1.1" 200 323437 "-" "Mozilla/5.0 AppleWebKit/537.36 (KHTML, like Gecko; compatible; bingbot/2.0; +http://www.bing.com/bingbot.htm) Chrome/116.0.1938.76 Safari/537.36"
40.77.167.4 - - [04/Dec/2024:18:56:24 +0200] "GET /2gwqhg26418.html HTTP/1.1" 200 327219 "-" "Mozilla/5.0 AppleWebKit/537.36 (KHTML, like Gecko; compatible; bingbot/2.0; +http://www.bing.com/bingbot.htm) Chrome/116.0.1938.76 Safari/537.36"
52.167.144.226 - - [04/Dec/2024:18:56:46 +0200] "GET /207qcaae7576.html HTTP/1.1" 200 325611 "-" "Mozilla/5.0 AppleWebKit/537.36 (KHTML, like Gecko; compatible; bingbot/2.0; +http://www.bing.com/bingbot.htm) Chrome/116.0.1938.76 Safari/537.36"
52.167.144.226 - - [04/Dec/2024:18:57:05 +0200] "GET /105naric12706.html HTTP/1.1" 200 326487 "-" "Mozilla/5.0 AppleWebKit/537.36 (KHTML, like Gecko; compatible; bingbot/2.0; +http://www.bing.com/bingbot.htm) Chrome/116.0.1938.76 Safari/537.36"
52.167.144.140 - - [04/Dec/2024:18:57:06 +0200] "GET /264vinbx25779.html HTTP/1.1" 200 337638 "-" "Mozilla/5.0 AppleWebKit/537.36 (KHTML, like Gecko; compatible; bingbot/2.0; +http://www.bing.com/bingbot.htm) Chrome/116.0.1938.76 Safari/537.36"
52.167.144.226 - - [04/Dec/2024:18:57:08 +0200] "GET /268uczqu1584.html HTTP/1.1" 200 303722 "-" "Mozilla/5.0 AppleWebKit/537.36 (KHTML, like Gecko; compatible; bingbot/2.0; +http://www.bing.com/bingbot.htm) Chrome/116.0.1938.76 Safari/537.36"
52.167.144.226 - - [04/Dec/2024:18:57:09 +0200] "GET /118akwun39338.html HTTP/1.1" 200 328405 "-" "Mozilla/5.0 AppleWebKit/537.36 (KHTML, like Gecko; compatible; bingbot/2.0; +http://www.bing.com/bingbot.htm) Chrome/116.0.1938.76 Safari/537.36"
40.77.167.47 - - [04/Dec/2024:18:57:31 +0200] "GET /61ldwso23003.html HTTP/1.1" 200 325562 "-" "Mozilla/5.0 AppleWebKit/537.36 (KHTML, like Gecko; compatible; bingbot/2.0; +http://www.bing.com/bingbot.htm) Chrome/116.0.1938.76 Safari/537.36"
52.167.144.226 - - [04/Dec/2024:18:57:45 +0200] "GET /215vwiml27478.html HTTP/1.1" 200 322235 "-" "Mozilla/5.0 AppleWebKit/537.36 (KHTML, like Gecko; compatible; bingbot/2.0; +http://www.bing.com/bingbot.htm) Chrome/116.0.1938.76 Safari/537.36"
52.167.144.226 - - [04/Dec/2024:18:58:25 +0200] "GET /29hktry14562.html HTTP/1.1" 200 326734 "-" "Mozilla/5.0 AppleWebKit/537.36 (KHTML, like Gecko; compatible; bingbot/2.0; +http://www.bing.com/bingbot.htm) Chrome/116.0.1938.76 Safari/537.36"
52.167.144.226 - - [04/Dec/2024:18:58:41 +0200] "GET /200jiebs35060.html HTTP/1.1" 200 325410 "-" "Mozilla/5.0 AppleWebKit/537.36 (KHTML, like Gecko; compatible; bingbot/2.0; +http://www.bing.com/bingbot.htm) Chrome/116.0.1938.76 Safari/537.36"
52.167.144.226 - - [04/Dec/2024:18:58:43 +0200] "GET /category/462_3833/1 HTTP/1.1" 200 420476 "-" "Mozilla/5.0 AppleWebKit/537.36 (KHTML, like Gecko; compatible; bingbot/2.0; +http://www.bing.com/bingbot.htm) Chrome/116.0.1938.76 Safari/537.36"
52.167.144.226 - - [04/Dec/2024:18:58:45 +0200] "GET /179sjdpu37841.html HTTP/1.1" 200 324843 "-" "Mozilla/5.0 AppleWebKit/537.36 (KHTML, like Gecko; compatible; bingbot/2.0; +http://www.bing.com/bingbot.htm) Chrome/116.0.1938.76 Safari/537.36"
52.167.144.226 - - [04/Dec/2024:18:59:01 +0200] "GET /47nzjbe17177.html HTTP/1.1" 200 325516 "-" "Mozilla/5.0 AppleWebKit/537.36 (KHTML, like Gecko; compatible; bingbot/2.0; +http://www.bing.com/bingbot.htm) Chrome/116.0.1938.76 Safari/537.36"
52.167.144.226 - - [04/Dec/2024:18:59:14 +0200] "GET /276avlfy33207.html HTTP/1.1" 200 323397 "-" "Mozilla/5.0 AppleWebKit/537.36 (KHTML, like Gecko; compatible; bingbot/2.0; +http://www.bing.com/bingbot.htm) Chrome/116.0.1938.76 Safari/537.36"
52.167.144.226 - - [04/Dec/2024:18:59:16 +0200] "GET /lower75/nvhv2-1410/ HTTP/1.1" 200 338087 "-" "Mozilla/5.0 AppleWebKit/537.36 (KHTML, like Gecko; compatible; bingbot/2.0; +http://www.bing.com/bingbot.htm) Chrome/116.0.1938.76 Safari/537.36"
52.167.144.226 - - [04/Dec/2024:18:59:23 +0200] "GET /221qohkk28407.html HTTP/1.1" 200 309757 "-" "Mozilla/5.0 AppleWebKit/537.36 (KHTML, like Gecko; compatible; bingbot/2.0; +http://www.bing.com/bingbot.htm) Chrome/116.0.1938.76 Safari/537.36"
52.167.144.226 - - [04/Dec/2024:18:59:36 +0200] "GET /90qxiai23147.html HTTP/1.1" 200 321720 "-" "Mozilla/5.0 AppleWebKit/537.36 (KHTML, like Gecko; compatible; bingbot/2.0; +http://www.bing.com/bingbot.htm) Chrome/116.0.1938.76 Safari/537.36"
66.249.77.7 - - [04/Dec/2024:18:59:48 +0200] "GET /74ikllx498.html HTTP/1.1" 200 324114 "-" "Mozilla/5.0 (Linux; Android 6.0.1; Nexus 5X Build/MMB29P) AppleWebKit/537.36 (KHTML, like Gecko) Chrome/131.0.6778.69 Mobile Safari/537.36 (compatible; Googlebot/2.1; +http://www.google.com/bot.html)"
40.77.167.65 - - [04/Dec/2024:19:00:02 +0200] "GET /241zcpnw23236.html HTTP/1.1" 200 324581 "-" "Mozilla/5.0 AppleWebKit/537.36 (KHTML, like Gecko; compatible; bingbot/2.0; +http://www.bing.com/bingbot.htm) Chrome/116.0.1938.76 Safari/537.36"
52.167.144.226 - - [04/Dec/2024:19:00:07 +0200] "GET /6jaiju46759.html HTTP/1.1" 200 330571 "-" "Mozilla/5.0 AppleWebKit/537.36 (KHTML, like Gecko; compatible; bingbot/2.0; +http://www.bing.com/bingbot.htm) Chrome/116.0.1938.76 Safari/537.36"
52.167.144.183 - - [04/Dec/2024:19:00:23 +0200] "GET /40azyoq11330.html HTTP/1.1" 200 305729 "-" "Mozilla/5.0 AppleWebKit/537.36 (KHTML, like Gecko; compatible; bingbot/2.0; +http://www.bing.com/bingbot.htm) Chrome/116.0.1938.76 Safari/537.36"
52.167.144.183 - - [04/Dec/2024:19:00:25 +0200] "GET /143rdgqj46596.html HTTP/1.1" 200 320807 "-" "Mozilla/5.0 AppleWebKit/537.36 (KHTML, like Gecko; compatible; bingbot/2.0; +http://www.bing.com/bingbot.htm) Chrome/116.0.1938.76 Safari/537.36"
52.167.144.226 - - [04/Dec/2024:19:00:41 +0200] "GET /franchise133/c6alo-47194/ HTTP/1.1" 200 321704 "-" "Mozilla/5.0 AppleWebKit/537.36 (KHTML, like Gecko; compatible; bingbot/2.0; +http://www.bing.com/bingbot.htm) Chrome/116.0.1938.76 Safari/537.36"
52.167.144.226 - - [04/Dec/2024:19:00:45 +0200] "GET /83tdhil1259.html HTTP/1.1" 200 322240 "-" "Mozilla/5.0 AppleWebKit/537.36 (KHTML, like Gecko; compatible; bingbot/2.0; +http://www.bing.com/bingbot.htm) Chrome/116.0.1938.76 Safari/537.36"
52.167.144.226 - - [04/Dec/2024:19:00:57 +0200] "GET /115dwflp21594.html HTTP/1.1" 200 323790 "-" "Mozilla/5.0 AppleWebKit/537.36 (KHTML, like Gecko; compatible; bingbot/2.0; +http://www.bing.com/bingbot.htm) Chrome/116.0.1938.76 Safari/537.36"
52.167.144.226 - - [04/Dec/2024:19:01:00 +0200] "GET /49tjpex34649.html HTTP/1.1" 200 325001 "-" "Mozilla/5.0 AppleWebKit/537.36 (KHTML, like Gecko; compatible; bingbot/2.0; +http://www.bing.com/bingbot.htm) Chrome/116.0.1938.76 Safari/537.36"
52.167.144.226 - - [04/Dec/2024:19:01:02 +0200] "GET /71xgxmn36449.html HTTP/1.1" 200 323412 "-" "Mozilla/5.0 AppleWebKit/537.36 (KHTML, like Gecko; compatible; bingbot/2.0; +http://www.bing.com/bingbot.htm) Chrome/116.0.1938.76 Safari/537.36"
52.167.144.183 - - [04/Dec/2024:19:01:11 +0200] "GET /5tianm23228.html HTTP/1.1" 200 326004 "-" "Mozilla/5.0 AppleWebKit/537.36 (KHTML, like Gecko; compatible; bingbot/2.0; +http://www.bing.com/bingbot.htm) Chrome/116.0.1938.76 Safari/537.36"
66.249.77.6 - - [04/Dec/2024:19:01:12 +0200] "GET /burst42/bg4b2-18508/ HTTP/1.1" 200 322588 "-" "Mozilla/5.0 (Linux; Android 6.0.1; Nexus 5X Build/MMB29P) AppleWebKit/537.36 (KHTML, like Gecko) Chrome/131.0.6778.69 Mobile Safari/537.36 (compatible; Googlebot/2.1; +http://www.google.com/bot.html)"
52.167.144.183 - - [04/Dec/2024:19:01:31 +0200] "GET /56tfikk3611.html HTTP/1.1" 200 330058 "-" "Mozilla/5.0 AppleWebKit/537.36 (KHTML, like Gecko; compatible; bingbot/2.0; +http://www.bing.com/bingbot.htm) Chrome/116.0.1938.76 Safari/537.36"
52.167.144.183 - - [04/Dec/2024:19:01:33 +0200] "GET /285npwjr14423.html HTTP/1.1" 200 330272 "-" "Mozilla/5.0 AppleWebKit/537.36 (KHTML, like Gecko; compatible; bingbot/2.0; +http://www.bing.com/bingbot.htm) Chrome/116.0.1938.76 Safari/537.36"
52.167.144.226 - - [04/Dec/2024:19:02:12 +0200] "GET /particle100/1doik-25791/ HTTP/1.1" 200 327027 "-" "Mozilla/5.0 AppleWebKit/537.36 (KHTML, like Gecko; compatible; bingbot/2.0; +http://www.bing.com/bingbot.htm) Chrome/116.0.1938.76 Safari/537.36"
52.167.144.226 - - [04/Dec/2024:19:02:14 +0200] "GET /42lfsat8374.html HTTP/1.1" 200 303751 "-" "Mozilla/5.0 AppleWebKit/537.36 (KHTML, like Gecko; compatible; bingbot/2.0; +http://www.bing.com/bingbot.htm) Chrome/116.0.1938.76 Safari/537.36"
52.167.144.226 - - [04/Dec/2024:19:02:15 +0200] "GET /24enkmu1861.html HTTP/1.1" 200 302524 "-" "Mozilla/5.0 AppleWebKit/537.36 (KHTML, like Gecko; compatible; bingbot/2.0; +http://www.bing.com/bingbot.htm) Chrome/116.0.1938.76 Safari/537.36"
66.249.77.5 - - [04/Dec/2024:19:02:41 +0200] "GET /26zryog870.html HTTP/1.1" 200 323443 "-" "Mozilla/5.0 (Linux; Android 6.0.1; Nexus 5X Build/MMB29P) AppleWebKit/537.36 (KHTML, like Gecko) Chrome/131.0.6778.69 Mobile Safari/537.36 (compatible; Googlebot/2.1; +http://www.google.com/bot.html)"
52.167.144.140 - - [04/Dec/2024:19:03:26 +0200] "GET /18rodth47670.html HTTP/1.1" 200 325321 "-" "Mozilla/5.0 AppleWebKit/537.36 (KHTML, like Gecko; compatible; bingbot/2.0; +http://www.bing.com/bingbot.htm) Chrome/116.0.1938.76 Safari/537.36"
52.167.144.140 - - [04/Dec/2024:19:03:39 +0200] "GET /193vrcoy6044.html HTTP/1.1" 200 302000 "-" "Mozilla/5.0 AppleWebKit/537.36 (KHTML, like Gecko; compatible; bingbot/2.0; +http://www.bing.com/bingbot.htm) Chrome/116.0.1938.76 Safari/537.36"
66.249.77.7 - - [04/Dec/2024:19:03:41 +0200] "GET /sexual142/osglo-42018/ HTTP/1.1" 200 325933 "-" "Mozilla/5.0 (compatible; Googlebot/2.1; +http://www.google.com/bot.html)"
52.167.144.226 - - [04/Dec/2024:19:03:55 +0200] "GET /102sfitc4407.html HTTP/1.1" 200 321744 "-" "Mozilla/5.0 AppleWebKit/537.36 (KHTML, like Gecko; compatible; bingbot/2.0; +http://www.bing.com/bingbot.htm) Chrome/116.0.1938.76 Safari/537.36"
66.249.77.5 - - [04/Dec/2024:19:04:10 +0200] "GET /moreover231/s5zq2-33900/ HTTP/1.1" 200 324761 "-" "Mozilla/5.0 (compatible; Googlebot/2.1; +http://www.google.com/bot.html)"
52.167.144.226 - - [04/Dec/2024:19:04:26 +0200] "GET /93radqt2206.html HTTP/1.1" 200 326460 "-" "Mozilla/5.0 AppleWebKit/537.36 (KHTML, like Gecko; compatible; bingbot/2.0; +http://www.bing.com/bingbot.htm) Chrome/116.0.1938.76 Safari/537.36"
66.249.77.5 - - [04/Dec/2024:19:05:01 +0200] "GET /wilderness263/0hn0v-41634/ HTTP/1.1" 200 322242 "-" "Mozilla/5.0 (Linux; Android 6.0.1; Nexus 5X Build/MMB29P) AppleWebKit/537.36 (KHTML, like Gecko) Chrome/131.0.6778.69 Mobile Safari/537.36 (compatible; Googlebot/2.1; +http://www.google.com/bot.html)"
52.167.144.226 - - [04/Dec/2024:19:05:27 +0200] "GET /91zhbwp45554.html HTTP/1.1" 200 327599 "-" "Mozilla/5.0 AppleWebKit/537.36 (KHTML, like Gecko; compatible; bingbot/2.0; +http://www.bing.com/bingbot.htm) Chrome/116.0.1938.76 Safari/537.36"
52.167.144.183 - - [04/Dec/2024:19:05:32 +0200] "GET /12skano49039.html HTTP/1.1" 200 323751 "-" "Mozilla/5.0 AppleWebKit/537.36 (KHTML, like Gecko; compatible; bingbot/2.0; +http://www.bing.com/bingbot.htm) Chrome/116.0.1938.76 Safari/537.36"
52.167.144.183 - - [04/Dec/2024:19:05:35 +0200] "GET /149jppro6433.html HTTP/1.1" 200 322607 "-" "Mozilla/5.0 AppleWebKit/537.36 (KHTML, like Gecko; compatible; bingbot/2.0; +http://www.bing.com/bingbot.htm) Chrome/116.0.1938.76 Safari/537.36"
66.249.77.6 - - [04/Dec/2024:19:06:01 +0200] "GET /8akgju71.html HTTP/1.1" 200 322451 "-" "Mozilla/5.0 (Linux; Android 6.0.1; Nexus 5X Build/MMB29P) AppleWebKit/537.36 (KHTML, like Gecko) Chrome/131.0.6778.69 Mobile Safari/537.36 (compatible; Googlebot/2.1; +http://www.google.com/bot.html)"
52.167.144.226 - - [04/Dec/2024:19:06:02 +0200] "GET /157zdcgt1943.html HTTP/1.1" 200 330295 "-" "Mozilla/5.0 AppleWebKit/537.36 (KHTML, like Gecko; compatible; bingbot/2.0; +http://www.bing.com/bingbot.htm) Chrome/116.0.1938.76 Safari/537.36"
40.77.167.65 - - [04/Dec/2024:19:06:03 +0200] "GET /91czzry18322.html HTTP/1.1" 200 324806 "-" "Mozilla/5.0 AppleWebKit/537.36 (KHTML, like Gecko; compatible; bingbot/2.0; +http://www.bing.com/bingbot.htm) Chrome/116.0.1938.76 Safari/537.36"
66.249.77.5 - - [04/Dec/2024:19:06:10 +0200] "GET /55isggl592.html HTTP/1.1" 200 327811 "-" "Mozilla/5.0 (Linux; Android 6.0.1; Nexus 5X Build/MMB29P) AppleWebKit/537.36 (KHTML, like Gecko) Chrome/131.0.6778.69 Mobile Safari/537.36 (compatible; Googlebot/2.1; +http://www.google.com/bot.html)"
52.167.144.226 - - [04/Dec/2024:19:06:24 +0200] "GET /92ptqmv39899.html HTTP/1.1" 200 326062 "-" "Mozilla/5.0 AppleWebKit/537.36 (KHTML, like Gecko; compatible; bingbot/2.0; +http://www.bing.com/bingbot.htm) Chrome/116.0.1938.76 Safari/537.36"
52.167.144.186 - - [04/Dec/2024:19:06:26 +0200] "GET /89qvnhs827.html HTTP/1.1" 200 328599 "-" "Mozilla/5.0 AppleWebKit/537.36 (KHTML, like Gecko; compatible; bingbot/2.0; +http://www.bing.com/bingbot.htm) Chrome/116.0.1938.76 Safari/537.36"
66.249.72.170 - - [04/Dec/2024:19:06:30 +0200] "GET /effect253/6x0b1-22637/ HTTP/1.1" 200 307799 "-" "Mozilla/5.0 (Linux; Android 6.0.1; Nexus 5X Build/MMB29P) AppleWebKit/537.36 (KHTML, like Gecko) Chrome/131.0.6778.69 Mobile Safari/537.36 (compatible; Googlebot/2.1; +http://www.google.com/bot.html)"
66.249.77.5 - - [04/Dec/2024:19:06:35 +0200] "GET /operating94/inh6l-49065/ HTTP/1.1" 200 322321 "-" "Mozilla/5.0 (Linux; Android 6.0.1; Nexus 5X Build/MMB29P) AppleWebKit/537.36 (KHTML, like Gecko) Chrome/131.0.6778.69 Mobile Safari/537.36 (compatible; Googlebot/2.1; +http://www.google.com/bot.html)"
52.167.144.202 - - [04/Dec/2024:19:06:37 +0200] "GET /59xeeui41843.html HTTP/1.1" 200 321861 "-" "Mozilla/5.0 AppleWebKit/537.36 (KHTML, like Gecko; compatible; bingbot/2.0; +http://www.bing.com/bingbot.htm) Chrome/116.0.1938.76 Safari/537.36"
66.249.77.7 - - [04/Dec/2024:19:07:20 +0200] "GET /improved101/m2kqy-4969/ HTTP/1.1" 200 328244 "-" "Mozilla/5.0 (compatible; Googlebot/2.1; +http://www.google.com/bot.html)"
51.8.102.172 - - [04/Dec/2024:19:08:29 +0200] "GET /robots.txt HTTP/1.1" 200 618 "-" "Mozilla/5.0 AppleWebKit/537.36 (KHTML, like Gecko); compatible; OAI-SearchBot/1.0; +https://openai.com/searchbot"
66.249.77.6 - - [04/Dec/2024:19:08:32 +0200] "GET /possibility42/jawmb-613/ HTTP/1.1" 200 308804 "-" "Mozilla/5.0 (Linux; Android 6.0.1; Nexus 5X Build/MMB29P) AppleWebKit/537.36 (KHTML, like Gecko) Chrome/131.0.6778.69 Mobile Safari/537.36 (compatible; Googlebot/2.1; +http://www.google.com/bot.html)"
52.167.144.202 - - [04/Dec/2024:19:08:46 +0200] "GET /172wcnww40395.html HTTP/1.1" 200 323569 "-" "Mozilla/5.0 AppleWebKit/537.36 (KHTML, like Gecko; compatible; bingbot/2.0; +http://www.bing.com/bingbot.htm) Chrome/116.0.1938.76 Safari/537.36"
66.249.77.7 - - [04/Dec/2024:19:09:26 +0200] "GET /spy95/7vm3y-24785/ HTTP/1.1" 200 299712 "-" "Mozilla/5.0 (compatible; Googlebot/2.1; +http://www.google.com/bot.html)"
66.249.77.5 - - [04/Dec/2024:19:09:51 +0200] "GET /three203/8vjmz-38179/ HTTP/1.1" 200 332790 "-" "Mozilla/5.0 (Linux; Android 6.0.1; Nexus 5X Build/MMB29P) AppleWebKit/537.36 (KHTML, like Gecko) Chrome/131.0.6778.69 Mobile Safari/537.36 (compatible; Googlebot/2.1; +http://www.google.com/bot.html)"
52.167.144.218 - - [04/Dec/2024:19:10:21 +0200] "GET /loud95/bs3lr-16881/ HTTP/1.1" 200 330130 "-" "Mozilla/5.0 AppleWebKit/537.36 (KHTML, like Gecko; compatible; bingbot/2.0; +http://www.bing.com/bingbot.htm) Chrome/116.0.1938.76 Safari/537.36"
66.249.77.7 - - [04/Dec/2024:19:10:30 +0200] "GET /frankly183/imp80-13512/ HTTP/1.1" 200 333903 "-" "Mozilla/5.0 (Linux; Android 6.0.1; Nexus 5X Build/MMB29P) AppleWebKit/537.36 (KHTML, like Gecko) Chrome/131.0.6778.69 Mobile Safari/537.36 (compatible; Googlebot/2.1; +http://www.google.com/bot.html)"
66.249.77.7 - - [04/Dec/2024:19:11:15 +0200] "GET /eleven128/ittu9-27615/ HTTP/1.1" 200 307455 "-" "Mozilla/5.0 (compatible; Googlebot/2.1; +http://www.google.com/bot.html)"
66.249.77.6 - - [04/Dec/2024:19:11:35 +0200] "GET /knee149/wuw9s-47373/ HTTP/1.1" 200 327376 "-" "Mozilla/5.0 (compatible; Googlebot/2.1; +http://www.google.com/bot.html)"
66.249.77.5 - - [04/Dec/2024:19:11:51 +0200] "GET /shame262/49mhf-29376/ HTTP/1.1" 200 322572 "-" "Mozilla/5.0 (compatible; Googlebot/2.1; +http://www.google.com/bot.html)"
66.249.77.7 - - [04/Dec/2024:19:13:12 +0200] "GET /proportion136/eoman-45472/ HTTP/1.1" 200 326404 "-" "Mozilla/5.0 (compatible; Googlebot/2.1; +http://www.google.com/bot.html)"
66.249.77.5 - - [04/Dec/2024:19:13:41 +0200] "GET /twenty72/7drps-29717/ HTTP/1.1" 200 305052 "-" "Mozilla/5.0 (Linux; Android 6.0.1; Nexus 5X Build/MMB29P) AppleWebKit/537.36 (KHTML, like Gecko) Chrome/131.0.6778.69 Mobile Safari/537.36 (compatible; Googlebot/2.1; +http://www.google.com/bot.html)"
66.249.77.5 - - [04/Dec/2024:19:14:31 +0200] "GET /distinction215/jjpx3-19740/ HTTP/1.1" 200 323251 "-" "Mozilla/5.0 (compatible; Googlebot/2.1; +http://www.google.com/bot.html)"
52.167.144.218 - - [04/Dec/2024:19:14:52 +0200] "GET /category/1789_1790_1791_8786_8787/1 HTTP/1.1" 200 418386 "-" "Mozilla/5.0 AppleWebKit/537.36 (KHTML, like Gecko; compatible; bingbot/2.0; +http://www.bing.com/bingbot.htm) Chrome/116.0.1938.76 Safari/537.36"
66.249.77.6 - - [04/Dec/2024:19:15:41 +0200] "GET /possibly56/95uxp-31297/ HTTP/1.1" 200 329262 "-" "Mozilla/5.0 (Linux; Android 6.0.1; Nexus 5X Build/MMB29P) AppleWebKit/537.36 (KHTML, like Gecko) Chrome/131.0.6778.69 Mobile Safari/537.36 (compatible; Googlebot/2.1; +http://www.google.com/bot.html)"
66.249.77.6 - - [04/Dec/2024:19:16:04 +0200] "GET /convince128/4f78n-6315/ HTTP/1.1" 200 306890 "-" "Mozilla/5.0 (compatible; Googlebot/2.1; +http://www.google.com/bot.html)"
66.249.77.6 - - [04/Dec/2024:19:17:40 +0200] "GET /5tprpg795.html HTTP/1.1" 200 322342 "-" "Mozilla/5.0 (compatible; Googlebot/2.1; +http://www.google.com/bot.html)"
66.249.77.5 - - [04/Dec/2024:19:18:56 +0200] "GET /ask51/f3f3v-36287/ HTTP/1.1" 200 330873 "-" "Mozilla/5.0 (Linux; Android 6.0.1; Nexus 5X Build/MMB29P) AppleWebKit/537.36 (KHTML, like Gecko) Chrome/131.0.6778.69 Mobile Safari/537.36 (compatible; Googlebot/2.1; +http://www.google.com/bot.html)"
66.249.77.6 - - [04/Dec/2024:19:19:27 +0200] "GET /fragment123/ce33w-38456/ HTTP/1.1" 200 301534 "-" "Mozilla/5.0 (Linux; Android 6.0.1; Nexus 5X Build/MMB29P) AppleWebKit/537.36 (KHTML, like Gecko) Chrome/131.0.6778.69 Mobile Safari/537.36 (compatible; Googlebot/2.1; +http://www.google.com/bot.html)"
66.249.77.6 - - [04/Dec/2024:19:19:56 +0200] "GET /coffee55/ncje4-9640/ HTTP/1.1" 200 306239 "-" "Mozilla/5.0 (Linux; Android 6.0.1; Nexus 5X Build/MMB29P) AppleWebKit/537.36 (KHTML, like Gecko) Chrome/131.0.6778.69 Mobile Safari/537.36 (compatible; Googlebot/2.1; +http://www.google.com/bot.html)"
66.249.77.5 - - [04/Dec/2024:19:20:00 +0200] "GET /99vknuq46.html HTTP/1.1" 200 321759 "-" "Mozilla/5.0 (Linux; Android 6.0.1; Nexus 5X Build/MMB29P) AppleWebKit/537.36 (KHTML, like Gecko) Chrome/131.0.6778.69 Mobile Safari/537.36 (compatible; Googlebot/2.1; +http://www.google.com/bot.html)"
40.77.167.32 - - [04/Dec/2024:19:20:05 +0200] "GET /295anipw42110.html HTTP/1.1" 200 333692 "-" "Mozilla/5.0 AppleWebKit/537.36 (KHTML, like Gecko; compatible; bingbot/2.0; +http://www.bing.com/bingbot.htm) Chrome/116.0.1938.76 Safari/537.36"
40.77.167.32 - - [04/Dec/2024:19:20:15 +0200] "GET /32oeawg5415.html HTTP/1.1" 200 321507 "-" "Mozilla/5.0 AppleWebKit/537.36 (KHTML, like Gecko; compatible; bingbot/2.0; +http://www.bing.com/bingbot.htm) Chrome/116.0.1938.76 Safari/537.36"
40.77.167.32 - - [04/Dec/2024:19:20:17 +0200] "GET /155gkttn14139.html HTTP/1.1" 200 327308 "-" "Mozilla/5.0 AppleWebKit/537.36 (KHTML, like Gecko; compatible; bingbot/2.0; +http://www.bing.com/bingbot.htm) Chrome/116.0.1938.76 Safari/537.36"
52.167.144.195 - - [04/Dec/2024:19:20:19 +0200] "GET /171kbizh44078.html HTTP/1.1" 200 323433 "-" "Mozilla/5.0 AppleWebKit/537.36 (KHTML, like Gecko; compatible; bingbot/2.0; +http://www.bing.com/bingbot.htm) Chrome/116.0.1938.76 Safari/537.36"
40.77.167.36 - - [04/Dec/2024:19:20:25 +0200] "GET /73kodza41642.html HTTP/1.1" 200 328738 "-" "Mozilla/5.0 AppleWebKit/537.36 (KHTML, like Gecko; compatible; bingbot/2.0; +http://www.bing.com/bingbot.htm) Chrome/116.0.1938.76 Safari/537.36"
40.77.167.36 - - [04/Dec/2024:19:20:28 +0200] "GET /109cvtmv27408.html HTTP/1.1" 200 328337 "-" "Mozilla/5.0 AppleWebKit/537.36 (KHTML, like Gecko; compatible; bingbot/2.0; +http://www.bing.com/bingbot.htm) Chrome/116.0.1938.76 Safari/537.36"
40.77.167.32 - - [04/Dec/2024:19:20:30 +0200] "GET /195wezzo48169.html HTTP/1.1" 200 309921 "-" "Mozilla/5.0 AppleWebKit/537.36 (KHTML, like Gecko; compatible; bingbot/2.0; +http://www.bing.com/bingbot.htm) Chrome/116.0.1938.76 Safari/537.36"
66.249.77.5 - - [04/Dec/2024:19:20:45 +0200] "GET /image71/pfury-40459/ HTTP/1.1" 200 330332 "-" "Mozilla/5.0 (compatible; Googlebot/2.1; +http://www.google.com/bot.html)"
40.77.167.36 - - [04/Dec/2024:19:20:53 +0200] "GET /56hntnc18533.html HTTP/1.1" 200 328195 "-" "Mozilla/5.0 AppleWebKit/537.36 (KHTML, like Gecko; compatible; bingbot/2.0; +http://www.bing.com/bingbot.htm) Chrome/116.0.1938.76 Safari/537.36"
40.77.167.36 - - [04/Dec/2024:19:20:55 +0200] "GET /92lunae2789.html HTTP/1.1" 200 326486 "-" "Mozilla/5.0 AppleWebKit/537.36 (KHTML, like Gecko; compatible; bingbot/2.0; +http://www.bing.com/bingbot.htm) Chrome/116.0.1938.76 Safari/537.36"
40.77.167.36 - - [04/Dec/2024:19:20:57 +0200] "GET /23hzeib32531.html HTTP/1.1" 200 330517 "-" "Mozilla/5.0 AppleWebKit/537.36 (KHTML, like Gecko; compatible; bingbot/2.0; +http://www.bing.com/bingbot.htm) Chrome/116.0.1938.76 Safari/537.36"
40.77.167.36 - - [04/Dec/2024:19:20:57 +0200] "GET /category/546_547_548_1684_2185/1 HTTP/1.1" 200 420584 "-" "Mozilla/5.0 AppleWebKit/537.36 (KHTML, like Gecko; compatible; bingbot/2.0; +http://www.bing.com/bingbot.htm) Chrome/116.0.1938.76 Safari/537.36"
66.249.77.5 - - [04/Dec/2024:19:21:12 +0200] "GET /task112/od8v5-26309/ HTTP/1.1" 200 305278 "-" "Mozilla/5.0 (compatible; Googlebot/2.1; +http://www.google.com/bot.html)"
40.77.167.32 - - [04/Dec/2024:19:21:56 +0200] "GET /284ppwcs19842.html HTTP/1.1" 200 323157 "-" "Mozilla/5.0 AppleWebKit/537.36 (KHTML, like Gecko; compatible; bingbot/2.0; +http://www.bing.com/bingbot.htm) Chrome/116.0.1938.76 Safari/537.36"
40.77.167.36 - - [04/Dec/2024:19:22:14 +0200] "GET /100keuxq49327.html HTTP/1.1" 200 330740 "-" "Mozilla/5.0 AppleWebKit/537.36 (KHTML, like Gecko; compatible; bingbot/2.0; +http://www.bing.com/bingbot.htm) Chrome/116.0.1938.76 Safari/537.36"
40.77.167.32 - - [04/Dec/2024:19:22:37 +0200] "GET /170qjuau36880.html HTTP/1.1" 200 314568 "-" "Mozilla/5.0 AppleWebKit/537.36 (KHTML, like Gecko; compatible; bingbot/2.0; +http://www.bing.com/bingbot.htm) Chrome/116.0.1938.76 Safari/537.36"
40.77.167.36 - - [04/Dec/2024:19:22:54 +0200] "GET /190jamvn32045.html HTTP/1.1" 200 304599 "-" "Mozilla/5.0 AppleWebKit/537.36 (KHTML, like Gecko; compatible; bingbot/2.0; +http://www.bing.com/bingbot.htm) Chrome/116.0.1938.76 Safari/537.36"
52.167.144.195 - - [04/Dec/2024:19:23:44 +0200] "GET /16darzf33187.html HTTP/1.1" 200 326111 "-" "Mozilla/5.0 AppleWebKit/537.36 (KHTML, like Gecko; compatible; bingbot/2.0; +http://www.bing.com/bingbot.htm) Chrome/116.0.1938.76 Safari/537.36"
52.167.144.195 - - [04/Dec/2024:19:23:45 +0200] "GET /100xsslo5801.html HTTP/1.1" 200 324655 "-" "Mozilla/5.0 AppleWebKit/537.36 (KHTML, like Gecko; compatible; bingbot/2.0; +http://www.bing.com/bingbot.htm) Chrome/116.0.1938.76 Safari/537.36"
40.77.167.36 - - [04/Dec/2024:19:27:06 +0200] "GET /124zjjpj4770.html HTTP/1.1" 200 323055 "-" "Mozilla/5.0 AppleWebKit/537.36 (KHTML, like Gecko; compatible; bingbot/2.0; +http://www.bing.com/bingbot.htm) Chrome/116.0.1938.76 Safari/537.36"
52.167.144.195 - - [04/Dec/2024:19:27:12 +0200] "GET /21ravxn45844.html HTTP/1.1" 200 303945 "-" "Mozilla/5.0 AppleWebKit/537.36 (KHTML, like Gecko; compatible; bingbot/2.0; +http://www.bing.com/bingbot.htm) Chrome/116.0.1938.76 Safari/537.36"
40.77.167.32 - - [04/Dec/2024:19:27:18 +0200] "GET /10fxpmf8218.html HTTP/1.1" 200 328760 "-" "Mozilla/5.0 AppleWebKit/537.36 (KHTML, like Gecko; compatible; bingbot/2.0; +http://www.bing.com/bingbot.htm) Chrome/116.0.1938.76 Safari/537.36"
66.249.77.6 - - [04/Dec/2024:19:27:19 +0200] "GET /publisher283/981bv-10220/ HTTP/1.1" 200 301758 "-" "Mozilla/5.0 (Linux; Android 6.0.1; Nexus 5X Build/MMB29P) AppleWebKit/537.36 (KHTML, like Gecko) Chrome/131.0.6778.69 Mobile Safari/537.36 (compatible; Googlebot/2.1; +http://www.google.com/bot.html)"
52.167.144.195 - - [04/Dec/2024:19:27:28 +0200] "GET /84zzugc33057.html HTTP/1.1" 200 324998 "-" "Mozilla/5.0 AppleWebKit/537.36 (KHTML, like Gecko; compatible; bingbot/2.0; +http://www.bing.com/bingbot.htm) Chrome/116.0.1938.76 Safari/537.36"
52.167.144.195 - - [04/Dec/2024:19:27:30 +0200] "GET /121wxftq33038.html HTTP/1.1" 200 301501 "-" "Mozilla/5.0 AppleWebKit/537.36 (KHTML, like Gecko; compatible; bingbot/2.0; +http://www.bing.com/bingbot.htm) Chrome/116.0.1938.76 Safari/537.36"
52.167.144.195 - - [04/Dec/2024:19:27:57 +0200] "GET /16atqrz46184.html HTTP/1.1" 200 340202 "-" "Mozilla/5.0 AppleWebKit/537.36 (KHTML, like Gecko; compatible; bingbot/2.0; +http://www.bing.com/bingbot.htm) Chrome/116.0.1938.76 Safari/537.36"
52.167.144.169 - - [04/Dec/2024:19:29:05 +0200] "GET /2omxyc37302.html HTTP/1.1" 200 324963 "-" "Mozilla/5.0 AppleWebKit/537.36 (KHTML, like Gecko; compatible; bingbot/2.0; +http://www.bing.com/bingbot.htm) Chrome/116.0.1938.76 Safari/537.36"
52.167.144.169 - - [04/Dec/2024:19:29:06 +0200] "GET /3gbwhy47761.html HTTP/1.1" 200 323743 "-" "Mozilla/5.0 AppleWebKit/537.36 (KHTML, like Gecko; compatible; bingbot/2.0; +http://www.bing.com/bingbot.htm) Chrome/116.0.1938.76 Safari/537.36"
52.167.144.169 - - [04/Dec/2024:19:29:16 +0200] "GET /157vqvsl39148.html HTTP/1.1" 200 309847 "-" "Mozilla/5.0 AppleWebKit/537.36 (KHTML, like Gecko; compatible; bingbot/2.0; +http://www.bing.com/bingbot.htm) Chrome/116.0.1938.76 Safari/537.36"
52.167.144.169 - - [04/Dec/2024:19:29:18 +0200] "GET /89rznmx26869.html HTTP/1.1" 200 331262 "-" "Mozilla/5.0 AppleWebKit/537.36 (KHTML, like Gecko; compatible; bingbot/2.0; +http://www.bing.com/bingbot.htm) Chrome/116.0.1938.76 Safari/537.36"
40.77.167.32 - - [04/Dec/2024:19:29:38 +0200] "GET /209vqfpe28667.html HTTP/1.1" 200 331746 "-" "Mozilla/5.0 AppleWebKit/537.36 (KHTML, like Gecko; compatible; bingbot/2.0; +http://www.bing.com/bingbot.htm) Chrome/116.0.1938.76 Safari/537.36"
40.77.167.32 - - [04/Dec/2024:19:29:40 +0200] "GET /158xjoli5770.html HTTP/1.1" 200 302809 "-" "Mozilla/5.0 AppleWebKit/537.36 (KHTML, like Gecko; compatible; bingbot/2.0; +http://www.bing.com/bingbot.htm) Chrome/116.0.1938.76 Safari/537.36"
40.77.167.32 - - [04/Dec/2024:19:29:57 +0200] "GET /156gajda16009.html HTTP/1.1" 200 308949 "-" "Mozilla/5.0 AppleWebKit/537.36 (KHTML, like Gecko; compatible; bingbot/2.0; +http://www.bing.com/bingbot.htm) Chrome/116.0.1938.76 Safari/537.36"
66.249.77.5 - - [04/Dec/2024:19:30:04 +0200] "GET /radiation268/ii448-8223/ HTTP/1.1" 200 322963 "-" "Mozilla/5.0 (compatible; Googlebot/2.1; +http://www.google.com/bot.html)"
52.167.144.169 - - [04/Dec/2024:19:30:09 +0200] "GET /261wxvsw48548.html HTTP/1.1" 200 322053 "-" "Mozilla/5.0 AppleWebKit/537.36 (KHTML, like Gecko; compatible; bingbot/2.0; +http://www.bing.com/bingbot.htm) Chrome/116.0.1938.76 Safari/537.36"
40.77.167.32 - - [04/Dec/2024:19:30:17 +0200] "GET /125dbamd48275.html HTTP/1.1" 200 320793 "-" "Mozilla/5.0 AppleWebKit/537.36 (KHTML, like Gecko; compatible; bingbot/2.0; +http://www.bing.com/bingbot.htm) Chrome/116.0.1938.76 Safari/537.36"
40.77.167.15 - - [04/Dec/2024:19:30:24 +0200] "GET /269wzjpu8724.html HTTP/1.1" 200 329729 "-" "Mozilla/5.0 AppleWebKit/537.36 (KHTML, like Gecko; compatible; bingbot/2.0; +http://www.bing.com/bingbot.htm) Chrome/116.0.1938.76 Safari/537.36"
40.77.167.15 - - [04/Dec/2024:19:30:27 +0200] "GET /170odwws10662.html HTTP/1.1" 200 323374 "-" "Mozilla/5.0 AppleWebKit/537.36 (KHTML, like Gecko; compatible; bingbot/2.0; +http://www.bing.com/bingbot.htm) Chrome/116.0.1938.76 Safari/537.36"
40.77.167.36 - - [04/Dec/2024:19:30:45 +0200] "GET /294ccnlb38983.html HTTP/1.1" 200 306181 "-" "Mozilla/5.0 AppleWebKit/537.36 (KHTML, like Gecko; compatible; bingbot/2.0; +http://www.bing.com/bingbot.htm) Chrome/116.0.1938.76 Safari/537.36"
52.167.144.206 - - [04/Dec/2024:19:33:48 +0200] "GET /16kcfek24954.html HTTP/1.1" 200 322983 "-" "Mozilla/5.0 AppleWebKit/537.36 (KHTML, like Gecko; compatible; bingbot/2.0; +http://www.bing.com/bingbot.htm) Chrome/116.0.1938.76 Safari/537.36"
52.167.144.237 - - [04/Dec/2024:19:33:52 +0200] "GET /71iskpf14356.html HTTP/1.1" 200 306394 "-" "Mozilla/5.0 AppleWebKit/537.36 (KHTML, like Gecko; compatible; bingbot/2.0; +http://www.bing.com/bingbot.htm) Chrome/116.0.1938.76 Safari/537.36"
52.167.144.169 - - [04/Dec/2024:19:34:08 +0200] "GET /120lmche28272.html HTTP/1.1" 200 329207 "-" "Mozilla/5.0 AppleWebKit/537.36 (KHTML, like Gecko; compatible; bingbot/2.0; +http://www.bing.com/bingbot.htm) Chrome/116.0.1938.76 Safari/537.36"
52.167.144.206 - - [04/Dec/2024:19:34:48 +0200] "GET /10cxomh12043.html HTTP/1.1" 200 323320 "-" "Mozilla/5.0 AppleWebKit/537.36 (KHTML, like Gecko; compatible; bingbot/2.0; +http://www.bing.com/bingbot.htm) Chrome/116.0.1938.76 Safari/537.36"
40.77.167.20 - - [04/Dec/2024:19:35:04 +0200] "GET /rage156/7ee6v-32036/ HTTP/1.1" 200 330217 "-" "Mozilla/5.0 AppleWebKit/537.36 (KHTML, like Gecko; compatible; bingbot/2.0; +http://www.bing.com/bingbot.htm) Chrome/116.0.1938.76 Safari/537.36"
52.167.144.162 - - [04/Dec/2024:19:35:06 +0200] "GET /150muvsn1193.html HTTP/1.1" 200 328069 "-" "Mozilla/5.0 AppleWebKit/537.36 (KHTML, like Gecko; compatible; bingbot/2.0; +http://www.bing.com/bingbot.htm) Chrome/116.0.1938.76 Safari/537.36"
137.226.113.44 - - [04/Dec/2024:19:35:23 +0200] "GET / HTTP/1.1" 200 146 "-" "Mozilla/5.0 researchscan.comsys.rwth-aachen.de"
52.167.144.206 - - [04/Dec/2024:19:35:49 +0200] "GET /47vprbr9819.html HTTP/1.1" 200 327485 "-" "Mozilla/5.0 AppleWebKit/537.36 (KHTML, like Gecko; compatible; bingbot/2.0; +http://www.bing.com/bingbot.htm) Chrome/116.0.1938.76 Safari/537.36"
52.167.144.206 - - [04/Dec/2024:19:36:08 +0200] "GET /72aedsb16548.html HTTP/1.1" 200 325324 "-" "Mozilla/5.0 AppleWebKit/537.36 (KHTML, like Gecko; compatible; bingbot/2.0; +http://www.bing.com/bingbot.htm) Chrome/116.0.1938.76 Safari/537.36"
52.167.144.169 - - [04/Dec/2024:19:36:49 +0200] "GET /155ygpng5526.html HTTP/1.1" 200 324044 "-" "Mozilla/5.0 AppleWebKit/537.36 (KHTML, like Gecko; compatible; bingbot/2.0; +http://www.bing.com/bingbot.htm) Chrome/116.0.1938.76 Safari/537.36"
52.167.144.169 - - [04/Dec/2024:19:36:52 +0200] "GET /179jatbr7784.html HTTP/1.1" 200 306509 "-" "Mozilla/5.0 AppleWebKit/537.36 (KHTML, like Gecko; compatible; bingbot/2.0; +http://www.bing.com/bingbot.htm) Chrome/116.0.1938.76 Safari/537.36"
52.167.144.206 - - [04/Dec/2024:19:37:48 +0200] "GET /suggestion247/3pwal-38016/ HTTP/1.1" 200 324480 "-" "Mozilla/5.0 AppleWebKit/537.36 (KHTML, like Gecko; compatible; bingbot/2.0; +http://www.bing.com/bingbot.htm) Chrome/116.0.1938.76 Safari/537.36"
52.167.144.237 - - [04/Dec/2024:19:37:50 +0200] "GET /228yhxtj21270.html HTTP/1.1" 200 324820 "-" "Mozilla/5.0 AppleWebKit/537.36 (KHTML, like Gecko; compatible; bingbot/2.0; +http://www.bing.com/bingbot.htm) Chrome/116.0.1938.76 Safari/537.36"
52.167.144.169 - - [04/Dec/2024:19:37:52 +0200] "GET /114unmkl20708.html HTTP/1.1" 200 324914 "-" "Mozilla/5.0 AppleWebKit/537.36 (KHTML, like Gecko; compatible; bingbot/2.0; +http://www.bing.com/bingbot.htm) Chrome/116.0.1938.76 Safari/537.36"
52.167.144.169 - - [04/Dec/2024:19:37:54 +0200] "GET /30mrfnx23982.html HTTP/1.1" 200 336869 "-" "Mozilla/5.0 AppleWebKit/537.36 (KHTML, like Gecko; compatible; bingbot/2.0; +http://www.bing.com/bingbot.htm) Chrome/116.0.1938.76 Safari/537.36"
52.167.144.206 - - [04/Dec/2024:19:37:59 +0200] "GET /146ddmgj4108.html HTTP/1.1" 200 326728 "-" "Mozilla/5.0 AppleWebKit/537.36 (KHTML, like Gecko; compatible; bingbot/2.0; +http://www.bing.com/bingbot.htm) Chrome/116.0.1938.76 Safari/537.36"
52.167.144.206 - - [04/Dec/2024:19:38:00 +0200] "GET /121vpecs4122.html HTTP/1.1" 200 328898 "-" "Mozilla/5.0 AppleWebKit/537.36 (KHTML, like Gecko; compatible; bingbot/2.0; +http://www.bing.com/bingbot.htm) Chrome/116.0.1938.76 Safari/537.36"
66.249.77.6 - - [04/Dec/2024:19:38:19 +0200] "GET /25jidbd256.html HTTP/1.1" 200 322466 "-" "Mozilla/5.0 (Linux; Android 6.0.1; Nexus 5X Build/MMB29P) AppleWebKit/537.36 (KHTML, like Gecko) Chrome/131.0.6778.69 Mobile Safari/537.36 (compatible; Googlebot/2.1; +http://www.google.com/bot.html)"
52.167.144.206 - - [04/Dec/2024:19:38:49 +0200] "GET /72yomfj42025.html HTTP/1.1" 200 331813 "-" "Mozilla/5.0 AppleWebKit/537.36 (KHTML, like Gecko; compatible; bingbot/2.0; +http://www.bing.com/bingbot.htm) Chrome/116.0.1938.76 Safari/537.36"
52.167.144.206 - - [04/Dec/2024:19:38:59 +0200] "GET /10fcrnj42138.html HTTP/1.1" 200 326567 "-" "Mozilla/5.0 AppleWebKit/537.36 (KHTML, like Gecko; compatible; bingbot/2.0; +http://www.bing.com/bingbot.htm) Chrome/116.0.1938.76 Safari/537.36"
