52.167.144.169 - - [04/Dec/2024:19:39:30 +0200] "GET /168osbdk28706.html HTTP/1.1" 200 320871 "-" "Mozilla/5.0 AppleWebKit/537.36 (KHTML, like Gecko; compatible; bingbot/2.0; +http://www.bing.com/bingbot.htm) Chrome/116.0.1938.76 Safari/537.36"
66.249.77.6 - - [04/Dec/2024:19:39:39 +0200] "GET /79aiikk744.html HTTP/1.1" 200 301265 "-" "Mozilla/5.0 (Linux; Android 6.0.1; Nexus 5X Build/MMB29P) AppleWebKit/537.36 (KHTML, like Gecko) Chrome/131.0.6778.69 Mobile Safari/537.36 (compatible; Googlebot/2.1; +http://www.google.com/bot.html)"
66.249.77.6 - - [04/Dec/2024:19:39:47 +0200] "GET /18hbfqu583.html HTTP/1.1" 200 304639 "-" "Mozilla/5.0 (Linux; Android 6.0.1; Nexus 5X Build/MMB29P) AppleWebKit/537.36 (KHTML, like Gecko) Chrome/131.0.6778.69 Mobile Safari/537.36 (compatible; Googlebot/2.1; +http://www.google.com/bot.html)"
52.167.144.206 - - [04/Dec/2024:19:39:49 +0200] "GET /64jdgeg104.html HTTP/1.1" 200 306745 "-" "Mozilla/5.0 AppleWebKit/537.36 (KHTML, like Gecko; compatible; bingbot/2.0; +http://www.bing.com/bingbot.htm) Chrome/116.0.1938.76 Safari/537.36"
52.167.144.206 - - [04/Dec/2024:19:39:50 +0200] "GET /118vdutj42110.html HTTP/1.1" 200 323936 "-" "Mozilla/5.0 AppleWebKit/537.36 (KHTML, like Gecko; compatible; bingbot/2.0; +http://www.bing.com/bingbot.htm) Chrome/116.0.1938.76 Safari/537.36"
52.167.144.162 - - [04/Dec/2024:19:39:56 +0200] "GET /4qlnlf4731.html HTTP/1.1" 200 330132 "-" "Mozilla/5.0 AppleWebKit/537.36 (KHTML, like Gecko; compatible; bingbot/2.0; +http://www.bing.com/bingbot.htm) Chrome/116.0.1938.76 Safari/537.36"
52.167.144.162 - - [04/Dec/2024:19:39:58 +0200] "GET /159chpjg15138.html HTTP/1.1" 200 324422 "-" "Mozilla/5.0 AppleWebKit/537.36 (KHTML, like Gecko; compatible; bingbot/2.0; +http://www.bing.com/bingbot.htm) Chrome/116.0.1938.76 Safari/537.36"
52.167.144.162 - - [04/Dec/2024:19:40:02 +0200] "GET /101iwkuz20080.html HTTP/1.1" 200 325234 "-" "Mozilla/5.0 AppleWebKit/537.36 (KHTML, like Gecko; compatible; bingbot/2.0; +http://www.bing.com/bingbot.htm) Chrome/116.0.1938.76 Safari/537.36"
40.77.167.144 - - [04/Dec/2024:19:40:09 +0200] "GET /73lzexm694.html HTTP/1.1" 200 324153 "-" "Mozilla/5.0 AppleWebKit/537.36 (KHTML, like Gecko; compatible; bingbot/2.0; +http://www.bing.com/bingbot.htm) Chrome/116.0.1938.76 Safari/537.36"
66.249.77.6 - - [04/Dec/2024:19:40:10 +0200] "GET /39mitrm389.html HTTP/1.1" 200 323269 "-" "Mozilla/5.0 (Linux; Android 6.0.1; Nexus 5X Build/MMB29P) AppleWebKit/537.36 (KHTML, like Gecko) Chrome/131.0.6778.69 Mobile Safari/537.36 (compatible; Googlebot/2.1; +http://www.google.com/bot.html)"
40.77.167.144 - - [04/Dec/2024:19:40:30 +0200] "GET /185sqhes23895.html HTTP/1.1" 200 327669 "-" "Mozilla/5.0 AppleWebKit/537.36 (KHTML, like Gecko; compatible; bingbot/2.0; +http://www.bing.com/bingbot.htm) Chrome/116.0.1938.76 Safari/537.36"
40.77.167.144 - - [04/Dec/2024:19:40:32 +0200] "GET /120xvgpy13696.html HTTP/1.1" 200 324704 "-" "Mozilla/5.0 AppleWebKit/537.36 (KHTML, like Gecko; compatible; bingbot/2.0; +http://www.bing.com/bingbot.htm) Chrome/116.0.1938.76 Safari/537.36"
52.167.144.162 - - [04/Dec/2024:19:40:35 +0200] "GET /164rsgst11009.html HTTP/1.1" 200 328839 "-" "Mozilla/5.0 AppleWebKit/537.36 (KHTML, like Gecko; compatible; bingbot/2.0; +http://www.bing.com/bingbot.htm) Chrome/116.0.1938.76 Safari/537.36"
40.77.167.144 - - [04/Dec/2024:19:40:50 +0200] "GET /191dlyrp6825.html HTTP/1.1" 200 327972 "-" "Mozilla/5.0 AppleWebKit/537.36 (KHTML, like Gecko; compatible; bingbot/2.0; +http://www.bing.com/bingbot.htm) Chrome/116.0.1938.76 Safari/537.36"
52.167.144.160 - - [04/Dec/2024:19:41:09 +0200] "GET /300fksxa10838.html HTTP/1.1" 200 332351 "-" "Mozilla/5.0 AppleWebKit/537.36 (KHTML, like Gecko; compatible; bingbot/2.0; +http://www.bing.com/bingbot.htm) Chrome/116.0.1938.76 Safari/537.36"
52.167.144.206 - - [04/Dec/2024:19:41:39 +0200] "GET /300ezarc5164.html HTTP/1.1" 200 304923 "-" "Mozilla/5.0 AppleWebKit/537.36 (KHTML, like Gecko; compatible; bingbot/2.0; +http://www.bing.com/bingbot.htm) Chrome/116.0.1938.76 Safari/537.36"
40.77.167.144 - - [04/Dec/2024:19:42:19 +0200] "GET /41ppton36423.html HTTP/1.1" 200 301846 "-" "Mozilla/5.0 AppleWebKit/537.36 (KHTML, like Gecko; compatible; bingbot/2.0; +http://www.bing.com/bingbot.htm) Chrome/116.0.1938.76 Safari/537.36"
52.167.144.226 - - [04/Dec/2024:19:42:31 +0200] "GET /172vxshf5148.html HTTP/1.1" 200 326054 "-" "Mozilla/5.0 AppleWebKit/537.36 (KHTML, like Gecko; compatible; bingbot/2.0; +http://www.bing.com/bingbot.htm) Chrome/116.0.1938.76 Safari/537.36"
52.167.144.237 - - [04/Dec/2024:19:42:31 +0200] "GET /21zyaho697.html HTTP/1.1" 200 326707 "-" "Mozilla/5.0 AppleWebKit/537.36 (KHTML, like Gecko; compatible; bingbot/2.0; +http://www.bing.com/bingbot.htm) Chrome/116.0.1938.76 Safari/537.36"
66.249.77.6 - - [04/Dec/2024:19:42:39 +0200] "GET /9dlufu20.html HTTP/1.1" 200 327028 "-" "Mozilla/5.0 (Linux; Android 6.0.1; Nexus 5X Build/MMB29P) AppleWebKit/537.36 (KHTML, like Gecko) Chrome/131.0.6778.69 Mobile Safari/537.36 (compatible; Googlebot/2.1; +http://www.google.com/bot.html)"
40.77.167.144 - - [04/Dec/2024:19:42:50 +0200] "GET /97egygq41525.html HTTP/1.1" 200 327051 "-" "Mozilla/5.0 AppleWebKit/537.36 (KHTML, like Gecko; compatible; bingbot/2.0; +http://www.bing.com/bingbot.htm) Chrome/116.0.1938.76 Safari/537.36"
52.167.144.226 - - [04/Dec/2024:19:42:55 +0200] "GET /136cyxpd47966.html HTTP/1.1" 200 324004 "-" "Mozilla/5.0 AppleWebKit/537.36 (KHTML, like Gecko; compatible; bingbot/2.0; +http://www.bing.com/bingbot.htm) Chrome/116.0.1938.76 Safari/537.36"
52.167.144.220 - - [04/Dec/2024:19:42:55 +0200] "GET /156yxoqv29927.html HTTP/1.1" 200 325701 "-" "Mozilla/5.0 AppleWebKit/537.36 (KHTML, like Gecko; compatible; bingbot/2.0; +http://www.bing.com/bingbot.htm) Chrome/116.0.1938.76 Safari/537.36"
52.167.144.220 - - [04/Dec/2024:19:42:59 +0200] "GET /161ebgsm4987.html HTTP/1.1" 200 322924 "-" "Mozilla/5.0 AppleWebKit/537.36 (KHTML, like Gecko; compatible; bingbot/2.0; +http://www.bing.com/bingbot.htm) Chrome/116.0.1938.76 Safari/537.36"
66.249.77.5 - - [04/Dec/2024:19:43:01 +0200] "GET /daughter116/dv9zi-19541/ HTTP/1.1" 200 306711 "-" "Mozilla/5.0 (Linux; Android 6.0.1; Nexus 5X Build/MMB29P) AppleWebKit/537.36 (KHTML, like Gecko) Chrome/131.0.6778.69 Mobile Safari/537.36 (compatible; Googlebot/2.1; +http://www.google.com/bot.html)"
52.167.144.226 - - [04/Dec/2024:19:43:11 +0200] "GET /167xopcq47896.html HTTP/1.1" 200 327483 "-" "Mozilla/5.0 AppleWebKit/537.36 (KHTML, like Gecko; compatible; bingbot/2.0; +http://www.bing.com/bingbot.htm) Chrome/116.0.1938.76 Safari/537.36"
52.167.144.226 - - [04/Dec/2024:19:43:13 +0200] "GET /80gdido46640.html HTTP/1.1" 200 331511 "-" "Mozilla/5.0 AppleWebKit/537.36 (KHTML, like Gecko; compatible; bingbot/2.0; +http://www.bing.com/bingbot.htm) Chrome/116.0.1938.76 Safari/537.36"
52.167.144.226 - - [04/Dec/2024:19:43:14 +0200] "GET /109hdjxr481.html HTTP/1.1" 200 323263 "-" "Mozilla/5.0 AppleWebKit/537.36 (KHTML, like Gecko; compatible; bingbot/2.0; +http://www.bing.com/bingbot.htm) Chrome/116.0.1938.76 Safari/537.36"
52.167.144.226 - - [04/Dec/2024:19:43:20 +0200] "GET /293gwllh18338.html HTTP/1.1" 200 324272 "-" "Mozilla/5.0 AppleWebKit/537.36 (KHTML, like Gecko; compatible; bingbot/2.0; +http://www.bing.com/bingbot.htm) Chrome/116.0.1938.76 Safari/537.36"
40.77.167.144 - - [04/Dec/2024:19:43:31 +0200] "GET /109rozfk27697.html HTTP/1.1" 200 325364 "-" "Mozilla/5.0 AppleWebKit/537.36 (KHTML, like Gecko; compatible; bingbot/2.0; +http://www.bing.com/bingbot.htm) Chrome/116.0.1938.76 Safari/537.36"
66.249.77.6 - - [04/Dec/2024:19:43:36 +0200] "GET /component280/e8fmz-5334/ HTTP/1.1" 200 328344 "-" "Mozilla/5.0 (compatible; Googlebot/2.1; +http://www.google.com/bot.html)"
40.77.167.144 - - [04/Dec/2024:19:43:49 +0200] "GET /167oetjb33752.html HTTP/1.1" 200 321686 "-" "Mozilla/5.0 AppleWebKit/537.36 (KHTML, like Gecko; compatible; bingbot/2.0; +http://www.bing.com/bingbot.htm) Chrome/116.0.1938.76 Safari/537.36"
52.167.144.226 - - [04/Dec/2024:19:43:53 +0200] "GET /61avgst16418.html HTTP/1.1" 200 321922 "-" "Mozilla/5.0 AppleWebKit/537.36 (KHTML, like Gecko; compatible; bingbot/2.0; +http://www.bing.com/bingbot.htm) Chrome/116.0.1938.76 Safari/537.36"
52.167.144.220 - - [04/Dec/2024:19:44:05 +0200] "GET /294nvvgj23439.html HTTP/1.1" 200 328011 "-" "Mozilla/5.0 AppleWebKit/537.36 (KHTML, like Gecko; compatible; bingbot/2.0; +http://www.bing.com/bingbot.htm) Chrome/116.0.1938.76 Safari/537.36"
52.167.144.220 - - [04/Dec/2024:19:44:08 +0200] "GET /117bcksg47888.html HTTP/1.1" 200 331185 "-" "Mozilla/5.0 AppleWebKit/537.36 (KHTML, like Gecko; compatible; bingbot/2.0; +http://www.bing.com/bingbot.htm) Chrome/116.0.1938.76 Safari/537.36"
66.249.77.7 - - [04/Dec/2024:19:44:11 +0200] "GET /university204/vgnhr-26688/ HTTP/1.1" 200 325106 "-" "Mozilla/5.0 (Linux; Android 6.0.1; Nexus 5X Build/MMB29P) AppleWebKit/537.36 (KHTML, like Gecko) Chrome/131.0.6778.69 Mobile Safari/537.36 (compatible; Googlebot/2.1; +http://www.google.com/bot.html)"
52.167.144.226 - - [04/Dec/2024:19:44:30 +0200] "GET /260unftn43504.html HTTP/1.1" 200 322252 "-" "Mozilla/5.0 AppleWebKit/537.36 (KHTML, like Gecko; compatible; bingbot/2.0; +http://www.bing.com/bingbot.htm) Chrome/116.0.1938.76 Safari/537.36"
66.249.77.5 - - [04/Dec/2024:19:44:31 +0200] "GET /dignity292/giwyi-15757/ HTTP/1.1" 200 326290 "-" "Mozilla/5.0 (Linux; Android 6.0.1; Nexus 5X Build/MMB29P) AppleWebKit/537.36 (KHTML, like Gecko) Chrome/131.0.6778.69 Mobile Safari/537.36 (compatible; Googlebot/2.1; +http://www.google.com/bot.html)"
52.167.144.220 - - [04/Dec/2024:19:44:46 +0200] "GET /156qjyuo32455.html HTTP/1.1" 200 306345 "-" "Mozilla/5.0 AppleWebKit/537.36 (KHTML, like Gecko; compatible; bingbot/2.0; +http://www.bing.com/bingbot.htm) Chrome/116.0.1938.76 Safari/537.36"
52.167.144.220 - - [04/Dec/2024:19:44:47 +0200] "GET /220tqzej10901.html HTTP/1.1" 200 327871 "-" "Mozilla/5.0 AppleWebKit/537.36 (KHTML, like Gecko; compatible; bingbot/2.0; +http://www.bing.com/bingbot.htm) Chrome/116.0.1938.76 Safari/537.36"
40.77.167.144 - - [04/Dec/2024:19:44:49 +0200] "GET /120ybcjm17415.html HTTP/1.1" 200 313409 "-" "Mozilla/5.0 AppleWebKit/537.36 (KHTML, like Gecko; compatible; bingbot/2.0; +http://www.bing.com/bingbot.htm) Chrome/116.0.1938.76 Safari/537.36"
52.167.144.220 - - [04/Dec/2024:19:45:25 +0200] "GET /9knxrt19358.html HTTP/1.1" 200 303600 "-" "Mozilla/5.0 AppleWebKit/537.36 (KHTML, like Gecko; compatible; bingbot/2.0; +http://www.bing.com/bingbot.htm) Chrome/116.0.1938.76 Safari/537.36"
52.167.144.220 - - [04/Dec/2024:19:45:27 +0200] "GET /47oldaw7811.html HTTP/1.1" 200 303609 "-" "Mozilla/5.0 AppleWebKit/537.36 (KHTML, like Gecko; compatible; bingbot/2.0; +http://www.bing.com/bingbot.htm) Chrome/116.0.1938.76 Safari/537.36"
66.249.77.5 - - [04/Dec/2024:19:45:31 +0200] "GET /equip179/6nfja-9117/ HTTP/1.1" 200 302479 "-" "Mozilla/5.0 (compatible; Googlebot/2.1; +http://www.google.com/bot.html)"
66.249.77.5 - - [04/Dec/2024:19:45:51 +0200] "GET /lonely286/a8eul-7995/ HTTP/1.1" 200 301019 "-" "Mozilla/5.0 (Linux; Android 6.0.1; Nexus 5X Build/MMB29P) AppleWebKit/537.36 (KHTML, like Gecko) Chrome/131.0.6778.69 Mobile Safari/537.36 (compatible; Googlebot/2.1; +http://www.google.com/bot.html)"
52.167.144.226 - - [04/Dec/2024:19:46:01 +0200] "GET /251oxcyt37758.html HTTP/1.1" 200 322582 "-" "Mozilla/5.0 AppleWebKit/537.36 (KHTML, like Gecko; compatible; bingbot/2.0; +http://www.bing.com/bingbot.htm) Chrome/116.0.1938.76 Safari/537.36"
52.167.144.220 - - [04/Dec/2024:19:46:16 +0200] "GET /276cowir46008.html HTTP/1.1" 200 306042 "-" "Mozilla/5.0 AppleWebKit/537.36 (KHTML, like Gecko; compatible; bingbot/2.0; +http://www.bing.com/bingbot.htm) Chrome/116.0.1938.76 Safari/537.36"
40.77.167.144 - - [04/Dec/2024:19:46:50 +0200] "GET /238ysesi29464.html HTTP/1.1" 200 326525 "-" "Mozilla/5.0 AppleWebKit/537.36 (KHTML, like Gecko; compatible; bingbot/2.0; +http://www.bing.com/bingbot.htm) Chrome/116.0.1938.76 Safari/537.36"
40.77.167.144 - - [04/Dec/2024:19:47:11 +0200] "GET /95ghsfu15117.html HTTP/1.1" 200 322960 "-" "Mozilla/5.0 AppleWebKit/537.36 (KHTML, like Gecko; compatible; bingbot/2.0; +http://www.bing.com/bingbot.htm) Chrome/116.0.1938.76 Safari/537.36"
40.77.167.144 - - [04/Dec/2024:19:47:11 +0200] "GET /109frgfr17728.html HTTP/1.1" 200 324825 "-" "Mozilla/5.0 AppleWebKit/537.36 (KHTML, like Gecko; compatible; bingbot/2.0; +http://www.bing.com/bingbot.htm) Chrome/116.0.1938.76 Safari/537.36"
40.77.167.144 - - [04/Dec/2024:19:47:13 +0200] "GET /106mwbkt26016.html HTTP/1.1" 200 303021 "-" "Mozilla/5.0 AppleWebKit/537.36 (KHTML, like Gecko; compatible; bingbot/2.0; +http://www.bing.com/bingbot.htm) Chrome/116.0.1938.76 Safari/537.36"
52.167.144.226 - - [04/Dec/2024:19:47:32 +0200] "GET /entrance93/jtws9-46165/ HTTP/1.1" 200 325418 "-" "Mozilla/5.0 AppleWebKit/537.36 (KHTML, like Gecko; compatible; bingbot/2.0; +http://www.bing.com/bingbot.htm) Chrome/116.0.1938.76 Safari/537.36"
66.249.77.6 - - [04/Dec/2024:19:47:33 +0200] "GET /freely170/34ol0-25887/ HTTP/1.1" 200 323965 "-" "Mozilla/5.0 (compatible; Googlebot/2.1; +http://www.google.com/bot.html)"
52.167.144.220 - - [04/Dec/2024:19:47:57 +0200] "GET /141iaasb33008.html HTTP/1.1" 200 306244 "-" "Mozilla/5.0 AppleWebKit/537.36 (KHTML, like Gecko; compatible; bingbot/2.0; +http://www.bing.com/bingbot.htm) Chrome/116.0.1938.76 Safari/537.36"
52.167.144.226 - - [04/Dec/2024:19:48:11 +0200] "GET /217zgcpq22081.html HTTP/1.1" 200 323081 "-" "Mozilla/5.0 AppleWebKit/537.36 (KHTML, like Gecko; compatible; bingbot/2.0; +http://www.bing.com/bingbot.htm) Chrome/116.0.1938.76 Safari/537.36"
52.167.144.220 - - [04/Dec/2024:19:48:55 +0200] "GET /173slflw43481.html HTTP/1.1" 200 328866 "-" "Mozilla/5.0 AppleWebKit/537.36 (KHTML, like Gecko; compatible; bingbot/2.0; +http://www.bing.com/bingbot.htm) Chrome/116.0.1938.76 Safari/537.36"
40.77.167.144 - - [04/Dec/2024:19:49:39 +0200] "GET /96stwno14123.html HTTP/1.1" 200 309658 "-" "Mozilla/5.0 AppleWebKit/537.36 (KHTML, like Gecko; compatible; bingbot/2.0; +http://www.bing.com/bingbot.htm) Chrome/116.0.1938.76 Safari/537.36"
66.249.77.6 - - [04/Dec/2024:19:50:03 +0200] "GET /Dutch295/5jojo-29979/ HTTP/1.1" 200 307673 "-" "Mozilla/5.0 (Linux; Android 6.0.1; Nexus 5X Build/MMB29P) AppleWebKit/537.36 (KHTML, like Gecko) Chrome/131.0.6778.69 Mobile Safari/537.36 (compatible; Googlebot/2.1; +http://www.google.com/bot.html)"
40.77.167.144 - - [04/Dec/2024:19:50:21 +0200] "GET /171iaccb34246.html HTTP/1.1" 200 322524 "-" "Mozilla/5.0 AppleWebKit/537.36 (KHTML, like Gecko; compatible; bingbot/2.0; +http://www.bing.com/bingbot.htm) Chrome/116.0.1938.76 Safari/537.36"
52.167.144.226 - - [04/Dec/2024:19:50:52 +0200] "GET /47zemiz47194.html HTTP/1.1" 200 302428 "-" "Mozilla/5.0 AppleWebKit/537.36 (KHTML, like Gecko; compatible; bingbot/2.0; +http://www.bing.com/bingbot.htm) Chrome/116.0.1938.76 Safari/537.36"
66.249.77.6 - - [04/Dec/2024:19:50:53 +0200] "GET /breakfast144/bkta5-9410/ HTTP/1.1" 200 308988 "-" "Mozilla/5.0 (compatible; Googlebot/2.1; +http://www.google.com/bot.html)"
40.77.167.14 - - [04/Dec/2024:19:50:58 +0200] "GET /255oghkf26048.html HTTP/1.1" 200 323013 "-" "Mozilla/5.0 AppleWebKit/537.36 (KHTML, like Gecko; compatible; bingbot/2.0; +http://www.bing.com/bingbot.htm) Chrome/116.0.1938.76 Safari/537.36"
66.249.77.6 - - [04/Dec/2024:19:51:31 +0200] "GET /family98/ie4jd-25925/ HTTP/1.1" 200 324790 "-" "Mozilla/5.0 (compatible; Googlebot/2.1; +http://www.google.com/bot.html)"
52.167.144.226 - - [04/Dec/2024:19:51:32 +0200] "GET /166pnncb10613.html HTTP/1.1" 200 326654 "-" "Mozilla/5.0 AppleWebKit/537.36 (KHTML, like Gecko; compatible; bingbot/2.0; +http://www.bing.com/bingbot.htm) Chrome/116.0.1938.76 Safari/537.36"
52.167.144.226 - - [04/Dec/2024:19:51:35 +0200] "GET /158efwsy19096.html HTTP/1.1" 200 320425 "-" "Mozilla/5.0 AppleWebKit/537.36 (KHTML, like Gecko; compatible; bingbot/2.0; +http://www.bing.com/bingbot.htm) Chrome/116.0.1938.76 Safari/537.36"
52.167.144.202 - - [04/Dec/2024:19:51:43 +0200] "GET /115nuhbd24703.html HTTP/1.1" 200 331925 "-" "Mozilla/5.0 AppleWebKit/537.36 (KHTML, like Gecko; compatible; bingbot/2.0; +http://www.bing.com/bingbot.htm) Chrome/116.0.1938.76 Safari/537.36"
52.167.144.220 - - [04/Dec/2024:19:51:46 +0200] "GET /2efyrj38829.html HTTP/1.1" 200 326644 "-" "Mozilla/5.0 AppleWebKit/537.36 (KHTML, like Gecko; compatible; bingbot/2.0; +http://www.bing.com/bingbot.htm) Chrome/116.0.1938.76 Safari/537.36"
52.167.144.204 - - [04/Dec/2024:19:52:00 +0200] "GET /212ntopo22440.html HTTP/1.1" 200 324779 "-" "Mozilla/5.0 AppleWebKit/537.36 (KHTML, like Gecko; compatible; bingbot/2.0; +http://www.bing.com/bingbot.htm) Chrome/116.0.1938.76 Safari/537.36"
52.167.144.226 - - [04/Dec/2024:19:52:11 +0200] "GET /130ahiet49010.html HTTP/1.1" 200 321394 "-" "Mozilla/5.0 AppleWebKit/537.36 (KHTML, like Gecko; compatible; bingbot/2.0; +http://www.bing.com/bingbot.htm) Chrome/116.0.1938.76 Safari/537.36"
52.167.144.220 - - [04/Dec/2024:19:52:37 +0200] "GET /156uwnxa34675.html HTTP/1.1" 200 327149 "-" "Mozilla/5.0 AppleWebKit/537.36 (KHTML, like Gecko; compatible; bingbot/2.0; +http://www.bing.com/bingbot.htm) Chrome/116.0.1938.76 Safari/537.36"
52.167.144.220 - - [04/Dec/2024:19:52:38 +0200] "GET /67qcskz4201.html HTTP/1.1" 200 326814 "-" "Mozilla/5.0 AppleWebKit/537.36 (KHTML, like Gecko; compatible; bingbot/2.0; +http://www.bing.com/bingbot.htm) Chrome/116.0.1938.76 Safari/537.36"
52.167.144.204 - - [04/Dec/2024:19:52:42 +0200] "GET /114lcbep28946.html HTTP/1.1" 200 324497 "-" "Mozilla/5.0 AppleWebKit/537.36 (KHTML, like Gecko; compatible; bingbot/2.0; +http://www.bing.com/bingbot.htm) Chrome/116.0.1938.76 Safari/537.36"
52.167.144.220 - - [04/Dec/2024:19:52:49 +0200] "GET /79xfifx43551.html HTTP/1.1" 200 323417 "-" "Mozilla/5.0 AppleWebKit/537.36 (KHTML, like Gecko; compatible; bingbot/2.0; +http://www.bing.com/bingbot.htm) Chrome/116.0.1938.76 Safari/537.36"
66.249.77.7 - - [04/Dec/2024:19:53:04 +0200] "GET /add21/38wis-5368/ HTTP/1.1" 200 312356 "-" "Mozilla/5.0 (Linux; Android 6.0.1; Nexus 5X Build/MMB29P) AppleWebKit/537.36 (KHTML, like Gecko) Chrome/131.0.6778.69 Mobile Safari/537.36 (compatible; Googlebot/2.1; +http://www.google.com/bot.html)"
52.167.144.213 - - [04/Dec/2024:19:53:16 +0200] "GET /97belvb23542.html HTTP/1.1" 200 328490 "-" "Mozilla/5.0 AppleWebKit/537.36 (KHTML, like Gecko; compatible; bingbot/2.0; +http://www.bing.com/bingbot.htm) Chrome/116.0.1938.76 Safari/537.36"
52.167.144.218 - - [04/Dec/2024:19:54:02 +0200] "GET /186cfxef20274.html HTTP/1.1" 200 321481 "-" "Mozilla/5.0 AppleWebKit/537.36 (KHTML, like Gecko; compatible; bingbot/2.0; +http://www.bing.com/bingbot.htm) Chrome/116.0.1938.76 Safari/537.36"
52.167.144.181 - - [04/Dec/2024:19:54:23 +0200] "GET /114eorca9364.html HTTP/1.1" 200 305531 "-" "Mozilla/5.0 AppleWebKit/537.36 (KHTML, like Gecko; compatible; bingbot/2.0; +http://www.bing.com/bingbot.htm) Chrome/116.0.1938.76 Safari/537.36"
66.249.77.7 - - [04/Dec/2024:19:54:23 +0200] "GET /join11/qer3s-49861/ HTTP/1.1" 200 306355 "-" "Mozilla/5.0 (compatible; Googlebot/2.1; +http://www.google.com/bot.html)"
52.167.144.181 - - [04/Dec/2024:19:54:26 +0200] "GET /149eqwls921.html HTTP/1.1" 200 323088 "-" "Mozilla/5.0 AppleWebKit/537.36 (KHTML, like Gecko; compatible; bingbot/2.0; +http://www.bing.com/bingbot.htm) Chrome/116.0.1938.76 Safari/537.36"
52.167.144.193 - - [04/Dec/2024:19:54:27 +0200] "GET /63vtwkz29362.html HTTP/1.1" 200 323737 "-" "Mozilla/5.0 AppleWebKit/537.36 (KHTML, like Gecko; compatible; bingbot/2.0; +http://www.bing.com/bingbot.htm) Chrome/116.0.1938.76 Safari/537.36"
66.249.77.6 - - [04/Dec/2024:19:54:32 +0200] "GET /worried55/0eku7-11709/ HTTP/1.1" 200 324114 "-" "Mozilla/5.0 (compatible; Googlebot/2.1; +http://www.google.com/bot.html)"
52.167.144.204 - - [04/Dec/2024:19:54:40 +0200] "GET /35mafvp3624.html HTTP/1.1" 200 329064 "-" "Mozilla/5.0 AppleWebKit/537.36 (KHTML, like Gecko; compatible; bingbot/2.0; +http://www.bing.com/bingbot.htm) Chrome/116.0.1938.76 Safari/537.36"
52.167.144.181 - - [04/Dec/2024:19:54:51 +0200] "GET /85epyni2599.html HTTP/1.1" 200 325093 "-" "Mozilla/5.0 AppleWebKit/537.36 (KHTML, like Gecko; compatible; bingbot/2.0; +http://www.bing.com/bingbot.htm) Chrome/116.0.1938.76 Safari/537.36"
66.249.77.5 - - [04/Dec/2024:19:54:59 +0200] "GET /lead61/kxnfp-17479/ HTTP/1.1" 200 323987 "-" "Mozilla/5.0 (compatible; Googlebot/2.1; +http://www.google.com/bot.html)"
52.167.144.181 - - [04/Dec/2024:19:55:22 +0200] "GET /48uziyv49762.html HTTP/1.1" 200 326451 "-" "Mozilla/5.0 AppleWebKit/537.36 (KHTML, like Gecko; compatible; bingbot/2.0; +http://www.bing.com/bingbot.htm) Chrome/116.0.1938.76 Safari/537.36"
66.249.77.5 - - [04/Dec/2024:19:55:32 +0200] "GET /62rcaoc498.html HTTP/1.1" 200 328573 "-" "Mozilla/5.0 (Linux; Android 6.0.1; Nexus 5X Build/MMB29P) AppleWebKit/537.36 (KHTML, like Gecko) Chrome/131.0.6778.69 Mobile Safari/537.36 (compatible; Googlebot/2.1; +http://www.google.com/bot.html)"
52.167.144.204 - - [04/Dec/2024:19:55:40 +0200] "GET /164pdbif790.html HTTP/1.1" 200 304596 "-" "Mozilla/5.0 AppleWebKit/537.36 (KHTML, like Gecko; compatible; bingbot/2.0; +http://www.bing.com/bingbot.htm) Chrome/116.0.1938.76 Safari/537.36"
66.249.77.5 - - [04/Dec/2024:19:55:59 +0200] "GET /conversion33/cniw2-35519/ HTTP/1.1" 200 327364 "-" "Mozilla/5.0 (compatible; Googlebot/2.1; +http://www.google.com/bot.html)"
52.167.144.204 - - [04/Dec/2024:19:56:01 +0200] "GET /114uznim7444.html HTTP/1.1" 200 327570 "-" "Mozilla/5.0 AppleWebKit/537.36 (KHTML, like Gecko; compatible; bingbot/2.0; +http://www.bing.com/bingbot.htm) Chrome/116.0.1938.76 Safari/537.36"
52.167.144.204 - - [04/Dec/2024:19:56:22 +0200] "GET /265pktmb17969.html HTTP/1.1" 200 328640 "-" "Mozilla/5.0 AppleWebKit/537.36 (KHTML, like Gecko; compatible; bingbot/2.0; +http://www.bing.com/bingbot.htm) Chrome/116.0.1938.76 Safari/537.36"
52.167.144.204 - - [04/Dec/2024:19:56:24 +0200] "GET /10fyngl16478.html HTTP/1.1" 200 325891 "-" "Mozilla/5.0 AppleWebKit/537.36 (KHTML, like Gecko; compatible; bingbot/2.0; +http://www.bing.com/bingbot.htm) Chrome/116.0.1938.76 Safari/537.36"
52.167.144.213 - - [04/Dec/2024:19:56:36 +0200] "GET /300rmtvx20309.html HTTP/1.1" 200 322885 "-" "Mozilla/5.0 AppleWebKit/537.36 (KHTML, like Gecko; compatible; bingbot/2.0; +http://www.bing.com/bingbot.htm) Chrome/116.0.1938.76 Safari/537.36"
52.167.144.213 - - [04/Dec/2024:19:56:38 +0200] "GET /49htviw7084.html HTTP/1.1" 200 321665 "-" "Mozilla/5.0 AppleWebKit/537.36 (KHTML, like Gecko; compatible; bingbot/2.0; +http://www.bing.com/bingbot.htm) Chrome/116.0.1938.76 Safari/537.36"
52.167.144.213 - - [04/Dec/2024:19:56:41 +0200] "GET /118lyqli32192.html HTTP/1.1" 200 305887 "-" "Mozilla/5.0 AppleWebKit/537.36 (KHTML, like Gecko; compatible; bingbot/2.0; +http://www.bing.com/bingbot.htm) Chrome/116.0.1938.76 Safari/537.36"
52.167.144.204 - - [04/Dec/2024:19:56:42 +0200] "GET /201bevbn29675.html HTTP/1.1" 200 327893 "-" "Mozilla/5.0 AppleWebKit/537.36 (KHTML, like Gecko; compatible; bingbot/2.0; +http://www.bing.com/bingbot.htm) Chrome/116.0.1938.76 Safari/537.36"
52.167.144.204 - - [04/Dec/2024:19:57:01 +0200] "GET /163awvvi26404.html HTTP/1.1" 200 332592 "-" "Mozilla/5.0 AppleWebKit/537.36 (KHTML, like Gecko; compatible; bingbot/2.0; +http://www.bing.com/bingbot.htm) Chrome/116.0.1938.76 Safari/537.36"
52.167.144.181 - - [04/Dec/2024:19:57:23 +0200] "GET /150kespx35850.html HTTP/1.1" 200 323134 "-" "Mozilla/5.0 AppleWebKit/537.36 (KHTML, like Gecko; compatible; bingbot/2.0; +http://www.bing.com/bingbot.htm) Chrome/116.0.1938.76 Safari/537.36"
52.167.144.213 - - [04/Dec/2024:19:57:36 +0200] "GET /47dgohd48994.html HTTP/1.1" 200 329188 "-" "Mozilla/5.0 AppleWebKit/537.36 (KHTML, like Gecko; compatible; bingbot/2.0; +http://www.bing.com/bingbot.htm) Chrome/116.0.1938.76 Safari/537.36"
52.167.144.213 - - [04/Dec/2024:19:57:39 +0200] "GET /140venfz7808.html HTTP/1.1" 200 304796 "-" "Mozilla/5.0 AppleWebKit/537.36 (KHTML, like Gecko; compatible; bingbot/2.0; +http://www.bing.com/bingbot.htm) Chrome/116.0.1938.76 Safari/537.36"
52.167.144.181 - - [04/Dec/2024:19:58:03 +0200] "GET /233tkdxx816.html HTTP/1.1" 200 303192 "-" "Mozilla/5.0 AppleWebKit/537.36 (KHTML, like Gecko; compatible; bingbot/2.0; +http://www.bing.com/bingbot.htm) Chrome/116.0.1938.76 Safari/537.36"
52.167.144.161 - - [04/Dec/2024:19:58:08 +0200] "GET /232sxjni25236.html HTTP/1.1" 200 302900 "-" "Mozilla/5.0 AppleWebKit/537.36 (KHTML, like Gecko; compatible; bingbot/2.0; +http://www.bing.com/bingbot.htm) Chrome/116.0.1938.76 Safari/537.36"
52.167.144.161 - - [04/Dec/2024:19:58:10 +0200] "GET /149ydghv31913.html HTTP/1.1" 200 324856 "-" "Mozilla/5.0 AppleWebKit/537.36 (KHTML, like Gecko; compatible; bingbot/2.0; +http://www.bing.com/bingbot.htm) Chrome/116.0.1938.76 Safari/537.36"
66.249.77.5 - - [04/Dec/2024:19:58:15 +0200] "GET /understand79/3yi1u-31114/ HTTP/1.1" 200 298979 "-" "Mozilla/5.0 (Linux; Android 6.0.1; Nexus 5X Build/MMB29P) AppleWebKit/537.36 (KHTML, like Gecko) Chrome/131.0.6778.69 Mobile Safari/537.36 (compatible; Googlebot/2.1; +http://www.google.com/bot.html)"
52.167.144.213 - - [04/Dec/2024:19:58:17 +0200] "GET /147hyijv37600.html HTTP/1.1" 200 324243 "-" "Mozilla/5.0 AppleWebKit/537.36 (KHTML, like Gecko; compatible; bingbot/2.0; +http://www.bing.com/bingbot.htm) Chrome/116.0.1938.76 Safari/537.36"
52.167.144.213 - - [04/Dec/2024:19:58:19 +0200] "GET /102kwyef18214.html HTTP/1.1" 200 325658 "-" "Mozilla/5.0 AppleWebKit/537.36 (KHTML, like Gecko; compatible; bingbot/2.0; +http://www.bing.com/bingbot.htm) Chrome/116.0.1938.76 Safari/537.36"
52.167.144.218 - - [04/Dec/2024:19:58:21 +0200] "GET /186ysugy6061.html HTTP/1.1" 200 329257 "-" "Mozilla/5.0 AppleWebKit/537.36 (KHTML, like Gecko; compatible; bingbot/2.0; +http://www.bing.com/bingbot.htm) Chrome/116.0.1938.76 Safari/537.36"
52.167.144.181 - - [04/Dec/2024:19:58:24 +0200] "GET /144ensdc24598.html HTTP/1.1" 200 322451 "-" "Mozilla/5.0 AppleWebKit/537.36 (KHTML, like Gecko; compatible; bingbot/2.0; +http://www.bing.com/bingbot.htm) Chrome/116.0.1938.76 Safari/537.36"
52.167.144.213 - - [04/Dec/2024:19:58:35 +0200] "GET /149ayscb15175.html HTTP/1.1" 200 323485 "-" "Mozilla/5.0 AppleWebKit/537.36 (KHTML, like Gecko; compatible; bingbot/2.0; +http://www.bing.com/bingbot.htm) Chrome/116.0.1938.76 Safari/537.36"
52.167.144.213 - - [04/Dec/2024:19:58:57 +0200] "GET /12hojyb34576.html HTTP/1.1" 200 324762 "-" "Mozilla/5.0 AppleWebKit/537.36 (KHTML, like Gecko; compatible; bingbot/2.0; +http://www.bing.com/bingbot.htm) Chrome/116.0.1938.76 Safari/537.36"
52.167.144.204 - - [04/Dec/2024:19:59:02 +0200] "GET /249wdywv11232.html HTTP/1.1" 200 329877 "-" "Mozilla/5.0 AppleWebKit/537.36 (KHTML, like Gecko; compatible; bingbot/2.0; +http://www.bing.com/bingbot.htm) Chrome/116.0.1938.76 Safari/537.36"
52.167.144.204 - - [04/Dec/2024:19:59:04 +0200] "GET /106zfmef6079.html HTTP/1.1" 200 304057 "-" "Mozilla/5.0 AppleWebKit/537.36 (KHTML, like Gecko; compatible; bingbot/2.0; +http://www.bing.com/bingbot.htm) Chrome/116.0.1938.76 Safari/537.36"
52.167.144.193 - - [04/Dec/2024:19:59:46 +0200] "GET /129wxhjj32242.html HTTP/1.1" 200 323077 "-" "Mozilla/5.0 AppleWebKit/537.36 (KHTML, like Gecko; compatible; bingbot/2.0; +http://www.bing.com/bingbot.htm) Chrome/116.0.1938.76 Safari/537.36"
52.167.144.204 - - [04/Dec/2024:19:59:51 +0200] "GET /103rhwqd9065.html HTTP/1.1" 200 326298 "-" "Mozilla/5.0 AppleWebKit/537.36 (KHTML, like Gecko; compatible; bingbot/2.0; +http://www.bing.com/bingbot.htm) Chrome/116.0.1938.76 Safari/537.36"
52.167.144.204 - - [04/Dec/2024:20:00:02 +0200] "GET /101hspsn1823.html HTTP/1.1" 200 339176 "-" "Mozilla/5.0 AppleWebKit/537.36 (KHTML, like Gecko; compatible; bingbot/2.0; +http://www.bing.com/bingbot.htm) Chrome/116.0.1938.76 Safari/537.36"
52.167.144.213 - - [04/Dec/2024:20:00:17 +0200] "GET /131hxuml5377.html HTTP/1.1" 200 324150 "-" "Mozilla/5.0 AppleWebKit/537.36 (KHTML, like Gecko; compatible; bingbot/2.0; +http://www.bing.com/bingbot.htm) Chrome/116.0.1938.76 Safari/537.36"
52.167.144.181 - - [04/Dec/2024:20:00:24 +0200] "GET /242thpvf21973.html HTTP/1.1" 200 321827 "-" "Mozilla/5.0 AppleWebKit/537.36 (KHTML, like Gecko; compatible; bingbot/2.0; +http://www.bing.com/bingbot.htm) Chrome/116.0.1938.76 Safari/537.36"
52.167.144.181 - - [04/Dec/2024:20:00:26 +0200] "GET /55iskdx6941.html HTTP/1.1" 200 330542 "-" "Mozilla/5.0 AppleWebKit/537.36 (KHTML, like Gecko; compatible; bingbot/2.0; +http://www.bing.com/bingbot.htm) Chrome/116.0.1938.76 Safari/537.36"
52.167.144.204 - - [04/Dec/2024:20:00:30 +0200] "GET /91geojk16080.html HTTP/1.1" 200 327131 "-" "Mozilla/5.0 AppleWebKit/537.36 (KHTML, like Gecko; compatible; bingbot/2.0; +http://www.bing.com/bingbot.htm) Chrome/116.0.1938.76 Safari/537.36"
52.167.144.181 - - [04/Dec/2024:20:00:43 +0200] "GET /94endbv8204.html HTTP/1.1" 200 324997 "-" "Mozilla/5.0 AppleWebKit/537.36 (KHTML, like Gecko; compatible; bingbot/2.0; +http://www.bing.com/bingbot.htm) Chrome/116.0.1938.76 Safari/537.36"
52.167.144.204 - - [04/Dec/2024:20:01:22 +0200] "GET /151ubnwi14123.html HTTP/1.1" 200 327367 "-" "Mozilla/5.0 AppleWebKit/537.36 (KHTML, like Gecko; compatible; bingbot/2.0; +http://www.bing.com/bingbot.htm) Chrome/116.0.1938.76 Safari/537.36"
52.167.144.213 - - [04/Dec/2024:20:01:27 +0200] "GET /215zihoc9602.html HTTP/1.1" 200 304145 "-" "Mozilla/5.0 AppleWebKit/537.36 (KHTML, like Gecko; compatible; bingbot/2.0; +http://www.bing.com/bingbot.htm) Chrome/116.0.1938.76 Safari/537.36"
52.167.144.181 - - [04/Dec/2024:20:02:03 +0200] "GET /284nqxtu15557.html HTTP/1.1" 200 306447 "-" "Mozilla/5.0 AppleWebKit/537.36 (KHTML, like Gecko; compatible; bingbot/2.0; +http://www.bing.com/bingbot.htm) Chrome/116.0.1938.76 Safari/537.36"
52.167.144.213 - - [04/Dec/2024:20:02:28 +0200] "GET /152gredl40449.html HTTP/1.1" 200 324476 "-" "Mozilla/5.0 AppleWebKit/537.36 (KHTML, like Gecko; compatible; bingbot/2.0; +http://www.bing.com/bingbot.htm) Chrome/116.0.1938.76 Safari/537.36"
66.249.77.5 - - [04/Dec/2024:20:02:54 +0200] "GET /bronze3/p4ifp-12971/ HTTP/1.1" 200 325716 "-" "Mozilla/5.0 (compatible; Googlebot/2.1; +http://www.google.com/bot.html)"
52.167.144.235 - - [04/Dec/2024:20:03:22 +0200] "GET /222vplwy24245.html HTTP/1.1" 200 323857 "-" "Mozilla/5.0 AppleWebKit/537.36 (KHTML, like Gecko; compatible; bingbot/2.0; +http://www.bing.com/bingbot.htm) Chrome/116.0.1938.76 Safari/537.36"
52.167.144.222 - - [04/Dec/2024:20:03:23 +0200] "GET /178uicfs27600.html HTTP/1.1" 200 323396 "-" "Mozilla/5.0 AppleWebKit/537.36 (KHTML, like Gecko; compatible; bingbot/2.0; +http://www.bing.com/bingbot.htm) Chrome/116.0.1938.76 Safari/537.36"
40.77.167.247 - - [04/Dec/2024:20:03:42 +0200] "GET /85svbmo38346.html HTTP/1.1" 200 320468 "-" "Mozilla/5.0 AppleWebKit/537.36 (KHTML, like Gecko; compatible; bingbot/2.0; +http://www.bing.com/bingbot.htm) Chrome/116.0.1938.76 Safari/537.36"
52.167.144.202 - - [04/Dec/2024:20:03:45 +0200] "GET /210wsgov20171.html HTTP/1.1" 200 330114 "-" "Mozilla/5.0 AppleWebKit/537.36 (KHTML, like Gecko; compatible; bingbot/2.0; +http://www.bing.com/bingbot.htm) Chrome/116.0.1938.76 Safari/537.36"
52.167.144.202 - - [04/Dec/2024:20:04:05 +0200] "GET /66njnta264.html HTTP/1.1" 200 330762 "-" "Mozilla/5.0 AppleWebKit/537.36 (KHTML, like Gecko; compatible; bingbot/2.0; +http://www.bing.com/bingbot.htm) Chrome/116.0.1938.76 Safari/537.36"
52.167.144.202 - - [04/Dec/2024:20:04:08 +0200] "GET /quality32/ezrwz-2024/ HTTP/1.1" 200 325813 "-" "Mozilla/5.0 AppleWebKit/537.36 (KHTML, like Gecko; compatible; bingbot/2.0; +http://www.bing.com/bingbot.htm) Chrome/116.0.1938.76 Safari/537.36"
52.167.144.187 - - [04/Dec/2024:20:04:10 +0200] "GET /191mmbrp10964.html HTTP/1.1" 200 326003 "-" "Mozilla/5.0 AppleWebKit/537.36 (KHTML, like Gecko; compatible; bingbot/2.0; +http://www.bing.com/bingbot.htm) Chrome/116.0.1938.76 Safari/537.36"
52.167.144.235 - - [04/Dec/2024:20:04:22 +0200] "GET /49owfjr13830.html HTTP/1.1" 200 326989 "-" "Mozilla/5.0 AppleWebKit/537.36 (KHTML, like Gecko; compatible; bingbot/2.0; +http://www.bing.com/bingbot.htm) Chrome/116.0.1938.76 Safari/537.36"
52.167.144.202 - - [04/Dec/2024:20:04:27 +0200] "GET /270effme42101.html HTTP/1.1" 200 302674 "-" "Mozilla/5.0 AppleWebKit/537.36 (KHTML, like Gecko; compatible; bingbot/2.0; +http://www.bing.com/bingbot.htm) Chrome/116.0.1938.76 Safari/537.36"
66.249.77.5 - - [04/Dec/2024:20:04:44 +0200] "GET /fitness287/5fe77-29780/ HTTP/1.1" 200 303908 "-" "Mozilla/5.0 (compatible; Googlebot/2.1; +http://www.google.com/bot.html)"
52.167.144.222 - - [04/Dec/2024:20:04:44 +0200] "GET /72xpsru7427.html HTTP/1.1" 200 322657 "-" "Mozilla/5.0 AppleWebKit/537.36 (KHTML, like Gecko; compatible; bingbot/2.0; +http://www.bing.com/bingbot.htm) Chrome/116.0.1938.76 Safari/537.36"
52.167.144.235 - - [04/Dec/2024:20:05:21 +0200] "GET /21nfvzb4744.html HTTP/1.1" 200 304878 "-" "Mozilla/5.0 AppleWebKit/537.36 (KHTML, like Gecko; compatible; bingbot/2.0; +http://www.bing.com/bingbot.htm) Chrome/116.0.1938.76 Safari/537.36"
52.167.144.187 - - [04/Dec/2024:20:05:57 +0200] "GET /96fwyjh39155.html HTTP/1.1" 200 324960 "-" "Mozilla/5.0 AppleWebKit/537.36 (KHTML, like Gecko; compatible; bingbot/2.0; +http://www.bing.com/bingbot.htm) Chrome/116.0.1938.76 Safari/537.36"
66.249.77.5 - - [04/Dec/2024:20:06:56 +0200] "GET /platform31/13803-35139/ HTTP/1.1" 200 327572 "-" "Mozilla/5.0 (compatible; Googlebot/2.1; +http://www.google.com/bot.html)"
52.167.144.187 - - [04/Dec/2024:20:06:57 +0200] "GET /56ktxiu15281.html HTTP/1.1" 200 326599 "-" "Mozilla/5.0 AppleWebKit/537.36 (KHTML, like Gecko; compatible; bingbot/2.0; +http://www.bing.com/bingbot.htm) Chrome/116.0.1938.76 Safari/537.36"
52.167.144.187 - - [04/Dec/2024:20:07:08 +0200] "GET /251crpia10434.html HTTP/1.1" 200 318459 "-" "Mozilla/5.0 AppleWebKit/537.36 (KHTML, like Gecko; compatible; bingbot/2.0; +http://www.bing.com/bingbot.htm) Chrome/116.0.1938.76 Safari/537.36"
52.167.144.235 - - [04/Dec/2024:20:07:22 +0200] "GET /92rswzo42527.html HTTP/1.1" 200 326760 "-" "Mozilla/5.0 AppleWebKit/537.36 (KHTML, like Gecko; compatible; bingbot/2.0; +http://www.bing.com/bingbot.htm) Chrome/116.0.1938.76 Safari/537.36"
52.167.144.235 - - [04/Dec/2024:20:07:41 +0200] "GET /202btjed40520.html HTTP/1.1" 200 330151 "-" "Mozilla/5.0 AppleWebKit/537.36 (KHTML, like Gecko; compatible; bingbot/2.0; +http://www.bing.com/bingbot.htm) Chrome/116.0.1938.76 Safari/537.36"
52.167.144.235 - - [04/Dec/2024:20:08:02 +0200] "GET /125tafiw17448.html HTTP/1.1" 200 325478 "-" "Mozilla/5.0 AppleWebKit/537.36 (KHTML, like Gecko; compatible; bingbot/2.0; +http://www.bing.com/bingbot.htm) Chrome/116.0.1938.76 Safari/537.36"
52.167.144.140 - - [04/Dec/2024:20:08:49 +0200] "GET /283dpreh22816.html HTTP/1.1" 200 330178 "-" "Mozilla/5.0 AppleWebKit/537.36 (KHTML, like Gecko; compatible; bingbot/2.0; +http://www.bing.com/bingbot.htm) Chrome/116.0.1938.76 Safari/537.36"
66.249.77.6 - - [04/Dec/2024:20:09:19 +0200] "GET /Japanese147/az8h9-48732/ HTTP/1.1" 200 322057 "-" "Mozilla/5.0 (Linux; Android 6.0.1; Nexus 5X Build/MMB29P) AppleWebKit/537.36 (KHTML, like Gecko) Chrome/131.0.6778.85 Mobile Safari/537.36 (compatible; Googlebot/2.1; +http://www.google.com/bot.html)"
52.167.144.187 - - [04/Dec/2024:20:10:18 +0200] "GET /rural202/ntagp-21001/ HTTP/1.1" 200 327924 "-" "Mozilla/5.0 AppleWebKit/537.36 (KHTML, like Gecko; compatible; bingbot/2.0; +http://www.bing.com/bingbot.htm) Chrome/116.0.1938.76 Safari/537.36"
66.249.77.7 - - [04/Dec/2024:20:13:02 +0200] "GET /gathering100/2z7hs-16667/ HTTP/1.1" 200 325454 "-" "Mozilla/5.0 (compatible; Googlebot/2.1; +http://www.google.com/bot.html)"
52.167.144.187 - - [04/Dec/2024:20:13:57 +0200] "GET /16kvjgl12192.html HTTP/1.1" 200 324958 "-" "Mozilla/5.0 AppleWebKit/537.36 (KHTML, like Gecko; compatible; bingbot/2.0; +http://www.bing.com/bingbot.htm) Chrome/116.0.1938.76 Safari/537.36"
40.77.167.74 - - [04/Dec/2024:20:16:21 +0200] "GET /145tefnc13634.html HTTP/1.1" 200 323485 "-" "Mozilla/5.0 AppleWebKit/537.36 (KHTML, like Gecko; compatible; bingbot/2.0; +http://www.bing.com/bingbot.htm) Chrome/116.0.1938.76 Safari/537.36"
66.249.77.5 - - [04/Dec/2024:20:19:18 +0200] "GET /request51/ewq3i-27996/ HTTP/1.1" 200 315907 "-" "Mozilla/5.0 (Linux; Android 6.0.1; Nexus 5X Build/MMB29P) AppleWebKit/537.36 (KHTML, like Gecko) Chrome/131.0.6778.85 Mobile Safari/537.36 (compatible; Googlebot/2.1; +http://www.google.com/bot.html)"
66.249.77.5 - - [04/Dec/2024:20:19:54 +0200] "GET /her190/bjiju-20070/ HTTP/1.1" 200 307201 "-" "Mozilla/5.0 (Linux; Android 6.0.1; Nexus 5X Build/MMB29P) AppleWebKit/537.36 (KHTML, like Gecko) Chrome/131.0.6778.85 Mobile Safari/537.36 (compatible; Googlebot/2.1; +http://www.google.com/bot.html)"
66.249.77.7 - - [04/Dec/2024:20:20:48 +0200] "GET /eye4/fyzos-3154/ HTTP/1.1" 200 301969 "-" "Mozilla/5.0 (Linux; Android 6.0.1; Nexus 5X Build/MMB29P) AppleWebKit/537.36 (KHTML, like Gecko) Chrome/131.0.6778.85 Mobile Safari/537.36 (compatible; Googlebot/2.1; +http://www.google.com/bot.html)"
66.249.77.6 - - [04/Dec/2024:20:21:04 +0200] "GET /coast4/t7bbf-23083/ HTTP/1.1" 200 305132 "-" "Mozilla/5.0 (compatible; Googlebot/2.1; +http://www.google.com/bot.html)"
66.249.77.6 - - [04/Dec/2024:20:21:12 +0200] "GET /selected74/44ppl-29139/ HTTP/1.1" 200 303787 "-" "Mozilla/5.0 (Linux; Android 6.0.1; Nexus 5X Build/MMB29P) AppleWebKit/537.36 (KHTML, like Gecko) Chrome/131.0.6778.85 Mobile Safari/537.36 (compatible; Googlebot/2.1; +http://www.google.com/bot.html)"
66.249.77.5 - - [04/Dec/2024:20:21:20 +0200] "GET /golden78/1q5qe-7370/ HTTP/1.1" 200 310791 "-" "Mozilla/5.0 (compatible; Googlebot/2.1; +http://www.google.com/bot.html)"
40.77.167.154 - - [04/Dec/2024:20:22:26 +0200] "GET /81qhswh41167.html HTTP/1.1" 200 321752 "-" "Mozilla/5.0 AppleWebKit/537.36 (KHTML, like Gecko; compatible; bingbot/2.0; +http://www.bing.com/bingbot.htm) Chrome/116.0.1938.76 Safari/537.36"
52.167.144.198 - - [04/Dec/2024:20:23:48 +0200] "GET /replacement22/9tc7q-1945/ HTTP/1.1" 200 322350 "-" "Mozilla/5.0 AppleWebKit/537.36 (KHTML, like Gecko; compatible; bingbot/2.0; +http://www.bing.com/bingbot.htm) Chrome/116.0.1938.76 Safari/537.36"
66.249.77.5 - - [04/Dec/2024:20:24:09 +0200] "GET /business150/dkrr4-39061/ HTTP/1.1" 200 302641 "-" "Mozilla/5.0 (Linux; Android 6.0.1; Nexus 5X Build/MMB29P) AppleWebKit/537.36 (KHTML, like Gecko) Chrome/131.0.6778.85 Mobile Safari/537.36 (compatible; Googlebot/2.1; +http://www.google.com/bot.html)"
66.249.77.5 - - [04/Dec/2024:20:25:01 +0200] "GET /creature138/sx6r7-15915/ HTTP/1.1" 200 325326 "-" "Mozilla/5.0 (compatible; Googlebot/2.1; +http://www.google.com/bot.html)"
40.77.167.47 - - [04/Dec/2024:20:27:58 +0200] "GET /tide217/3awfx-32020/ HTTP/1.1" 200 302929 "-" "Mozilla/5.0 AppleWebKit/537.36 (KHTML, like Gecko; compatible; bingbot/2.0; +http://www.bing.com/bingbot.htm) Chrome/116.0.1938.76 Safari/537.36"
52.167.144.215 - - [04/Dec/2024:20:28:54 +0200] "GET /83eamhk35981.html HTTP/1.1" 200 322555 "-" "Mozilla/5.0 AppleWebKit/537.36 (KHTML, like Gecko; compatible; bingbot/2.0; +http://www.bing.com/bingbot.htm) Chrome/116.0.1938.76 Safari/537.36"
52.167.144.215 - - [04/Dec/2024:20:29:44 +0200] "GET /category/270/1 HTTP/1.1" 200 418569 "-" "Mozilla/5.0 AppleWebKit/537.36 (KHTML, like Gecko; compatible; bingbot/2.0; +http://www.bing.com/bingbot.htm) Chrome/116.0.1938.76 Safari/537.36"
40.77.167.47 - - [04/Dec/2024:20:29:49 +0200] "GET /172zhkme8878.html HTTP/1.1" 200 320018 "-" "Mozilla/5.0 AppleWebKit/537.36 (KHTML, like Gecko; compatible; bingbot/2.0; +http://www.bing.com/bingbot.htm) Chrome/116.0.1938.76 Safari/537.36"
40.77.167.4 - - [04/Dec/2024:20:30:10 +0200] "GET /288dcnne18105.html HTTP/1.1" 200 326592 "-" "Mozilla/5.0 AppleWebKit/537.36 (KHTML, like Gecko; compatible; bingbot/2.0; +http://www.bing.com/bingbot.htm) Chrome/116.0.1938.76 Safari/537.36"
40.77.167.150 - - [04/Dec/2024:20:30:31 +0200] "GET /77wighy35575.html HTTP/1.1" 200 324726 "-" "Mozilla/5.0 AppleWebKit/537.36 (KHTML, like Gecko; compatible; bingbot/2.0; +http://www.bing.com/bingbot.htm) Chrome/116.0.1938.76 Safari/537.36"
66.249.77.6 - - [04/Dec/2024:20:30:42 +0200] "GET /title25/h41rw-34996/ HTTP/1.1" 200 323039 "-" "Mozilla/5.0 (Linux; Android 6.0.1; Nexus 5X Build/MMB29P) AppleWebKit/537.36 (KHTML, like Gecko) Chrome/131.0.6778.85 Mobile Safari/537.36 (compatible; Googlebot/2.1; +http://www.google.com/bot.html)"
52.167.144.215 - - [04/Dec/2024:20:30:53 +0200] "GET /202uysfv7546.html HTTP/1.1" 200 326608 "-" "Mozilla/5.0 AppleWebKit/537.36 (KHTML, like Gecko; compatible; bingbot/2.0; +http://www.bing.com/bingbot.htm) Chrome/116.0.1938.76 Safari/537.36"
40.77.167.47 - - [04/Dec/2024:20:31:20 +0200] "GET /215yorme5199.html HTTP/1.1" 200 323060 "-" "Mozilla/5.0 AppleWebKit/537.36 (KHTML, like Gecko; compatible; bingbot/2.0; +http://www.bing.com/bingbot.htm) Chrome/116.0.1938.76 Safari/537.36"
40.77.167.150 - - [04/Dec/2024:20:31:31 +0200] "GET /288rrdtc43716.html HTTP/1.1" 200 323542 "-" "Mozilla/5.0 AppleWebKit/537.36 (KHTML, like Gecko; compatible; bingbot/2.0; +http://www.bing.com/bingbot.htm) Chrome/116.0.1938.76 Safari/537.36"
40.77.167.47 - - [04/Dec/2024:20:31:38 +0200] "GET /278itgko41567.html HTTP/1.1" 200 326260 "-" "Mozilla/5.0 AppleWebKit/537.36 (KHTML, like Gecko; compatible; bingbot/2.0; +http://www.bing.com/bingbot.htm) Chrome/116.0.1938.76 Safari/537.36"
40.77.167.150 - - [04/Dec/2024:20:31:50 +0200] "GET /18ngwln6290.html HTTP/1.1" 200 330405 "-" "Mozilla/5.0 AppleWebKit/537.36 (KHTML, like Gecko; compatible; bingbot/2.0; +http://www.bing.com/bingbot.htm) Chrome/116.0.1938.76 Safari/537.36"
40.77.167.150 - - [04/Dec/2024:20:31:52 +0200] "GET /category/5590_5591/1 HTTP/1.1" 200 412759 "-" "Mozilla/5.0 AppleWebKit/537.36 (KHTML, like Gecko; compatible; bingbot/2.0; +http://www.bing.com/bingbot.htm) Chrome/116.0.1938.76 Safari/537.36"
40.77.167.47 - - [04/Dec/2024:20:33:09 +0200] "GET /169szrdb33414.html HTTP/1.1" 200 324237 "-" "Mozilla/5.0 AppleWebKit/537.36 (KHTML, like Gecko; compatible; bingbot/2.0; +http://www.bing.com/bingbot.htm) Chrome/116.0.1938.76 Safari/537.36"
40.77.167.150 - - [04/Dec/2024:20:33:13 +0200] "GET /105cjjtc10529.html HTTP/1.1" 200 323244 "-" "Mozilla/5.0 AppleWebKit/537.36 (KHTML, like Gecko; compatible; bingbot/2.0; +http://www.bing.com/bingbot.htm) Chrome/116.0.1938.76 Safari/537.36"
40.77.167.150 - - [04/Dec/2024:20:33:15 +0200] "GET /284ekmxm47804.html HTTP/1.1" 200 329730 "-" "Mozilla/5.0 AppleWebKit/537.36 (KHTML, like Gecko; compatible; bingbot/2.0; +http://www.bing.com/bingbot.htm) Chrome/116.0.1938.76 Safari/537.36"
52.167.144.215 - - [04/Dec/2024:20:33:18 +0200] "GET /107lhvit32553.html HTTP/1.1" 200 322330 "-" "Mozilla/5.0 AppleWebKit/537.36 (KHTML, like Gecko; compatible; bingbot/2.0; +http://www.bing.com/bingbot.htm) Chrome/116.0.1938.76 Safari/537.36"
52.167.144.215 - - [04/Dec/2024:20:33:21 +0200] "GET /156ohehb41192.html HTTP/1.1" 200 305881 "-" "Mozilla/5.0 AppleWebKit/537.36 (KHTML, like Gecko; compatible; bingbot/2.0; +http://www.bing.com/bingbot.htm) Chrome/116.0.1938.76 Safari/537.36"
40.77.167.47 - - [04/Dec/2024:20:33:40 +0200] "GET /140tlmsf24385.html HTTP/1.1" 200 337993 "-" "Mozilla/5.0 AppleWebKit/537.36 (KHTML, like Gecko; compatible; bingbot/2.0; +http://www.bing.com/bingbot.htm) Chrome/116.0.1938.76 Safari/537.36"
40.77.167.150 - - [04/Dec/2024:20:33:50 +0200] "GET /metal26/gbqze-24022/ HTTP/1.1" 200 306409 "-" "Mozilla/5.0 AppleWebKit/537.36 (KHTML, like Gecko; compatible; bingbot/2.0; +http://www.bing.com/bingbot.htm) Chrome/116.0.1938.76 Safari/537.36"
40.77.167.241 - - [04/Dec/2024:20:33:55 +0200] "GET /291ppzxr11705.html HTTP/1.1" 200 324143 "-" "Mozilla/5.0 AppleWebKit/537.36 (KHTML, like Gecko; compatible; bingbot/2.0; +http://www.bing.com/bingbot.htm) Chrome/116.0.1938.76 Safari/537.36"
40.77.167.150 - - [04/Dec/2024:20:34:10 +0200] "GET /category/230_1109_2598_2599/1 HTTP/1.1" 200 419802 "-" "Mozilla/5.0 AppleWebKit/537.36 (KHTML, like Gecko; compatible; bingbot/2.0; +http://www.bing.com/bingbot.htm) Chrome/116.0.1938.76 Safari/537.36"
40.77.167.55 - - [04/Dec/2024:20:34:29 +0200] "GET /17sajql18491.html HTTP/1.1" 200 334328 "-" "Mozilla/5.0 AppleWebKit/537.36 (KHTML, like Gecko; compatible; bingbot/2.0; +http://www.bing.com/bingbot.htm) Chrome/116.0.1938.76 Safari/537.36"
40.77.167.150 - - [04/Dec/2024:20:34:32 +0200] "GET /110jpwzu48440.html HTTP/1.1" 200 302350 "-" "Mozilla/5.0 AppleWebKit/537.36 (KHTML, like Gecko; compatible; bingbot/2.0; +http://www.bing.com/bingbot.htm) Chrome/116.0.1938.76 Safari/537.36"
52.167.144.184 - - [04/Dec/2024:20:34:55 +0200] "GET /167vxnnw35735.html HTTP/1.1" 200 326121 "-" "Mozilla/5.0 AppleWebKit/537.36 (KHTML, like Gecko; compatible; bingbot/2.0; +http://www.bing.com/bingbot.htm) Chrome/116.0.1938.76 Safari/537.36"
40.77.167.150 - - [04/Dec/2024:20:35:10 +0200] "GET /267hacvp23647.html HTTP/1.1" 200 328528 "-" "Mozilla/5.0 AppleWebKit/537.36 (KHTML, like Gecko; compatible; bingbot/2.0; +http://www.bing.com/bingbot.htm) Chrome/116.0.1938.76 Safari/537.36"
52.167.144.184 - - [04/Dec/2024:20:35:34 +0200] "GET /163qusrs24244.html HTTP/1.1" 200 325237 "-" "Mozilla/5.0 AppleWebKit/537.36 (KHTML, like Gecko; compatible; bingbot/2.0; +http://www.bing.com/bingbot.htm) Chrome/116.0.1938.76 Safari/537.36"
40.77.167.47 - - [04/Dec/2024:20:36:20 +0200] "GET /21hzsip14742.html HTTP/1.1" 200 323779 "-" "Mozilla/5.0 AppleWebKit/537.36 (KHTML, like Gecko; compatible; bingbot/2.0; +http://www.bing.com/bingbot.htm) Chrome/116.0.1938.76 Safari/537.36"
40.77.167.47 - - [04/Dec/2024:20:36:30 +0200] "GET /music51/5z3y6-23961/ HTTP/1.1" 200 323075 "-" "Mozilla/5.0 AppleWebKit/537.36 (KHTML, like Gecko; compatible; bingbot/2.0; +http://www.bing.com/bingbot.htm) Chrome/116.0.1938.76 Safari/537.36"
40.77.167.47 - - [04/Dec/2024:20:36:31 +0200] "GET /174lptds21571.html HTTP/1.1" 200 325867 "-" "Mozilla/5.0 AppleWebKit/537.36 (KHTML, like Gecko; compatible; bingbot/2.0; +http://www.bing.com/bingbot.htm) Chrome/116.0.1938.76 Safari/537.36"
40.77.167.150 - - [04/Dec/2024:20:36:35 +0200] "GET /174uiilt18512.html HTTP/1.1" 200 324265 "-" "Mozilla/5.0 AppleWebKit/537.36 (KHTML, like Gecko; compatible; bingbot/2.0; +http://www.bing.com/bingbot.htm) Chrome/116.0.1938.76 Safari/537.36"
66.249.77.7 - - [04/Dec/2024:20:36:40 +0200] "GET /traveler256/7n2gh-17784/ HTTP/1.1" 200 321432 "-" "Mozilla/5.0 (compatible; Googlebot/2.1; +http://www.google.com/bot.html)"
52.167.144.184 - - [04/Dec/2024:20:36:44 +0200] "GET /47dpjmt26557.html HTTP/1.1" 200 326999 "-" "Mozilla/5.0 AppleWebKit/537.36 (KHTML, like Gecko; compatible; bingbot/2.0; +http://www.bing.com/bingbot.htm) Chrome/116.0.1938.76 Safari/537.36"
52.167.144.184 - - [04/Dec/2024:20:36:46 +0200] "GET /179axmms28803.html HTTP/1.1" 200 324794 "-" "Mozilla/5.0 AppleWebKit/537.36 (KHTML, like Gecko; compatible; bingbot/2.0; +http://www.bing.com/bingbot.htm) Chrome/116.0.1938.76 Safari/537.36"
40.77.167.55 - - [04/Dec/2024:20:37:11 +0200] "GET /247oggpb38640.html HTTP/1.1" 200 329444 "-" "Mozilla/5.0 AppleWebKit/537.36 (KHTML, like Gecko; compatible; bingbot/2.0; +http://www.bing.com/bingbot.htm) Chrome/116.0.1938.76 Safari/537.36"
66.249.77.6 - - [04/Dec/2024:20:37:47 +0200] "GET /twice30/ig251-7063/ HTTP/1.1" 200 324643 "-" "Mozilla/5.0 (Linux; Android 6.0.1; Nexus 5X Build/MMB29P) AppleWebKit/537.36 (KHTML, like Gecko) Chrome/131.0.6778.85 Mobile Safari/537.36 (compatible; Googlebot/2.1; +http://www.google.com/bot.html)"
52.167.144.230 - - [04/Dec/2024:20:37:50 +0200] "GET /167rfofz22967.html HTTP/1.1" 200 324633 "-" "Mozilla/5.0 AppleWebKit/537.36 (KHTML, like Gecko; compatible; bingbot/2.0; +http://www.bing.com/bingbot.htm) Chrome/116.0.1938.76 Safari/537.36"
52.167.144.230 - - [04/Dec/2024:20:37:52 +0200] "GET /167augcl40942.html HTTP/1.1" 200 328858 "-" "Mozilla/5.0 AppleWebKit/537.36 (KHTML, like Gecko; compatible; bingbot/2.0; +http://www.bing.com/bingbot.htm) Chrome/116.0.1938.76 Safari/537.36"
52.167.144.184 - - [04/Dec/2024:20:37:53 +0200] "GET /57xjrny7109.html HTTP/1.1" 200 326627 "-" "Mozilla/5.0 AppleWebKit/537.36 (KHTML, like Gecko; compatible; bingbot/2.0; +http://www.bing.com/bingbot.htm) Chrome/116.0.1938.76 Safari/537.36"
52.167.144.184 - - [04/Dec/2024:20:38:15 +0200] "GET /134edppt38583.html HTTP/1.1" 200 329352 "-" "Mozilla/5.0 AppleWebKit/537.36 (KHTML, like Gecko; compatible; bingbot/2.0; +http://www.bing.com/bingbot.htm) Chrome/116.0.1938.76 Safari/537.36"
40.77.167.78 - - [04/Dec/2024:20:38:20 +0200] "GET /195rdttf49873.html HTTP/1.1" 200 327366 "-" "Mozilla/5.0 AppleWebKit/537.36 (KHTML, like Gecko; compatible; bingbot/2.0; +http://www.bing.com/bingbot.htm) Chrome/116.0.1938.76 Safari/537.36"
40.77.167.247 - - [04/Dec/2024:20:38:20 +0200] "GET /124spjwz29011.html HTTP/1.1" 200 326539 "-" "Mozilla/5.0 AppleWebKit/537.36 (KHTML, like Gecko; compatible; bingbot/2.0; +http://www.bing.com/bingbot.htm) Chrome/116.0.1938.76 Safari/537.36"
52.167.144.230 - - [04/Dec/2024:20:38:30 +0200] "GET /174nkdlo27361.html HTTP/1.1" 200 326273 "-" "Mozilla/5.0 AppleWebKit/537.36 (KHTML, like Gecko; compatible; bingbot/2.0; +http://www.bing.com/bingbot.htm) Chrome/116.0.1938.76 Safari/537.36"
52.167.144.230 - - [04/Dec/2024:20:38:32 +0200] "GET /47nfoyo38909.html HTTP/1.1" 200 321338 "-" "Mozilla/5.0 AppleWebKit/537.36 (KHTML, like Gecko; compatible; bingbot/2.0; +http://www.bing.com/bingbot.htm) Chrome/116.0.1938.76 Safari/537.36"
52.167.144.230 - - [04/Dec/2024:20:38:50 +0200] "GET /126perkd23003.html HTTP/1.1" 200 324056 "-" "Mozilla/5.0 AppleWebKit/537.36 (KHTML, like Gecko; compatible; bingbot/2.0; +http://www.bing.com/bingbot.htm) Chrome/116.0.1938.76 Safari/537.36"
40.77.167.78 - - [04/Dec/2024:20:39:41 +0200] "GET /158svkex43226.html HTTP/1.1" 200 328691 "-" "Mozilla/5.0 AppleWebKit/537.36 (KHTML, like Gecko; compatible; bingbot/2.0; +http://www.bing.com/bingbot.htm) Chrome/116.0.1938.76 Safari/537.36"
