52.167.144.162 - - [04/Dec/2024:15:39:30 +0200] "GET /296urvmk33783.html HTTP/1.1" 200 303278 "-" "Mozilla/5.0 AppleWebKit/537.36 (KHTML, like Gecko; compatible; bingbot/2.0; +http://www.bing.com/bingbot.htm) Chrome/116.0.1938.76 Safari/537.36"
52.167.144.175 - - [04/Dec/2024:15:39:34 +0200] "GET /179ufmdn23613.html HTTP/1.1" 200 321916 "-" "Mozilla/5.0 AppleWebKit/537.36 (KHTML, like Gecko; compatible; bingbot/2.0; +http://www.bing.com/bingbot.htm) Chrome/116.0.1938.76 Safari/537.36"
52.167.144.175 - - [04/Dec/2024:15:39:36 +0200] "GET /208xcazr49335.html HTTP/1.1" 200 324479 "-" "Mozilla/5.0 AppleWebKit/537.36 (KHTML, like Gecko; compatible; bingbot/2.0; +http://www.bing.com/bingbot.htm) Chrome/116.0.1938.76 Safari/537.36"
52.167.144.162 - - [04/Dec/2024:15:39:47 +0200] "GET /266gpeyw48474.html HTTP/1.1" 200 326874 "-" "Mozilla/5.0 AppleWebKit/537.36 (KHTML, like Gecko; compatible; bingbot/2.0; +http://www.bing.com/bingbot.htm) Chrome/116.0.1938.76 Safari/537.36"
52.167.144.162 - - [04/Dec/2024:15:40:06 +0200] "GET /291uvmlm36023.html HTTP/1.1" 200 312715 "-" "Mozilla/5.0 AppleWebKit/537.36 (KHTML, like Gecko; compatible; bingbot/2.0; +http://www.bing.com/bingbot.htm) Chrome/116.0.1938.76 Safari/537.36"
52.167.144.162 - - [04/Dec/2024:15:40:09 +0200] "GET /155sskgs41461.html HTTP/1.1" 200 327837 "-" "Mozilla/5.0 AppleWebKit/537.36 (KHTML, like Gecko; compatible; bingbot/2.0; +http://www.bing.com/bingbot.htm) Chrome/116.0.1938.76 Safari/537.36"
143.244.181.201 - - [04/Dec/2024:15:40:28 +0200] "GET / HTTP/1.1" 200 146 "-" "Mozilla/5.0 (Macintosh; Intel Mac OS X 10_15_7) AppleWebKit/605.1.15 (KHTML, like Gecko) Version/17.2 Safari/605.1.15"
157.55.39.7 - - [04/Dec/2024:15:40:34 +0200] "GET /240ruyvu39312.html HTTP/1.1" 200 324999 "-" "Mozilla/5.0 AppleWebKit/537.36 (KHTML, like Gecko; compatible; bingbot/2.0; +http://www.bing.com/bingbot.htm) Chrome/116.0.1938.76 Safari/537.36"
157.55.39.7 - - [04/Dec/2024:15:40:44 +0200] "GET /141gsopw41436.html HTTP/1.1" 200 323128 "-" "Mozilla/5.0 AppleWebKit/537.36 (KHTML, like Gecko; compatible; bingbot/2.0; +http://www.bing.com/bingbot.htm) Chrome/116.0.1938.76 Safari/537.36"
157.55.39.7 - - [04/Dec/2024:15:40:46 +0200] "GET /287rcchg16969.html HTTP/1.1" 200 312913 "-" "Mozilla/5.0 AppleWebKit/537.36 (KHTML, like Gecko; compatible; bingbot/2.0; +http://www.bing.com/bingbot.htm) Chrome/116.0.1938.76 Safari/537.36"
157.55.39.7 - - [04/Dec/2024:15:40:48 +0200] "GET /180siybd4395.html HTTP/1.1" 200 302280 "-" "Mozilla/5.0 AppleWebKit/537.36 (KHTML, like Gecko; compatible; bingbot/2.0; +http://www.bing.com/bingbot.htm) Chrome/116.0.1938.76 Safari/537.36"
157.55.39.7 - - [04/Dec/2024:15:41:05 +0200] "GET /293owzmh37889.html HTTP/1.1" 200 328877 "-" "Mozilla/5.0 AppleWebKit/537.36 (KHTML, like Gecko; compatible; bingbot/2.0; +http://www.bing.com/bingbot.htm) Chrome/116.0.1938.76 Safari/537.36"
157.55.39.7 - - [04/Dec/2024:15:41:25 +0200] "GET /282bhels334.html HTTP/1.1" 200 323854 "-" "Mozilla/5.0 AppleWebKit/537.36 (KHTML, like Gecko; compatible; bingbot/2.0; +http://www.bing.com/bingbot.htm) Chrome/116.0.1938.76 Safari/537.36"
52.167.144.222 - - [04/Dec/2024:15:41:32 +0200] "GET /166rvccx26625.html HTTP/1.1" 200 328280 "-" "Mozilla/5.0 AppleWebKit/537.36 (KHTML, like Gecko; compatible; bingbot/2.0; +http://www.bing.com/bingbot.htm) Chrome/116.0.1938.76 Safari/537.36"
52.167.144.222 - - [04/Dec/2024:15:42:02 +0200] "GET /category/1454/1 HTTP/1.1" 200 416990 "-" "Mozilla/5.0 AppleWebKit/537.36 (KHTML, like Gecko; compatible; bingbot/2.0; +http://www.bing.com/bingbot.htm) Chrome/116.0.1938.76 Safari/537.36"
52.167.144.222 - - [04/Dec/2024:15:42:05 +0200] "GET /138ahkfh46714.html HTTP/1.1" 200 302721 "-" "Mozilla/5.0 AppleWebKit/537.36 (KHTML, like Gecko; compatible; bingbot/2.0; +http://www.bing.com/bingbot.htm) Chrome/116.0.1938.76 Safari/537.36"
52.167.144.162 - - [04/Dec/2024:15:42:07 +0200] "GET /248danwa10938.html HTTP/1.1" 200 325840 "-" "Mozilla/5.0 AppleWebKit/537.36 (KHTML, like Gecko; compatible; bingbot/2.0; +http://www.bing.com/bingbot.htm) Chrome/116.0.1938.76 Safari/537.36"
157.55.39.7 - - [04/Dec/2024:15:42:13 +0200] "GET /ego125/h17i0-26374/ HTTP/1.1" 200 327935 "-" "Mozilla/5.0 AppleWebKit/537.36 (KHTML, like Gecko; compatible; bingbot/2.0; +http://www.bing.com/bingbot.htm) Chrome/116.0.1938.76 Safari/537.36"
52.167.144.173 - - [04/Dec/2024:15:42:57 +0200] "GET /9ipscs3638.html HTTP/1.1" 200 322938 "-" "Mozilla/5.0 AppleWebKit/537.36 (KHTML, like Gecko; compatible; bingbot/2.0; +http://www.bing.com/bingbot.htm) Chrome/116.0.1938.76 Safari/537.36"
66.249.77.5 - - [04/Dec/2024:15:43:21 +0200] "GET /specialty132/1lqa7-26647/ HTTP/1.1" 200 303884 "-" "Mozilla/5.0 (compatible; Googlebot/2.1; +http://www.google.com/bot.html)"
52.167.144.162 - - [04/Dec/2024:15:43:46 +0200] "GET /40knwdr189.html HTTP/1.1" 200 324437 "-" "Mozilla/5.0 AppleWebKit/537.36 (KHTML, like Gecko; compatible; bingbot/2.0; +http://www.bing.com/bingbot.htm) Chrome/116.0.1938.76 Safari/537.36"
157.55.39.7 - - [04/Dec/2024:15:43:54 +0200] "GET /17efgdk23298.html HTTP/1.1" 200 302769 "-" "Mozilla/5.0 AppleWebKit/537.36 (KHTML, like Gecko; compatible; bingbot/2.0; +http://www.bing.com/bingbot.htm) Chrome/116.0.1938.76 Safari/537.36"
157.55.39.7 - - [04/Dec/2024:15:44:05 +0200] "GET /35shnsl429.html HTTP/1.1" 200 323759 "-" "Mozilla/5.0 AppleWebKit/537.36 (KHTML, like Gecko; compatible; bingbot/2.0; +http://www.bing.com/bingbot.htm) Chrome/116.0.1938.76 Safari/537.36"
66.249.77.6 - - [04/Dec/2024:15:44:32 +0200] "GET /18vvhlf155.html HTTP/1.1" 200 302513 "-" "Mozilla/5.0 (Linux; Android 6.0.1; Nexus 5X Build/MMB29P) AppleWebKit/537.36 (KHTML, like Gecko) Chrome/131.0.6778.69 Mobile Safari/537.36 (compatible; Googlebot/2.1; +http://www.google.com/bot.html)"
52.167.144.222 - - [04/Dec/2024:15:44:34 +0200] "GET /10ubyli23896.html HTTP/1.1" 200 325252 "-" "Mozilla/5.0 AppleWebKit/537.36 (KHTML, like Gecko; compatible; bingbot/2.0; +http://www.bing.com/bingbot.htm) Chrome/116.0.1938.76 Safari/537.36"
52.167.144.162 - - [04/Dec/2024:15:44:38 +0200] "GET /143xvide15000.html HTTP/1.1" 200 323310 "-" "Mozilla/5.0 AppleWebKit/537.36 (KHTML, like Gecko; compatible; bingbot/2.0; +http://www.bing.com/bingbot.htm) Chrome/116.0.1938.76 Safari/537.36"
52.167.144.162 - - [04/Dec/2024:15:44:41 +0200] "GET /cash250/2zvoo-35593/ HTTP/1.1" 200 322438 "-" "Mozilla/5.0 AppleWebKit/537.36 (KHTML, like Gecko; compatible; bingbot/2.0; +http://www.bing.com/bingbot.htm) Chrome/116.0.1938.76 Safari/537.36"
157.55.39.7 - - [04/Dec/2024:15:44:55 +0200] "GET /blank52/grtiq-29027/ HTTP/1.1" 200 321840 "-" "Mozilla/5.0 AppleWebKit/537.36 (KHTML, like Gecko; compatible; bingbot/2.0; +http://www.bing.com/bingbot.htm) Chrome/116.0.1938.76 Safari/537.36"
157.55.39.7 - - [04/Dec/2024:15:45:26 +0200] "GET /23uerlp45674.html HTTP/1.1" 200 325784 "-" "Mozilla/5.0 AppleWebKit/537.36 (KHTML, like Gecko; compatible; bingbot/2.0; +http://www.bing.com/bingbot.htm) Chrome/116.0.1938.76 Safari/537.36"
157.55.39.7 - - [04/Dec/2024:15:45:29 +0200] "GET /58wjuxm44149.html HTTP/1.1" 200 327402 "-" "Mozilla/5.0 AppleWebKit/537.36 (KHTML, like Gecko; compatible; bingbot/2.0; +http://www.bing.com/bingbot.htm) Chrome/116.0.1938.76 Safari/537.36"
52.167.144.162 - - [04/Dec/2024:15:45:29 +0200] "GET /41euidx1104.html HTTP/1.1" 200 332992 "-" "Mozilla/5.0 AppleWebKit/537.36 (KHTML, like Gecko; compatible; bingbot/2.0; +http://www.bing.com/bingbot.htm) Chrome/116.0.1938.76 Safari/537.36"
157.55.39.7 - - [04/Dec/2024:15:45:46 +0200] "GET /290fdofe22479.html HTTP/1.1" 200 327828 "-" "Mozilla/5.0 AppleWebKit/537.36 (KHTML, like Gecko; compatible; bingbot/2.0; +http://www.bing.com/bingbot.htm) Chrome/116.0.1938.76 Safari/537.36"
52.167.144.162 - - [04/Dec/2024:15:45:50 +0200] "GET /253xjluy17118.html HTTP/1.1" 200 309329 "-" "Mozilla/5.0 AppleWebKit/537.36 (KHTML, like Gecko; compatible; bingbot/2.0; +http://www.bing.com/bingbot.htm) Chrome/116.0.1938.76 Safari/537.36"
157.55.39.7 - - [04/Dec/2024:15:46:06 +0200] "GET /16rbxxu30755.html HTTP/1.1" 200 327663 "-" "Mozilla/5.0 AppleWebKit/537.36 (KHTML, like Gecko; compatible; bingbot/2.0; +http://www.bing.com/bingbot.htm) Chrome/116.0.1938.76 Safari/537.36"
52.167.144.222 - - [04/Dec/2024:15:46:12 +0200] "GET /291ujefa48659.html HTTP/1.1" 200 303051 "-" "Mozilla/5.0 AppleWebKit/537.36 (KHTML, like Gecko; compatible; bingbot/2.0; +http://www.bing.com/bingbot.htm) Chrome/116.0.1938.76 Safari/537.36"
52.167.144.222 - - [04/Dec/2024:15:46:14 +0200] "GET /103fimkl3234.html HTTP/1.1" 200 303980 "-" "Mozilla/5.0 AppleWebKit/537.36 (KHTML, like Gecko; compatible; bingbot/2.0; +http://www.bing.com/bingbot.htm) Chrome/116.0.1938.76 Safari/537.36"
52.167.144.222 - - [04/Dec/2024:15:46:15 +0200] "GET /105wjgsw4815.html HTTP/1.1" 200 324890 "-" "Mozilla/5.0 AppleWebKit/537.36 (KHTML, like Gecko; compatible; bingbot/2.0; +http://www.bing.com/bingbot.htm) Chrome/116.0.1938.76 Safari/537.36"
52.167.144.222 - - [04/Dec/2024:15:46:20 +0200] "GET /127ftjxj45390.html HTTP/1.1" 200 329001 "-" "Mozilla/5.0 AppleWebKit/537.36 (KHTML, like Gecko; compatible; bingbot/2.0; +http://www.bing.com/bingbot.htm) Chrome/116.0.1938.76 Safari/537.36"
52.167.144.162 - - [04/Dec/2024:15:46:26 +0200] "GET /162lnkks4117.html HTTP/1.1" 200 324072 "-" "Mozilla/5.0 AppleWebKit/537.36 (KHTML, like Gecko; compatible; bingbot/2.0; +http://www.bing.com/bingbot.htm) Chrome/116.0.1938.76 Safari/537.36"
52.167.144.222 - - [04/Dec/2024:15:46:32 +0200] "GET /present91/12f7c-25997/ HTTP/1.1" 200 308324 "-" "Mozilla/5.0 AppleWebKit/537.36 (KHTML, like Gecko; compatible; bingbot/2.0; +http://www.bing.com/bingbot.htm) Chrome/116.0.1938.76 Safari/537.36"
52.167.144.162 - - [04/Dec/2024:15:46:46 +0200] "GET /251hzcsp4592.html HTTP/1.1" 200 324191 "-" "Mozilla/5.0 AppleWebKit/537.36 (KHTML, like Gecko; compatible; bingbot/2.0; +http://www.bing.com/bingbot.htm) Chrome/116.0.1938.76 Safari/537.36"
157.55.39.7 - - [04/Dec/2024:15:46:55 +0200] "GET /25ibywa6902.html HTTP/1.1" 200 301768 "-" "Mozilla/5.0 AppleWebKit/537.36 (KHTML, like Gecko; compatible; bingbot/2.0; +http://www.bing.com/bingbot.htm) Chrome/116.0.1938.76 Safari/537.36"
66.249.77.6 - - [04/Dec/2024:15:47:02 +0200] "GET /3jiqht697.html HTTP/1.1" 200 322791 "-" "Mozilla/5.0 (Linux; Android 6.0.1; Nexus 5X Build/MMB29P) AppleWebKit/537.36 (KHTML, like Gecko) Chrome/131.0.6778.69 Mobile Safari/537.36 (compatible; Googlebot/2.1; +http://www.google.com/bot.html)"
157.55.39.7 - - [04/Dec/2024:15:47:05 +0200] "GET /272idvwn39911.html HTTP/1.1" 200 300434 "-" "Mozilla/5.0 AppleWebKit/537.36 (KHTML, like Gecko; compatible; bingbot/2.0; +http://www.bing.com/bingbot.htm) Chrome/116.0.1938.76 Safari/537.36"
52.167.144.162 - - [04/Dec/2024:15:47:09 +0200] "GET /300bbygc35794.html HTTP/1.1" 200 328917 "-" "Mozilla/5.0 AppleWebKit/537.36 (KHTML, like Gecko; compatible; bingbot/2.0; +http://www.bing.com/bingbot.htm) Chrome/116.0.1938.76 Safari/537.36"
52.167.144.222 - - [04/Dec/2024:15:47:33 +0200] "GET /79ycncc41596.html HTTP/1.1" 200 331850 "-" "Mozilla/5.0 AppleWebKit/537.36 (KHTML, like Gecko; compatible; bingbot/2.0; +http://www.bing.com/bingbot.htm) Chrome/116.0.1938.76 Safari/537.36"
40.77.167.74 - - [04/Dec/2024:15:47:34 +0200] "GET /61jrgzh34893.html HTTP/1.1" 200 311926 "-" "Mozilla/5.0 AppleWebKit/537.36 (KHTML, like Gecko; compatible; bingbot/2.0; +http://www.bing.com/bingbot.htm) Chrome/116.0.1938.76 Safari/537.36"
157.55.39.7 - - [04/Dec/2024:15:47:45 +0200] "GET /176tqkfr46159.html HTTP/1.1" 200 321944 "-" "Mozilla/5.0 AppleWebKit/537.36 (KHTML, like Gecko; compatible; bingbot/2.0; +http://www.bing.com/bingbot.htm) Chrome/116.0.1938.76 Safari/537.36"
157.55.39.7 - - [04/Dec/2024:15:47:47 +0200] "GET /209fxksw29994.html HTTP/1.1" 200 321039 "-" "Mozilla/5.0 AppleWebKit/537.36 (KHTML, like Gecko; compatible; bingbot/2.0; +http://www.bing.com/bingbot.htm) Chrome/116.0.1938.76 Safari/537.36"
52.167.144.162 - - [04/Dec/2024:15:47:56 +0200] "GET /233tlqwq27981.html HTTP/1.1" 200 326778 "-" "Mozilla/5.0 AppleWebKit/537.36 (KHTML, like Gecko; compatible; bingbot/2.0; +http://www.bing.com/bingbot.htm) Chrome/116.0.1938.76 Safari/537.36"
52.167.144.222 - - [04/Dec/2024:15:48:34 +0200] "GET /96uoerx21005.html HTTP/1.1" 200 322861 "-" "Mozilla/5.0 AppleWebKit/537.36 (KHTML, like Gecko; compatible; bingbot/2.0; +http://www.bing.com/bingbot.htm) Chrome/116.0.1938.76 Safari/537.36"
40.77.167.4 - - [04/Dec/2024:15:48:40 +0200] "GET /147famff22687.html HTTP/1.1" 200 322789 "-" "Mozilla/5.0 AppleWebKit/537.36 (KHTML, like Gecko; compatible; bingbot/2.0; +http://www.bing.com/bingbot.htm) Chrome/116.0.1938.76 Safari/537.36"
40.77.167.4 - - [04/Dec/2024:15:48:47 +0200] "GET /58edcxy33540.html HTTP/1.1" 200 327900 "-" "Mozilla/5.0 AppleWebKit/537.36 (KHTML, like Gecko; compatible; bingbot/2.0; +http://www.bing.com/bingbot.htm) Chrome/116.0.1938.76 Safari/537.36"
157.55.39.7 - - [04/Dec/2024:15:48:56 +0200] "GET /151evpuq9869.html HTTP/1.1" 200 325936 "-" "Mozilla/5.0 AppleWebKit/537.36 (KHTML, like Gecko; compatible; bingbot/2.0; +http://www.bing.com/bingbot.htm) Chrome/116.0.1938.76 Safari/537.36"
207.46.13.6 - - [04/Dec/2024:15:49:16 +0200] "GET /99aqasi2733.html HTTP/1.1" 200 325687 "-" "Mozilla/5.0 AppleWebKit/537.36 (KHTML, like Gecko; compatible; bingbot/2.0; +http://www.bing.com/bingbot.htm) Chrome/116.0.1938.76 Safari/537.36"
40.77.167.74 - - [04/Dec/2024:15:49:33 +0200] "GET /175qodsu5014.html HTTP/1.1" 200 327171 "-" "Mozilla/5.0 AppleWebKit/537.36 (KHTML, like Gecko; compatible; bingbot/2.0; +http://www.bing.com/bingbot.htm) Chrome/116.0.1938.76 Safari/537.36"
52.167.144.222 - - [04/Dec/2024:15:49:54 +0200] "GET /288weyim15565.html HTTP/1.1" 200 326381 "-" "Mozilla/5.0 AppleWebKit/537.36 (KHTML, like Gecko; compatible; bingbot/2.0; +http://www.bing.com/bingbot.htm) Chrome/116.0.1938.76 Safari/537.36"
52.167.144.222 - - [04/Dec/2024:15:49:55 +0200] "GET /289pbwsc5603.html HTTP/1.1" 200 330562 "-" "Mozilla/5.0 AppleWebKit/537.36 (KHTML, like Gecko; compatible; bingbot/2.0; +http://www.bing.com/bingbot.htm) Chrome/116.0.1938.76 Safari/537.36"
52.167.144.222 - - [04/Dec/2024:15:50:06 +0200] "GET /85jxewc27323.html HTTP/1.1" 200 318392 "-" "Mozilla/5.0 AppleWebKit/537.36 (KHTML, like Gecko; compatible; bingbot/2.0; +http://www.bing.com/bingbot.htm) Chrome/116.0.1938.76 Safari/537.36"
40.77.167.4 - - [04/Dec/2024:15:50:16 +0200] "GET /11qbvyp20584.html HTTP/1.1" 200 324050 "-" "Mozilla/5.0 AppleWebKit/537.36 (KHTML, like Gecko; compatible; bingbot/2.0; +http://www.bing.com/bingbot.htm) Chrome/116.0.1938.76 Safari/537.36"
40.77.167.4 - - [04/Dec/2024:15:50:18 +0200] "GET /84kliya27596.html HTTP/1.1" 200 322670 "-" "Mozilla/5.0 AppleWebKit/537.36 (KHTML, like Gecko; compatible; bingbot/2.0; +http://www.bing.com/bingbot.htm) Chrome/116.0.1938.76 Safari/537.36"
40.77.167.4 - - [04/Dec/2024:15:50:20 +0200] "GET /40tcjlw45037.html HTTP/1.1" 200 325517 "-" "Mozilla/5.0 AppleWebKit/537.36 (KHTML, like Gecko; compatible; bingbot/2.0; +http://www.bing.com/bingbot.htm) Chrome/116.0.1938.76 Safari/537.36"
40.77.167.4 - - [04/Dec/2024:15:50:24 +0200] "GET /23bpeyb30000.html HTTP/1.1" 200 301976 "-" "Mozilla/5.0 AppleWebKit/537.36 (KHTML, like Gecko; compatible; bingbot/2.0; +http://www.bing.com/bingbot.htm) Chrome/116.0.1938.76 Safari/537.36"
207.46.13.6 - - [04/Dec/2024:15:50:25 +0200] "GET /287zrzyr40834.html HTTP/1.1" 200 325105 "-" "Mozilla/5.0 AppleWebKit/537.36 (KHTML, like Gecko; compatible; bingbot/2.0; +http://www.bing.com/bingbot.htm) Chrome/116.0.1938.76 Safari/537.36"
207.46.13.6 - - [04/Dec/2024:15:50:27 +0200] "GET /268ahkwe38154.html HTTP/1.1" 200 322728 "-" "Mozilla/5.0 AppleWebKit/537.36 (KHTML, like Gecko; compatible; bingbot/2.0; +http://www.bing.com/bingbot.htm) Chrome/116.0.1938.76 Safari/537.36"
40.77.167.4 - - [04/Dec/2024:15:51:07 +0200] "GET /47raxuw197.html HTTP/1.1" 200 304124 "-" "Mozilla/5.0 AppleWebKit/537.36 (KHTML, like Gecko; compatible; bingbot/2.0; +http://www.bing.com/bingbot.htm) Chrome/116.0.1938.76 Safari/537.36"
40.77.167.4 - - [04/Dec/2024:15:51:10 +0200] "GET /174jabcd28459.html HTTP/1.1" 200 322535 "-" "Mozilla/5.0 AppleWebKit/537.36 (KHTML, like Gecko; compatible; bingbot/2.0; +http://www.bing.com/bingbot.htm) Chrome/116.0.1938.76 Safari/537.36"
40.77.167.74 - - [04/Dec/2024:15:51:13 +0200] "GET /41hfijd10803.html HTTP/1.1" 200 326822 "-" "Mozilla/5.0 AppleWebKit/537.36 (KHTML, like Gecko; compatible; bingbot/2.0; +http://www.bing.com/bingbot.htm) Chrome/116.0.1938.76 Safari/537.36"
52.167.144.203 - - [04/Dec/2024:15:51:14 +0200] "GET /225ibvdg15478.html HTTP/1.1" 200 330419 "-" "Mozilla/5.0 AppleWebKit/537.36 (KHTML, like Gecko; compatible; bingbot/2.0; +http://www.bing.com/bingbot.htm) Chrome/116.0.1938.76 Safari/537.36"
52.167.144.203 - - [04/Dec/2024:15:51:16 +0200] "GET /106thraa14187.html HTTP/1.1" 200 326371 "-" "Mozilla/5.0 AppleWebKit/537.36 (KHTML, like Gecko; compatible; bingbot/2.0; +http://www.bing.com/bingbot.htm) Chrome/116.0.1938.76 Safari/537.36"
52.167.144.203 - - [04/Dec/2024:15:51:34 +0200] "GET /200yropz7879.html HTTP/1.1" 200 325312 "-" "Mozilla/5.0 AppleWebKit/537.36 (KHTML, like Gecko; compatible; bingbot/2.0; +http://www.bing.com/bingbot.htm) Chrome/116.0.1938.76 Safari/537.36"
157.55.39.196 - - [04/Dec/2024:15:51:55 +0200] "GET /124khgfm46707.html HTTP/1.1" 200 321624 "-" "Mozilla/5.0 AppleWebKit/537.36 (KHTML, like Gecko; compatible; bingbot/2.0; +http://www.bing.com/bingbot.htm) Chrome/116.0.1938.76 Safari/537.36"
52.167.144.203 - - [04/Dec/2024:15:52:14 +0200] "GET /101uyytt15995.html HTTP/1.1" 200 322635 "-" "Mozilla/5.0 AppleWebKit/537.36 (KHTML, like Gecko; compatible; bingbot/2.0; +http://www.bing.com/bingbot.htm) Chrome/116.0.1938.76 Safari/537.36"
40.77.167.4 - - [04/Dec/2024:15:52:57 +0200] "GET /245iwdeo47400.html HTTP/1.1" 200 306770 "-" "Mozilla/5.0 AppleWebKit/537.36 (KHTML, like Gecko; compatible; bingbot/2.0; +http://www.bing.com/bingbot.htm) Chrome/116.0.1938.76 Safari/537.36"
40.77.167.4 - - [04/Dec/2024:15:52:59 +0200] "GET /207qnmpd6535.html HTTP/1.1" 200 322821 "-" "Mozilla/5.0 AppleWebKit/537.36 (KHTML, like Gecko; compatible; bingbot/2.0; +http://www.bing.com/bingbot.htm) Chrome/116.0.1938.76 Safari/537.36"
40.77.167.4 - - [04/Dec/2024:15:53:04 +0200] "GET /158gmwsi4973.html HTTP/1.1" 200 322057 "-" "Mozilla/5.0 AppleWebKit/537.36 (KHTML, like Gecko; compatible; bingbot/2.0; +http://www.bing.com/bingbot.htm) Chrome/116.0.1938.76 Safari/537.36"
52.167.144.203 - - [04/Dec/2024:15:53:14 +0200] "GET /38elfss48466.html HTTP/1.1" 200 323849 "-" "Mozilla/5.0 AppleWebKit/537.36 (KHTML, like Gecko; compatible; bingbot/2.0; +http://www.bing.com/bingbot.htm) Chrome/116.0.1938.76 Safari/537.36"
138.68.165.221 - - [04/Dec/2024:15:53:39 +0200] "GET / HTTP/1.1" 400 52 "-" "Mozilla/5.0 (X11; Linux x86_64) AppleWebKit/537.36 (KHTML, like Gecko) Chrome/129.0.0.0 Safari/537.36"
138.68.165.221 - - [04/Dec/2024:15:53:40 +0200] "GET /favicon.ico HTTP/1.1" 400 52 "https://autodiscover.changeyourstyles.com/" "Mozilla/5.0 (X11; Linux x86_64) AppleWebKit/537.36 (KHTML, like Gecko) Chrome/129.0.0.0 Safari/537.36"
138.68.165.221 - - [04/Dec/2024:15:53:40 +0200] "GET /ads.txt HTTP/1.1" 400 52 "-" "Mozilla/5.0 (X11; Linux x86_64) AppleWebKit/537.36 (KHTML, like Gecko) Chrome/129.0.0.0 Safari/537.36"
157.55.39.196 - - [04/Dec/2024:15:53:46 +0200] "GET /159mglzc26232.html HTTP/1.1" 200 299083 "-" "Mozilla/5.0 AppleWebKit/537.36 (KHTML, like Gecko; compatible; bingbot/2.0; +http://www.bing.com/bingbot.htm) Chrome/116.0.1938.76 Safari/537.36"
40.77.167.4 - - [04/Dec/2024:15:53:58 +0200] "GET /172kliya27508.html HTTP/1.1" 200 327462 "-" "Mozilla/5.0 AppleWebKit/537.36 (KHTML, like Gecko; compatible; bingbot/2.0; +http://www.bing.com/bingbot.htm) Chrome/116.0.1938.76 Safari/537.36"
40.77.167.4 - - [04/Dec/2024:15:54:18 +0200] "GET /57khjtf21165.html HTTP/1.1" 200 323833 "-" "Mozilla/5.0 AppleWebKit/537.36 (KHTML, like Gecko; compatible; bingbot/2.0; +http://www.bing.com/bingbot.htm) Chrome/116.0.1938.76 Safari/537.36"
157.55.39.196 - - [04/Dec/2024:15:54:26 +0200] "GET /240oqrbd25678.html HTTP/1.1" 200 330450 "-" "Mozilla/5.0 AppleWebKit/537.36 (KHTML, like Gecko; compatible; bingbot/2.0; +http://www.bing.com/bingbot.htm) Chrome/116.0.1938.76 Safari/537.36"
66.249.77.5 - - [04/Dec/2024:15:54:31 +0200] "GET /supply256/5zkp9-6922/ HTTP/1.1" 200 305494 "-" "Mozilla/5.0 (Linux; Android 6.0.1; Nexus 5X Build/MMB29P) AppleWebKit/537.36 (KHTML, like Gecko) Chrome/131.0.6778.69 Mobile Safari/537.36 (compatible; Googlebot/2.1; +http://www.google.com/bot.html)"
40.77.167.4 - - [04/Dec/2024:15:54:37 +0200] "GET /87mtlrv35075.html HTTP/1.1" 200 325751 "-" "Mozilla/5.0 AppleWebKit/537.36 (KHTML, like Gecko; compatible; bingbot/2.0; +http://www.bing.com/bingbot.htm) Chrome/116.0.1938.76 Safari/537.36"
52.167.144.203 - - [04/Dec/2024:15:55:03 +0200] "GET /49jxysn25138.html HTTP/1.1" 200 322979 "-" "Mozilla/5.0 AppleWebKit/537.36 (KHTML, like Gecko; compatible; bingbot/2.0; +http://www.bing.com/bingbot.htm) Chrome/116.0.1938.76 Safari/537.36"
40.77.167.4 - - [04/Dec/2024:15:55:38 +0200] "GET /39lbves27340.html HTTP/1.1" 200 328343 "-" "Mozilla/5.0 AppleWebKit/537.36 (KHTML, like Gecko; compatible; bingbot/2.0; +http://www.bing.com/bingbot.htm) Chrome/116.0.1938.76 Safari/537.36"
40.77.167.4 - - [04/Dec/2024:15:55:40 +0200] "GET /66amcqb7087.html HTTP/1.1" 200 322995 "-" "Mozilla/5.0 AppleWebKit/537.36 (KHTML, like Gecko; compatible; bingbot/2.0; +http://www.bing.com/bingbot.htm) Chrome/116.0.1938.76 Safari/537.36"
66.249.77.6 - - [04/Dec/2024:15:56:01 +0200] "GET /trim83/jmtf9-35768/ HTTP/1.1" 200 304124 "-" "Mozilla/5.0 (compatible; Googlebot/2.1; +http://www.google.com/bot.html)"
66.249.72.171 - - [04/Dec/2024:15:56:03 +0200] "GET /robots.txt HTTP/1.1" 200 618 "-" "Mozilla/5.0 (compatible; Googlebot/2.1; +http://www.google.com/bot.html)"
52.167.144.203 - - [04/Dec/2024:15:56:13 +0200] "GET /37imixz2387.html HTTP/1.1" 200 326396 "-" "Mozilla/5.0 AppleWebKit/537.36 (KHTML, like Gecko; compatible; bingbot/2.0; +http://www.bing.com/bingbot.htm) Chrome/116.0.1938.76 Safari/537.36"
40.77.167.4 - - [04/Dec/2024:15:56:18 +0200] "GET /50zqsle23966.html HTTP/1.1" 200 323475 "-" "Mozilla/5.0 AppleWebKit/537.36 (KHTML, like Gecko; compatible; bingbot/2.0; +http://www.bing.com/bingbot.htm) Chrome/116.0.1938.76 Safari/537.36"
52.167.144.203 - - [04/Dec/2024:15:56:34 +0200] "GET /155znyrn18049.html HTTP/1.1" 200 328998 "-" "Mozilla/5.0 AppleWebKit/537.36 (KHTML, like Gecko; compatible; bingbot/2.0; +http://www.bing.com/bingbot.htm) Chrome/116.0.1938.76 Safari/537.36"
157.55.39.196 - - [04/Dec/2024:15:57:15 +0200] "GET /99tylzb34059.html HTTP/1.1" 200 328205 "-" "Mozilla/5.0 AppleWebKit/537.36 (KHTML, like Gecko; compatible; bingbot/2.0; +http://www.bing.com/bingbot.htm) Chrome/116.0.1938.76 Safari/537.36"
66.249.77.5 - - [04/Dec/2024:15:57:28 +0200] "GET /99vdvwr476.html HTTP/1.1" 200 326318 "-" "Mozilla/5.0 (Linux; Android 6.0.1; Nexus 5X Build/MMB29P) AppleWebKit/537.36 (KHTML, like Gecko) Chrome/131.0.6778.69 Mobile Safari/537.36 (compatible; Googlebot/2.1; +http://www.google.com/bot.html)"
52.167.144.203 - - [04/Dec/2024:15:57:33 +0200] "GET /11cfysc4567.html HTTP/1.1" 200 300454 "-" "Mozilla/5.0 AppleWebKit/537.36 (KHTML, like Gecko; compatible; bingbot/2.0; +http://www.bing.com/bingbot.htm) Chrome/116.0.1938.76 Safari/537.36"
207.46.13.6 - - [04/Dec/2024:15:57:47 +0200] "GET /69rklum19583.html HTTP/1.1" 200 319015 "-" "Mozilla/5.0 AppleWebKit/537.36 (KHTML, like Gecko; compatible; bingbot/2.0; +http://www.bing.com/bingbot.htm) Chrome/116.0.1938.76 Safari/537.36"
66.249.72.170 - - [04/Dec/2024:15:58:03 +0200] "GET /implementation8/j3n7t-15692/ HTTP/1.1" 200 314009 "-" "Mozilla/5.0 (Linux; Android 6.0.1; Nexus 5X Build/MMB29P) AppleWebKit/537.36 (KHTML, like Gecko) Chrome/131.0.6778.69 Mobile Safari/537.36 (compatible; Googlebot/2.1; +http://www.google.com/bot.html)"
40.77.167.4 - - [04/Dec/2024:15:58:18 +0200] "GET /35tluue44878.html HTTP/1.1" 200 324218 "-" "Mozilla/5.0 AppleWebKit/537.36 (KHTML, like Gecko; compatible; bingbot/2.0; +http://www.bing.com/bingbot.htm) Chrome/116.0.1938.76 Safari/537.36"
207.46.13.6 - - [04/Dec/2024:15:58:36 +0200] "GET /51dmqsi22285.html HTTP/1.1" 200 328615 "-" "Mozilla/5.0 AppleWebKit/537.36 (KHTML, like Gecko; compatible; bingbot/2.0; +http://www.bing.com/bingbot.htm) Chrome/116.0.1938.76 Safari/537.36"
52.167.144.203 - - [04/Dec/2024:15:58:54 +0200] "GET /169zrriz15393.html HTTP/1.1" 200 322708 "-" "Mozilla/5.0 AppleWebKit/537.36 (KHTML, like Gecko; compatible; bingbot/2.0; +http://www.bing.com/bingbot.htm) Chrome/116.0.1938.76 Safari/537.36"
52.167.144.203 - - [04/Dec/2024:15:58:57 +0200] "GET /150dwwrg2653.html HTTP/1.1" 200 306871 "-" "Mozilla/5.0 AppleWebKit/537.36 (KHTML, like Gecko; compatible; bingbot/2.0; +http://www.bing.com/bingbot.htm) Chrome/116.0.1938.76 Safari/537.36"
40.77.167.4 - - [04/Dec/2024:15:58:58 +0200] "GET /130zvsvf24882.html HTTP/1.1" 200 323735 "-" "Mozilla/5.0 AppleWebKit/537.36 (KHTML, like Gecko; compatible; bingbot/2.0; +http://www.bing.com/bingbot.htm) Chrome/116.0.1938.76 Safari/537.36"
52.167.144.180 - - [04/Dec/2024:15:59:38 +0200] "GET /164aiioe47725.html HTTP/1.1" 200 323518 "-" "Mozilla/5.0 AppleWebKit/537.36 (KHTML, like Gecko; compatible; bingbot/2.0; +http://www.bing.com/bingbot.htm) Chrome/116.0.1938.76 Safari/537.36"
52.167.144.180 - - [04/Dec/2024:15:59:58 +0200] "GET /196dtaub20635.html HTTP/1.1" 200 303036 "-" "Mozilla/5.0 AppleWebKit/537.36 (KHTML, like Gecko; compatible; bingbot/2.0; +http://www.bing.com/bingbot.htm) Chrome/116.0.1938.76 Safari/537.36"
52.167.144.180 - - [04/Dec/2024:16:00:00 +0200] "GET /62fmvdm7295.html HTTP/1.1" 200 324857 "-" "Mozilla/5.0 AppleWebKit/537.36 (KHTML, like Gecko; compatible; bingbot/2.0; +http://www.bing.com/bingbot.htm) Chrome/116.0.1938.76 Safari/537.36"
52.167.144.180 - - [04/Dec/2024:16:01:28 +0200] "GET /247qrmaz27451.html HTTP/1.1" 200 325026 "-" "Mozilla/5.0 AppleWebKit/537.36 (KHTML, like Gecko; compatible; bingbot/2.0; +http://www.bing.com/bingbot.htm) Chrome/116.0.1938.76 Safari/537.36"
66.249.77.7 - - [04/Dec/2024:16:01:50 +0200] "GET /shock291/ub2x3-18356/ HTTP/1.1" 200 305953 "-" "Mozilla/5.0 (compatible; Googlebot/2.1; +http://www.google.com/bot.html)"
207.46.13.155 - - [04/Dec/2024:16:02:06 +0200] "GET /235fplnn13875.html HTTP/1.1" 200 322991 "-" "Mozilla/5.0 AppleWebKit/537.36 (KHTML, like Gecko; compatible; bingbot/2.0; +http://www.bing.com/bingbot.htm) Chrome/116.0.1938.76 Safari/537.36"
207.46.13.155 - - [04/Dec/2024:16:02:26 +0200] "GET /260gdvwg34917.html HTTP/1.1" 200 307904 "-" "Mozilla/5.0 AppleWebKit/537.36 (KHTML, like Gecko; compatible; bingbot/2.0; +http://www.bing.com/bingbot.htm) Chrome/116.0.1938.76 Safari/537.36"
52.167.144.180 - - [04/Dec/2024:16:02:30 +0200] "GET /61zxnkt23532.html HTTP/1.1" 200 324672 "-" "Mozilla/5.0 AppleWebKit/537.36 (KHTML, like Gecko; compatible; bingbot/2.0; +http://www.bing.com/bingbot.htm) Chrome/116.0.1938.76 Safari/537.36"
52.167.144.180 - - [04/Dec/2024:16:02:40 +0200] "GET /230nyvvo11802.html HTTP/1.1" 200 306338 "-" "Mozilla/5.0 AppleWebKit/537.36 (KHTML, like Gecko; compatible; bingbot/2.0; +http://www.bing.com/bingbot.htm) Chrome/116.0.1938.76 Safari/537.36"
207.46.13.155 - - [04/Dec/2024:16:02:46 +0200] "GET /167qhwfz46238.html HTTP/1.1" 200 325151 "-" "Mozilla/5.0 AppleWebKit/537.36 (KHTML, like Gecko; compatible; bingbot/2.0; +http://www.bing.com/bingbot.htm) Chrome/116.0.1938.76 Safari/537.36"
52.167.144.145 - - [04/Dec/2024:16:03:19 +0200] "GET /227dusbm32430.html HTTP/1.1" 200 325569 "-" "Mozilla/5.0 AppleWebKit/537.36 (KHTML, like Gecko; compatible; bingbot/2.0; +http://www.bing.com/bingbot.htm) Chrome/116.0.1938.76 Safari/537.36"
207.46.13.155 - - [04/Dec/2024:16:03:37 +0200] "GET /173ukqra12825.html HTTP/1.1" 200 325601 "-" "Mozilla/5.0 AppleWebKit/537.36 (KHTML, like Gecko; compatible; bingbot/2.0; +http://www.bing.com/bingbot.htm) Chrome/116.0.1938.76 Safari/537.36"
207.46.13.155 - - [04/Dec/2024:16:03:40 +0200] "GET /78wmukz14027.html HTTP/1.1" 200 321348 "-" "Mozilla/5.0 AppleWebKit/537.36 (KHTML, like Gecko; compatible; bingbot/2.0; +http://www.bing.com/bingbot.htm) Chrome/116.0.1938.76 Safari/537.36"
52.167.144.180 - - [04/Dec/2024:16:03:49 +0200] "GET /163xdguy32450.html HTTP/1.1" 200 330515 "-" "Mozilla/5.0 AppleWebKit/537.36 (KHTML, like Gecko; compatible; bingbot/2.0; +http://www.bing.com/bingbot.htm) Chrome/116.0.1938.76 Safari/537.36"
66.249.77.6 - - [04/Dec/2024:16:03:51 +0200] "GET /ghost255/9huak-29695/ HTTP/1.1" 200 326859 "-" "Mozilla/5.0 (Linux; Android 6.0.1; Nexus 5X Build/MMB29P) AppleWebKit/537.36 (KHTML, like Gecko) Chrome/131.0.6778.69 Mobile Safari/537.36 (compatible; Googlebot/2.1; +http://www.google.com/bot.html)"
66.249.77.7 - - [04/Dec/2024:16:04:10 +0200] "GET /category/14929/1 HTTP/1.1" 200 320374 "-" "Mozilla/5.0 (compatible; Googlebot/2.1; +http://www.google.com/bot.html)"
52.167.144.183 - - [04/Dec/2024:16:04:25 +0200] "GET /195vatvg3274.html HTTP/1.1" 200 325151 "-" "Mozilla/5.0 AppleWebKit/537.36 (KHTML, like Gecko; compatible; bingbot/2.0; +http://www.bing.com/bingbot.htm) Chrome/116.0.1938.76 Safari/537.36"
52.167.144.183 - - [04/Dec/2024:16:04:27 +0200] "GET /24cbadz21635.html HTTP/1.1" 200 306215 "-" "Mozilla/5.0 AppleWebKit/537.36 (KHTML, like Gecko; compatible; bingbot/2.0; +http://www.bing.com/bingbot.htm) Chrome/116.0.1938.76 Safari/537.36"
207.46.13.155 - - [04/Dec/2024:16:04:56 +0200] "GET /246jabka12645.html HTTP/1.1" 200 301633 "-" "Mozilla/5.0 AppleWebKit/537.36 (KHTML, like Gecko; compatible; bingbot/2.0; +http://www.bing.com/bingbot.htm) Chrome/116.0.1938.76 Safari/537.36"
207.46.13.155 - - [04/Dec/2024:16:04:59 +0200] "GET /158mafvp3501.html HTTP/1.1" 200 324427 "-" "Mozilla/5.0 AppleWebKit/537.36 (KHTML, like Gecko; compatible; bingbot/2.0; +http://www.bing.com/bingbot.htm) Chrome/116.0.1938.76 Safari/537.36"
52.167.144.183 - - [04/Dec/2024:16:05:06 +0200] "GET /4qvnhs912.html HTTP/1.1" 200 326813 "-" "Mozilla/5.0 AppleWebKit/537.36 (KHTML, like Gecko; compatible; bingbot/2.0; +http://www.bing.com/bingbot.htm) Chrome/116.0.1938.76 Safari/537.36"
52.167.144.145 - - [04/Dec/2024:16:05:38 +0200] "GET /47vcsug49090.html HTTP/1.1" 200 309206 "-" "Mozilla/5.0 AppleWebKit/537.36 (KHTML, like Gecko; compatible; bingbot/2.0; +http://www.bing.com/bingbot.htm) Chrome/116.0.1938.76 Safari/537.36"
52.167.144.180 - - [04/Dec/2024:16:05:48 +0200] "GET /95kjqyg15769.html HTTP/1.1" 200 323877 "-" "Mozilla/5.0 AppleWebKit/537.36 (KHTML, like Gecko; compatible; bingbot/2.0; +http://www.bing.com/bingbot.htm) Chrome/116.0.1938.76 Safari/537.36"
157.55.39.57 - - [04/Dec/2024:16:05:48 +0200] "GET /42pxamm48520.html HTTP/1.1" 200 307513 "-" "Mozilla/5.0 AppleWebKit/537.36 (KHTML, like Gecko; compatible; bingbot/2.0; +http://www.bing.com/bingbot.htm) Chrome/116.0.1938.76 Safari/537.36"
207.46.13.155 - - [04/Dec/2024:16:06:06 +0200] "GET /149fvqxt26519.html HTTP/1.1" 200 321713 "-" "Mozilla/5.0 AppleWebKit/537.36 (KHTML, like Gecko; compatible; bingbot/2.0; +http://www.bing.com/bingbot.htm) Chrome/116.0.1938.76 Safari/537.36"
52.167.144.180 - - [04/Dec/2024:16:06:19 +0200] "GET /276kuire30890.html HTTP/1.1" 200 326626 "-" "Mozilla/5.0 AppleWebKit/537.36 (KHTML, like Gecko; compatible; bingbot/2.0; +http://www.bing.com/bingbot.htm) Chrome/116.0.1938.76 Safari/537.36"
52.167.144.180 - - [04/Dec/2024:16:06:21 +0200] "GET /37sfahi20158.html HTTP/1.1" 200 330143 "-" "Mozilla/5.0 AppleWebKit/537.36 (KHTML, like Gecko; compatible; bingbot/2.0; +http://www.bing.com/bingbot.htm) Chrome/116.0.1938.76 Safari/537.36"
66.249.77.7 - - [04/Dec/2024:16:06:30 +0200] "GET /2tyehv657.html HTTP/1.1" 200 304606 "-" "Mozilla/5.0 (Linux; Android 6.0.1; Nexus 5X Build/MMB29P) AppleWebKit/537.36 (KHTML, like Gecko) Chrome/131.0.6778.69 Mobile Safari/537.36 (compatible; Googlebot/2.1; +http://www.google.com/bot.html)"
52.167.144.180 - - [04/Dec/2024:16:06:38 +0200] "GET /category/111_4098_4099_4100/1 HTTP/1.1" 200 420924 "-" "Mozilla/5.0 AppleWebKit/537.36 (KHTML, like Gecko; compatible; bingbot/2.0; +http://www.bing.com/bingbot.htm) Chrome/116.0.1938.76 Safari/537.36"
66.249.77.5 - - [04/Dec/2024:16:06:47 +0200] "GET /80evxbj960.html HTTP/1.1" 200 331906 "-" "Mozilla/5.0 (Linux; Android 6.0.1; Nexus 5X Build/MMB29P) AppleWebKit/537.36 (KHTML, like Gecko) Chrome/131.0.6778.69 Mobile Safari/537.36 (compatible; Googlebot/2.1; +http://www.google.com/bot.html)"
207.46.13.155 - - [04/Dec/2024:16:07:05 +0200] "GET /233cvrmy25881.html HTTP/1.1" 200 327060 "-" "Mozilla/5.0 AppleWebKit/537.36 (KHTML, like Gecko; compatible; bingbot/2.0; +http://www.bing.com/bingbot.htm) Chrome/116.0.1938.76 Safari/537.36"
157.55.39.57 - - [04/Dec/2024:16:07:07 +0200] "GET /79rophb8705.html HTTP/1.1" 200 304986 "-" "Mozilla/5.0 AppleWebKit/537.36 (KHTML, like Gecko; compatible; bingbot/2.0; +http://www.bing.com/bingbot.htm) Chrome/116.0.1938.76 Safari/537.36"
207.46.13.155 - - [04/Dec/2024:16:07:08 +0200] "GET /136bhjoj27211.html HTTP/1.1" 200 323413 "-" "Mozilla/5.0 AppleWebKit/537.36 (KHTML, like Gecko; compatible; bingbot/2.0; +http://www.bing.com/bingbot.htm) Chrome/116.0.1938.76 Safari/537.36"
207.46.13.155 - - [04/Dec/2024:16:07:10 +0200] "GET /212jpwzu48338.html HTTP/1.1" 200 330240 "-" "Mozilla/5.0 AppleWebKit/537.36 (KHTML, like Gecko; compatible; bingbot/2.0; +http://www.bing.com/bingbot.htm) Chrome/116.0.1938.76 Safari/537.36"
52.167.144.183 - - [04/Dec/2024:16:07:25 +0200] "GET /268wuruu19283.html HTTP/1.1" 200 330747 "-" "Mozilla/5.0 AppleWebKit/537.36 (KHTML, like Gecko; compatible; bingbot/2.0; +http://www.bing.com/bingbot.htm) Chrome/116.0.1938.76 Safari/537.36"
40.77.167.254 - - [04/Dec/2024:16:07:25 +0200] "GET /213zelxk39416.html HTTP/1.1" 200 325051 "-" "Mozilla/5.0 AppleWebKit/537.36 (KHTML, like Gecko; compatible; bingbot/2.0; +http://www.bing.com/bingbot.htm) Chrome/116.0.1938.76 Safari/537.36"
207.46.13.155 - - [04/Dec/2024:16:07:47 +0200] "GET /271qdohy30256.html HTTP/1.1" 200 322316 "-" "Mozilla/5.0 AppleWebKit/537.36 (KHTML, like Gecko; compatible; bingbot/2.0; +http://www.bing.com/bingbot.htm) Chrome/116.0.1938.76 Safari/537.36"
207.46.13.155 - - [04/Dec/2024:16:07:50 +0200] "GET /31bvdtk12407.html HTTP/1.1" 200 325497 "-" "Mozilla/5.0 AppleWebKit/537.36 (KHTML, like Gecko; compatible; bingbot/2.0; +http://www.bing.com/bingbot.htm) Chrome/116.0.1938.76 Safari/537.36"
52.167.144.180 - - [04/Dec/2024:16:07:52 +0200] "GET /226vfypa13916.html HTTP/1.1" 200 330098 "-" "Mozilla/5.0 AppleWebKit/537.36 (KHTML, like Gecko; compatible; bingbot/2.0; +http://www.bing.com/bingbot.htm) Chrome/116.0.1938.76 Safari/537.36"
52.167.144.180 - - [04/Dec/2024:16:07:54 +0200] "GET /80ovivw30559.html HTTP/1.1" 200 324173 "-" "Mozilla/5.0 AppleWebKit/537.36 (KHTML, like Gecko; compatible; bingbot/2.0; +http://www.bing.com/bingbot.htm) Chrome/116.0.1938.76 Safari/537.36"
52.167.144.145 - - [04/Dec/2024:16:07:59 +0200] "GET /mysterious2/pcctt-17676/ HTTP/1.1" 200 307123 "-" "Mozilla/5.0 AppleWebKit/537.36 (KHTML, like Gecko; compatible; bingbot/2.0; +http://www.bing.com/bingbot.htm) Chrome/116.0.1938.76 Safari/537.36"
66.249.77.5 - - [04/Dec/2024:16:08:11 +0200] "GET /cite149/urlcz-7186/ HTTP/1.1" 200 308765 "-" "Mozilla/5.0 (compatible; Googlebot/2.1; +http://www.google.com/bot.html)"
52.167.144.183 - - [04/Dec/2024:16:08:26 +0200] "GET /134iovkb41901.html HTTP/1.1" 200 322527 "-" "Mozilla/5.0 AppleWebKit/537.36 (KHTML, like Gecko; compatible; bingbot/2.0; +http://www.bing.com/bingbot.htm) Chrome/116.0.1938.76 Safari/537.36"
52.167.144.180 - - [04/Dec/2024:16:08:28 +0200] "GET /35usrro48426.html HTTP/1.1" 200 308498 "-" "Mozilla/5.0 AppleWebKit/537.36 (KHTML, like Gecko; compatible; bingbot/2.0; +http://www.bing.com/bingbot.htm) Chrome/116.0.1938.76 Safari/537.36"
207.46.13.155 - - [04/Dec/2024:16:08:28 +0200] "GET /222alnpc571.html HTTP/1.1" 200 321912 "-" "Mozilla/5.0 AppleWebKit/537.36 (KHTML, like Gecko; compatible; bingbot/2.0; +http://www.bing.com/bingbot.htm) Chrome/116.0.1938.76 Safari/537.36"
207.46.13.155 - - [04/Dec/2024:16:08:30 +0200] "GET /126zbyhs11966.html HTTP/1.1" 200 326976 "-" "Mozilla/5.0 AppleWebKit/537.36 (KHTML, like Gecko; compatible; bingbot/2.0; +http://www.bing.com/bingbot.htm) Chrome/116.0.1938.76 Safari/537.36"
207.46.13.155 - - [04/Dec/2024:16:08:32 +0200] "GET /102suqub10218.html HTTP/1.1" 200 305439 "-" "Mozilla/5.0 AppleWebKit/537.36 (KHTML, like Gecko; compatible; bingbot/2.0; +http://www.bing.com/bingbot.htm) Chrome/116.0.1938.76 Safari/537.36"
52.167.144.180 - - [04/Dec/2024:16:08:39 +0200] "GET /148shxkd35478.html HTTP/1.1" 200 322132 "-" "Mozilla/5.0 AppleWebKit/537.36 (KHTML, like Gecko; compatible; bingbot/2.0; +http://www.bing.com/bingbot.htm) Chrome/116.0.1938.76 Safari/537.36"
52.167.144.180 - - [04/Dec/2024:16:08:41 +0200] "GET /165orhlw2824.html HTTP/1.1" 200 328413 "-" "Mozilla/5.0 AppleWebKit/537.36 (KHTML, like Gecko; compatible; bingbot/2.0; +http://www.bing.com/bingbot.htm) Chrome/116.0.1938.76 Safari/537.36"
52.167.144.145 - - [04/Dec/2024:16:08:49 +0200] "GET /13hpypv44318.html HTTP/1.1" 200 303858 "-" "Mozilla/5.0 AppleWebKit/537.36 (KHTML, like Gecko; compatible; bingbot/2.0; +http://www.bing.com/bingbot.htm) Chrome/116.0.1938.76 Safari/537.36"
52.167.144.183 - - [04/Dec/2024:16:09:45 +0200] "GET /180vfata13477.html HTTP/1.1" 200 328537 "-" "Mozilla/5.0 AppleWebKit/537.36 (KHTML, like Gecko; compatible; bingbot/2.0; +http://www.bing.com/bingbot.htm) Chrome/116.0.1938.76 Safari/537.36"
66.249.77.6 - - [04/Dec/2024:16:10:06 +0200] "GET /stuff228/nwlsl-7884/ HTTP/1.1" 200 303021 "-" "Mozilla/5.0 (Linux; Android 6.0.1; Nexus 5X Build/MMB29P) AppleWebKit/537.36 (KHTML, like Gecko) Chrome/131.0.6778.69 Mobile Safari/537.36 (compatible; Googlebot/2.1; +http://www.google.com/bot.html)"
52.167.144.180 - - [04/Dec/2024:16:10:10 +0200] "GET /191acgbe39946.html HTTP/1.1" 200 328020 "-" "Mozilla/5.0 AppleWebKit/537.36 (KHTML, like Gecko; compatible; bingbot/2.0; +http://www.bing.com/bingbot.htm) Chrome/116.0.1938.76 Safari/537.36"
66.249.64.108 - - [04/Dec/2024:16:10:22 +0200] "GET /62gvocc837.html HTTP/1.1" 200 328486 "-" "Mozilla/5.0 (Linux; Android 6.0.1; Nexus 5X Build/MMB29P) AppleWebKit/537.36 (KHTML, like Gecko) Chrome/131.0.6778.69 Mobile Safari/537.36 (compatible; Googlebot/2.1; +http://www.google.com/bot.html)"
52.167.144.183 - - [04/Dec/2024:16:10:26 +0200] "GET /32nopqi1720.html HTTP/1.1" 200 321792 "-" "Mozilla/5.0 AppleWebKit/537.36 (KHTML, like Gecko; compatible; bingbot/2.0; +http://www.bing.com/bingbot.htm) Chrome/116.0.1938.76 Safari/537.36"
207.46.13.155 - - [04/Dec/2024:16:10:31 +0200] "GET /221yfgcm41808.html HTTP/1.1" 200 328050 "-" "Mozilla/5.0 AppleWebKit/537.36 (KHTML, like Gecko; compatible; bingbot/2.0; +http://www.bing.com/bingbot.htm) Chrome/116.0.1938.76 Safari/537.36"
207.46.13.155 - - [04/Dec/2024:16:11:08 +0200] "GET /121lmsyc25386.html HTTP/1.1" 200 322375 "-" "Mozilla/5.0 AppleWebKit/537.36 (KHTML, like Gecko; compatible; bingbot/2.0; +http://www.bing.com/bingbot.htm) Chrome/116.0.1938.76 Safari/537.36"
52.167.144.183 - - [04/Dec/2024:16:11:15 +0200] "GET /170bsrcs28866.html HTTP/1.1" 200 324065 "-" "Mozilla/5.0 AppleWebKit/537.36 (KHTML, like Gecko; compatible; bingbot/2.0; +http://www.bing.com/bingbot.htm) Chrome/116.0.1938.76 Safari/537.36"
66.249.77.6 - - [04/Dec/2024:16:11:37 +0200] "GET /41xkzed162.html HTTP/1.1" 200 326007 "-" "Mozilla/5.0 (Linux; Android 6.0.1; Nexus 5X Build/MMB29P) AppleWebKit/537.36 (KHTML, like Gecko) Chrome/131.0.6778.69 Mobile Safari/537.36 (compatible; Googlebot/2.1; +http://www.google.com/bot.html)"
52.167.144.145 - - [04/Dec/2024:16:12:09 +0200] "GET /138tdued49529.html HTTP/1.1" 200 324545 "-" "Mozilla/5.0 AppleWebKit/537.36 (KHTML, like Gecko; compatible; bingbot/2.0; +http://www.bing.com/bingbot.htm) Chrome/116.0.1938.76 Safari/537.36"
52.167.144.145 - - [04/Dec/2024:16:12:11 +0200] "GET /rapid128/bp43y-26043/ HTTP/1.1" 200 325806 "-" "Mozilla/5.0 AppleWebKit/537.36 (KHTML, like Gecko; compatible; bingbot/2.0; +http://www.bing.com/bingbot.htm) Chrome/116.0.1938.76 Safari/537.36"
52.167.144.183 - - [04/Dec/2024:16:12:15 +0200] "GET /36vmkyy49711.html HTTP/1.1" 200 323936 "-" "Mozilla/5.0 AppleWebKit/537.36 (KHTML, like Gecko; compatible; bingbot/2.0; +http://www.bing.com/bingbot.htm) Chrome/116.0.1938.76 Safari/537.36"
157.55.39.204 - - [04/Dec/2024:16:12:17 +0200] "GET /92ypqyc22670.html HTTP/1.1" 200 303786 "-" "Mozilla/5.0 AppleWebKit/537.36 (KHTML, like Gecko; compatible; bingbot/2.0; +http://www.bing.com/bingbot.htm) Chrome/116.0.1938.76 Safari/537.36"
52.167.144.145 - - [04/Dec/2024:16:12:30 +0200] "GET /171kikxx27925.html HTTP/1.1" 200 323235 "-" "Mozilla/5.0 AppleWebKit/537.36 (KHTML, like Gecko; compatible; bingbot/2.0; +http://www.bing.com/bingbot.htm) Chrome/116.0.1938.76 Safari/537.36"
52.167.144.145 - - [04/Dec/2024:16:12:32 +0200] "GET /158mjmnp5885.html HTTP/1.1" 200 326725 "-" "Mozilla/5.0 AppleWebKit/537.36 (KHTML, like Gecko; compatible; bingbot/2.0; +http://www.bing.com/bingbot.htm) Chrome/116.0.1938.76 Safari/537.36"
66.249.77.6 - - [04/Dec/2024:16:12:57 +0200] "GET /spray122/y4csx-19496/ HTTP/1.1" 200 331406 "-" "Mozilla/5.0 (compatible; Googlebot/2.1; +http://www.google.com/bot.html)"
52.167.144.183 - - [04/Dec/2024:16:13:05 +0200] "GET /291runpv14303.html HTTP/1.1" 200 322269 "-" "Mozilla/5.0 AppleWebKit/537.36 (KHTML, like Gecko; compatible; bingbot/2.0; +http://www.bing.com/bingbot.htm) Chrome/116.0.1938.76 Safari/537.36"
207.46.13.54 - - [04/Dec/2024:16:13:10 +0200] "GET /99mvzky11401.html HTTP/1.1" 200 326650 "-" "Mozilla/5.0 AppleWebKit/537.36 (KHTML, like Gecko; compatible; bingbot/2.0; +http://www.bing.com/bingbot.htm) Chrome/116.0.1938.76 Safari/537.36"
40.77.167.23 - - [04/Dec/2024:16:13:31 +0200] "GET /35ztsve14580.html HTTP/1.1" 200 322656 "-" "Mozilla/5.0 AppleWebKit/537.36 (KHTML, like Gecko; compatible; bingbot/2.0; +http://www.bing.com/bingbot.htm) Chrome/116.0.1938.76 Safari/537.36"
52.167.144.145 - - [04/Dec/2024:16:13:50 +0200] "GET /213cwreo18650.html HTTP/1.1" 200 322476 "-" "Mozilla/5.0 AppleWebKit/537.36 (KHTML, like Gecko; compatible; bingbot/2.0; +http://www.bing.com/bingbot.htm) Chrome/116.0.1938.76 Safari/537.36"
40.77.167.254 - - [04/Dec/2024:16:13:56 +0200] "GET /262ummeh11513.html HTTP/1.1" 200 325308 "-" "Mozilla/5.0 AppleWebKit/537.36 (KHTML, like Gecko; compatible; bingbot/2.0; +http://www.bing.com/bingbot.htm) Chrome/116.0.1938.76 Safari/537.36"
207.46.13.54 - - [04/Dec/2024:16:14:06 +0200] "GET /262ertgt49085.html HTTP/1.1" 200 325058 "-" "Mozilla/5.0 AppleWebKit/537.36 (KHTML, like Gecko; compatible; bingbot/2.0; +http://www.bing.com/bingbot.htm) Chrome/116.0.1938.76 Safari/537.36"
52.167.144.145 - - [04/Dec/2024:16:14:10 +0200] "GET /173owrtc19041.html HTTP/1.1" 200 322669 "-" "Mozilla/5.0 AppleWebKit/537.36 (KHTML, like Gecko; compatible; bingbot/2.0; +http://www.bing.com/bingbot.htm) Chrome/116.0.1938.76 Safari/537.36"
52.167.144.145 - - [04/Dec/2024:16:14:30 +0200] "GET /71jwadq41130.html HTTP/1.1" 200 326449 "-" "Mozilla/5.0 AppleWebKit/537.36 (KHTML, like Gecko; compatible; bingbot/2.0; +http://www.bing.com/bingbot.htm) Chrome/116.0.1938.76 Safari/537.36"
66.249.77.6 - - [04/Dec/2024:16:14:46 +0200] "GET /most297/6h3u0-7677/ HTTP/1.1" 200 300850 "-" "Mozilla/5.0 (compatible; Googlebot/2.1; +http://www.google.com/bot.html)"
66.249.77.5 - - [04/Dec/2024:16:17:02 +0200] "GET /Japanese147/az8h9-48732/ HTTP/1.1" 200 321359 "-" "Mozilla/5.0 (Linux; Android 6.0.1; Nexus 5X Build/MMB29P) AppleWebKit/537.36 (KHTML, like Gecko) Chrome/131.0.6778.69 Mobile Safari/537.36 (compatible; Googlebot/2.1; +http://www.google.com/bot.html)"
52.167.144.145 - - [04/Dec/2024:16:17:09 +0200] "GET /205exyov13559.html HTTP/1.1" 200 304785 "-" "Mozilla/5.0 AppleWebKit/537.36 (KHTML, like Gecko; compatible; bingbot/2.0; +http://www.bing.com/bingbot.htm) Chrome/116.0.1938.76 Safari/537.36"
52.167.144.193 - - [04/Dec/2024:16:17:36 +0200] "GET /handsome128/im2fj-48750/ HTTP/1.1" 200 327386 "-" "Mozilla/5.0 AppleWebKit/537.36 (KHTML, like Gecko; compatible; bingbot/2.0; +http://www.bing.com/bingbot.htm) Chrome/116.0.1938.76 Safari/537.36"
66.249.77.5 - - [04/Dec/2024:16:17:54 +0200] "GET /39eiupx136.html HTTP/1.1" 200 330460 "-" "Mozilla/5.0 (Linux; Android 6.0.1; Nexus 5X Build/MMB29P) AppleWebKit/537.36 (KHTML, like Gecko) Chrome/131.0.6778.69 Mobile Safari/537.36 (compatible; Googlebot/2.1; +http://www.google.com/bot.html)"
52.167.144.213 - - [04/Dec/2024:16:20:36 +0200] "GET /170rthak26839.html HTTP/1.1" 200 325047 "-" "Mozilla/5.0 AppleWebKit/537.36 (KHTML, like Gecko; compatible; bingbot/2.0; +http://www.bing.com/bingbot.htm) Chrome/116.0.1938.76 Safari/537.36"
52.167.144.213 - - [04/Dec/2024:16:20:55 +0200] "GET /parish115/io4h5-21796/ HTTP/1.1" 200 323390 "-" "Mozilla/5.0 AppleWebKit/537.36 (KHTML, like Gecko; compatible; bingbot/2.0; +http://www.bing.com/bingbot.htm) Chrome/116.0.1938.76 Safari/537.36"
52.167.144.213 - - [04/Dec/2024:16:21:37 +0200] "GET /215fevlf13556.html HTTP/1.1" 200 322624 "-" "Mozilla/5.0 AppleWebKit/537.36 (KHTML, like Gecko; compatible; bingbot/2.0; +http://www.bing.com/bingbot.htm) Chrome/116.0.1938.76 Safari/537.36"
40.77.167.25 - - [04/Dec/2024:16:21:42 +0200] "GET /294kjopw8034.html HTTP/1.1" 200 325493 "-" "Mozilla/5.0 AppleWebKit/537.36 (KHTML, like Gecko; compatible; bingbot/2.0; +http://www.bing.com/bingbot.htm) Chrome/116.0.1938.76 Safari/537.36"
40.77.167.25 - - [04/Dec/2024:16:21:43 +0200] "GET /156lijzu18490.html HTTP/1.1" 200 322105 "-" "Mozilla/5.0 AppleWebKit/537.36 (KHTML, like Gecko; compatible; bingbot/2.0; +http://www.bing.com/bingbot.htm) Chrome/116.0.1938.76 Safari/537.36"
40.77.167.25 - - [04/Dec/2024:16:21:50 +0200] "GET /predict272/ijoxh-41993/ HTTP/1.1" 200 327126 "-" "Mozilla/5.0 AppleWebKit/537.36 (KHTML, like Gecko; compatible; bingbot/2.0; +http://www.bing.com/bingbot.htm) Chrome/116.0.1938.76 Safari/537.36"
52.167.144.213 - - [04/Dec/2024:16:21:57 +0200] "GET /136dcdxu17282.html HTTP/1.1" 200 324732 "-" "Mozilla/5.0 AppleWebKit/537.36 (KHTML, like Gecko; compatible; bingbot/2.0; +http://www.bing.com/bingbot.htm) Chrome/116.0.1938.76 Safari/537.36"
52.167.144.213 - - [04/Dec/2024:16:22:17 +0200] "GET /66ikllx506.html HTTP/1.1" 200 326536 "-" "Mozilla/5.0 AppleWebKit/537.36 (KHTML, like Gecko; compatible; bingbot/2.0; +http://www.bing.com/bingbot.htm) Chrome/116.0.1938.76 Safari/537.36"
52.167.144.213 - - [04/Dec/2024:16:22:56 +0200] "GET /72pejno29715.html HTTP/1.1" 200 324485 "-" "Mozilla/5.0 AppleWebKit/537.36 (KHTML, like Gecko; compatible; bingbot/2.0; +http://www.bing.com/bingbot.htm) Chrome/116.0.1938.76 Safari/537.36"
52.167.144.213 - - [04/Dec/2024:16:22:58 +0200] "GET /202ddgjj1012.html HTTP/1.1" 200 322984 "-" "Mozilla/5.0 AppleWebKit/537.36 (KHTML, like Gecko; compatible; bingbot/2.0; +http://www.bing.com/bingbot.htm) Chrome/116.0.1938.76 Safari/537.36"
52.167.144.213 - - [04/Dec/2024:16:23:00 +0200] "GET /267myhqi49434.html HTTP/1.1" 200 323544 "-" "Mozilla/5.0 AppleWebKit/537.36 (KHTML, like Gecko; compatible; bingbot/2.0; +http://www.bing.com/bingbot.htm) Chrome/116.0.1938.76 Safari/537.36"
52.167.144.213 - - [04/Dec/2024:16:23:16 +0200] "GET /136uodek4064.html HTTP/1.1" 200 325578 "-" "Mozilla/5.0 AppleWebKit/537.36 (KHTML, like Gecko; compatible; bingbot/2.0; +http://www.bing.com/bingbot.htm) Chrome/116.0.1938.76 Safari/537.36"
52.167.144.213 - - [04/Dec/2024:16:23:18 +0200] "GET /166luzby21752.html HTTP/1.1" 200 325621 "-" "Mozilla/5.0 AppleWebKit/537.36 (KHTML, like Gecko; compatible; bingbot/2.0; +http://www.bing.com/bingbot.htm) Chrome/116.0.1938.76 Safari/537.36"
40.77.167.157 - - [04/Dec/2024:16:24:17 +0200] "GET /200hseud5244.html HTTP/1.1" 200 330927 "-" "Mozilla/5.0 AppleWebKit/537.36 (KHTML, like Gecko; compatible; bingbot/2.0; +http://www.bing.com/bingbot.htm) Chrome/116.0.1938.76 Safari/537.36"
40.77.167.25 - - [04/Dec/2024:16:24:22 +0200] "GET /16uflcw18534.html HTTP/1.1" 200 302533 "-" "Mozilla/5.0 AppleWebKit/537.36 (KHTML, like Gecko; compatible; bingbot/2.0; +http://www.bing.com/bingbot.htm) Chrome/116.0.1938.76 Safari/537.36"
66.249.77.6 - - [04/Dec/2024:16:24:25 +0200] "GET /extent281/w2nx3-6613/ HTTP/1.1" 200 328946 "-" "Mozilla/5.0 (Linux; Android 6.0.1; Nexus 5X Build/MMB29P) AppleWebKit/537.36 (KHTML, like Gecko) Chrome/131.0.6778.69 Mobile Safari/537.36 (compatible; Googlebot/2.1; +http://www.google.com/bot.html)"
40.77.167.25 - - [04/Dec/2024:16:24:59 +0200] "GET /96rsasj21643.html HTTP/1.1" 200 318465 "-" "Mozilla/5.0 AppleWebKit/537.36 (KHTML, like Gecko; compatible; bingbot/2.0; +http://www.bing.com/bingbot.htm) Chrome/116.0.1938.76 Safari/537.36"
40.77.167.25 - - [04/Dec/2024:16:25:01 +0200] "GET /100gzwzy36610.html HTTP/1.1" 200 303086 "-" "Mozilla/5.0 AppleWebKit/537.36 (KHTML, like Gecko; compatible; bingbot/2.0; +http://www.bing.com/bingbot.htm) Chrome/116.0.1938.76 Safari/537.36"
66.249.77.7 - - [04/Dec/2024:16:25:10 +0200] "GET /33cdpui232.html HTTP/1.1" 200 326036 "-" "Mozilla/5.0 (Linux; Android 6.0.1; Nexus 5X Build/MMB29P) AppleWebKit/537.36 (KHTML, like Gecko) Chrome/131.0.6778.69 Mobile Safari/537.36 (compatible; Googlebot/2.1; +http://www.google.com/bot.html)"
40.77.167.25 - - [04/Dec/2024:16:25:12 +0200] "GET /113lnjct33636.html HTTP/1.1" 200 322857 "-" "Mozilla/5.0 AppleWebKit/537.36 (KHTML, like Gecko; compatible; bingbot/2.0; +http://www.bing.com/bingbot.htm) Chrome/116.0.1938.76 Safari/537.36"
52.167.144.193 - - [04/Dec/2024:16:25:37 +0200] "GET /83qxtxj48514.html HTTP/1.1" 200 324154 "-" "Mozilla/5.0 AppleWebKit/537.36 (KHTML, like Gecko; compatible; bingbot/2.0; +http://www.bing.com/bingbot.htm) Chrome/116.0.1938.76 Safari/537.36"
52.167.144.193 - - [04/Dec/2024:16:25:39 +0200] "GET /215xicci36353.html HTTP/1.1" 200 327962 "-" "Mozilla/5.0 AppleWebKit/537.36 (KHTML, like Gecko; compatible; bingbot/2.0; +http://www.bing.com/bingbot.htm) Chrome/116.0.1938.76 Safari/537.36"
